04-09 14:59:39.164: I/ActivityManager(961): Config changed: { scale=1.0 imsi=0/0 loc=en_US touch=3 keys=1/1/2 nav=1/1 orien=1(-1) layout=35 uiMode=0 seq=3}
04-09 14:59:40.955: I/WindowManager(961): Setting rotation to 3, animFlags=0
04-09 14:59:40.975: I/ActivityManager(961): Config changed: { scale=1.0 imsi=0/0 loc=en_US touch=3 keys=1/1/2 nav=1/1 orien=2(-1) layout=35 uiMode=0 seq=4}
04-09 14:59:42.990: I/WindowManager(961): Setting rotation to 0, animFlags=0
04-09 14:59:43.010: I/ActivityManager(961): Config changed: { scale=1.0 imsi=0/0 loc=en_US touch=3 keys=1/1/2 nav=1/1 orien=1(-1) layout=35 uiMode=0 seq=5}
04-09 14:59:47.645: D/WifiService(961): ACTION_BATTERY_CHANGED pluggedType: 0
04-09 15:00:17.696: D/WifiService(961): ACTION_BATTERY_CHANGED pluggedType: 0
04-09 15:00:47.701: D/WifiService(961): ACTION_BATTERY_CHANGED pluggedType: 0
04-09 15:01:17.717: D/WifiService(961): ACTION_BATTERY_CHANGED pluggedType: 0
04-09 15:01:47.729: D/WifiService(961): ACTION_BATTERY_CHANGED pluggedType: 0
04-09 15:02:17.739: D/WifiService(961): ACTION_BATTERY_CHANGED pluggedType: 0
04-09 15:02:47.938: D/WifiService(961): ACTION_BATTERY_CHANGED pluggedType: 0
04-09 15:03:17.761: D/WifiService(961): ACTION_BATTERY_CHANGED pluggedType: 0
04-09 15:03:47.785: D/WifiService(961): ACTION_BATTERY_CHANGED pluggedType: 0
04-09 15:04:11.549: D/WifiService(961): ACTION_SCREEN_OFF
04-09 15:04:11.582: D/WifiService(961): setting ACTION_DEVICE_IDLE timer for 900000ms
04-09 15:04:11.631: D/WifiService(961): acquireWifiLockLocked: WifiLock{DeviceManagerService type=1 binder=android.os.BinderProxy@4a23e110}
04-09 15:04:11.791: D/WifiService(961): releaseWifiLockLocked: WifiLock{DeviceManagerService type=1 binder=android.os.BinderProxy@4a23e110}
04-09 15:04:16.759: D/StatusBar(961): DISABLE_EXPAND: yes
04-09 15:04:16.759: D/StatusBar(961): DISABLE_NOTIFICATION_ICONS: yes
04-09 15:07:33.781: D/WifiService(961): ACTION_SCREEN_ON
04-09 15:07:35.310: D/StatusBar(961): DISABLE_NOTIFICATION_ICONS: no
04-09 15:07:35.795: W/InputManagerService(961): Window already focused, ignoring focus gain of: com.android.internal.view.IInputMethodClient$Stub$Proxy@4a1b5b40
04-09 15:08:03.455: D/WifiService(961): ACTION_BATTERY_CHANGED pluggedType: 0
04-09 15:08:09.459: I/ActivityManager(961): Starting activity: Intent { cmp=com.appcelerator.kitchensinknook/org.appcelerator.titanium.TiActivity (has extras) }
04-09 15:08:23.670: I/ActivityManager(961): Starting activity: Intent { cmp=com.appcelerator.kitchensinknook/org.appcelerator.titanium.TiActivity (has extras) }
04-09 15:08:33.459: D/WifiService(961): ACTION_BATTERY_CHANGED pluggedType: 0
04-09 15:08:35.582: I/ActivityManager(961): Starting activity: Intent { cmp=com.appcelerator.kitchensinknook/org.appcelerator.titanium.TiActivity (has extras) }
04-09 15:08:53.199: I/ActivityManager(961): Starting activity: Intent { cmp=com.appcelerator.kitchensinknook/org.appcelerator.titanium.TiActivity (has extras) }
04-09 15:09:03.478: D/WifiService(961): ACTION_BATTERY_CHANGED pluggedType: 0
04-09 15:09:33.496: D/WifiService(961): ACTION_BATTERY_CHANGED pluggedType: 0
04-09 15:09:57.029: D/ConnectivityService(961): ConnectivityChange for WIFI: CONNECTING/OBTAINING_IPADDR
04-09 15:09:57.033: D/ConnectivityService(961): Dropping ConnectivityChange for WIFI: CONNECTING/OBTAINING_IPADDR
04-09 15:09:57.051: E/StatusBarPolicy(961): BN_Notification enabled. Status = 3
04-09 15:09:57.117: E/StatusBarPolicy(961): BN_Notification enabled. Status = 6
04-09 15:09:57.428: D/WifiWatchdogService(961): (android.server.ServerThread) Appcelerator Guests (c0:62:6b:67:1f:e2) does not require the watchdog
04-09 15:09:57.482: D/ConnectivityService(961): ConnectivityChange for WIFI: CONNECTED/CONNECTED
04-09 15:09:57.490: D/ConnectivityService(961): adding dns 66.28.0.45 for WIFI
04-09 15:09:57.490: D/ConnectivityService(961): adding dns 66.28.0.61 for WIFI
04-09 15:09:57.490: D/ConnectivityService(961): adding dns 8.8.8.8 for WIFI
04-09 15:09:57.490: D/ConnectivityService(961): adding dns 8.8.4.4 for WIFI
04-09 15:09:57.506: D/VoldCmdListener(899): share status ums
04-09 15:09:59.047: E/StatusBarPolicy(961): BN_Notification enabled. Status = 2
04-09 15:10:03.668: D/WifiService(961): ACTION_BATTERY_CHANGED pluggedType: 0
04-09 15:10:33.672: D/WifiService(961): ACTION_BATTERY_CHANGED pluggedType: 0
04-09 15:10:56.836: D/WifiService(961): ACTION_SCREEN_OFF
04-09 15:10:56.859: D/WifiService(961): setting ACTION_DEVICE_IDLE timer for 900000ms
04-09 15:10:56.891: D/WifiService(961): acquireWifiLockLocked: WifiLock{DeviceManagerService type=1 binder=android.os.BinderProxy@4a274a50}
04-09 15:10:57.348: D/WifiService(961): releaseWifiLockLocked: WifiLock{DeviceManagerService type=1 binder=android.os.BinderProxy@4a274a50}
04-09 15:11:01.983: D/StatusBar(961): DISABLE_EXPAND: yes
04-09 15:11:01.983: D/StatusBar(961): DISABLE_NOTIFICATION_ICONS: yes
04-09 15:20:22.836: D/WifiService(961): ACTION_SCREEN_ON
04-09 15:20:24.420: D/StatusBar(961): DISABLE_NOTIFICATION_ICONS: no
04-09 15:20:28.617: W/InputManagerService(961): Window already focused, ignoring focus gain of: com.android.internal.view.IInputMethodClient$Stub$Proxy@4a2c7008
04-09 15:20:33.797: I/ActivityManager(961): Starting activity: Intent { cmp=com.appcelerator.kitchensinknook/org.appcelerator.titanium.TiActivity (has extras) }
04-09 15:20:48.398: I/ActivityManager(961): Starting activity: Intent { cmp=com.appcelerator.kitchensinknook/org.appcelerator.titanium.TiActivity (has extras) }
04-09 15:20:51.467: D/WifiService(961): ACTION_BATTERY_CHANGED pluggedType: 0
04-09 15:20:56.672: I/ActivityManager(961): Starting activity: Intent { cmp=com.appcelerator.kitchensinknook/org.appcelerator.titanium.TiActivity (has extras) }
04-09 15:21:04.748: I/ActivityManager(961): Starting activity: Intent { cmp=com.appcelerator.kitchensinknook/org.appcelerator.titanium.TiActivity (has extras) }
04-09 15:21:04.748: I/ActivityManager(961): --------- beginning of /dev/log/main
04-09 15:21:05.627: I/SurfaceFlinger(961): SurfaceFlinger::createSurface() : layer->clientIndex=1, surfaceHandle->mToken=0x1
04-09 15:21:05.686: D/TiUIView(2796): (main) [64,1326887] Nativeview is null
04-09 15:21:05.904: I/ActivityManager(961): Displayed activity com.appcelerator.kitchensinknook/org.appcelerator.titanium.TiActivity: 1144 ms (total 1144 ms)
04-09 15:21:13.109: D/WindowManager(961): interceptKeyTi code=4 down=true repeatCount=0 keyguardOn=false mHomePressed=false
04-09 15:21:13.115: D/WindowManager(961): interceptKeyTi code=4 down=false repeatCount=0 keyguardOn=false mHomePressed=false
04-09 15:21:13.820: I/SurfaceFlinger(961):
04-09 15:21:13.820: I/SurfaceFlinger(961): SurfaceFlinger::createSurface() : layer->mIdentity=155, LayerName= com.appcelerator.kitchensinknook/org.appcelerator.titanium.TiActivity
04-09 15:21:13.820: I/SurfaceFlinger(961): SurfaceFlinger::createSurface() : layer->clientIndex=0, surfaceHandle->mToken=0x0
04-09 15:21:14.080: E/TiBaseActivity(2796): (main) [8395,1335282] Layout cleanup.
04-09 15:21:19.111: I/ActivityManager(961): Starting activity: Intent { cmp=com.appcelerator.kitchensinknook/org.appcelerator.titanium.TiActivity (has extras) }
04-09 15:21:19.139: D/Window(2796): Loading window with URL: ../examples/table_view_section_header.js
04-09 15:21:19.144: D/Module(2796): Loading module: ../examples/table_view_section_header -> Resources/examples/table_view_section_header.js
04-09 15:21:19.359: E/TiAPI(2796): !!!
04-09 15:21:19.359: E/TiAPI(2796): !!! WARNING : Use of unsupported constant Ti.UI.iPhone.TableViewStyle.GROUPED !!!
04-09 15:21:19.359: E/TiAPI(2796): !!!
04-09 15:21:19.410: D/TiUIView(2796): (main) [5330,1340612] Nativeview is null
04-09 15:21:19.414: I/SurfaceFlinger(961):
04-09 15:21:19.414: I/SurfaceFlinger(961): SurfaceFlinger::createSurface() : layer->mIdentity=156, LayerName= com.appcelerator.kitchensinknook/org.appcelerator.titanium.TiActivity
04-09 15:21:19.414: I/SurfaceFlinger(961): SurfaceFlinger::createSurface() : layer->clientIndex=1, surfaceHandle->mToken=0x1
04-09 15:21:19.467: D/TiUIView(2796): (main) [55,1340667] Nativeview is null
04-09 15:21:19.680: I/ActivityManager(961): Displayed activity com.appcelerator.kitchensinknook/org.appcelerator.titanium.TiActivity: 554 ms (total 554 ms)
04-09 15:21:24.246: D/WindowManager(961): interceptKeyTi code=4 down=true repeatCount=0 keyguardOn=false mHomePressed=false
04-09 15:21:24.254: D/WindowManager(961): interceptKeyTi code=4 down=false repeatCount=0 keyguardOn=false mHomePressed=false
04-09 15:21:24.959: I/SurfaceFlinger(961):
04-09 15:21:24.959: I/SurfaceFlinger(961): SurfaceFlinger::createSurface() : layer->mIdentity=157, LayerName= com.appcelerator.kitchensinknook/org.appcelerator.titanium.TiActivity
04-09 15:21:24.959: I/SurfaceFlinger(961): SurfaceFlinger::createSurface() : layer->clientIndex=0, surfaceHandle->mToken=0x0
04-09 15:21:25.203: E/TiBaseActivity(2796): (main) [5737,1346404] Layout cleanup.
04-09 15:21:27.711: I/ActivityManager(961): Starting activity: Intent { cmp=com.appcelerator.kitchensinknook/org.appcelerator.titanium.TiActivity (has extras) }
04-09 15:21:27.728: D/Window(2796): Loading window with URL: ../examples/table_view_api_emptydata.js
04-09 15:21:27.734: D/Module(2796): Loading module: ../examples/table_view_api_emptydata -> Resources/examples/table_view_api_emptydata.js
04-09 15:21:28.053: D/TiUIView(2796): (main) [2850,1349254] Nativeview is null
04-09 15:21:28.057: I/SurfaceFlinger(961):
04-09 15:21:28.057: I/SurfaceFlinger(961): SurfaceFlinger::createSurface() : layer->mIdentity=158, LayerName= com.appcelerator.kitchensinknook/org.appcelerator.titanium.TiActivity
04-09 15:21:28.057: I/SurfaceFlinger(961): SurfaceFlinger::createSurface() : layer->clientIndex=1, surfaceHandle->mToken=0x1
04-09 15:21:28.102: D/TiUIView(2796): (main) [49,1349303] Nativeview is null
04-09 15:21:28.314: I/ActivityManager(961): Displayed activity com.appcelerator.kitchensinknook/org.appcelerator.titanium.TiActivity: 596 ms (total 596 ms)
04-09 15:21:30.838: D/WindowManager(961): interceptKeyTi code=4 down=true repeatCount=0 keyguardOn=false mHomePressed=false
04-09 15:21:30.850: D/WindowManager(961): interceptKeyTi code=4 down=false repeatCount=0 keyguardOn=false mHomePressed=false
04-09 15:21:31.543: I/SurfaceFlinger(961):
04-09 15:21:31.543: I/SurfaceFlinger(961): SurfaceFlinger::createSurface() : layer->mIdentity=159, LayerName= com.appcelerator.kitchensinknook/org.appcelerator.titanium.TiActivity
04-09 15:21:31.543: I/SurfaceFlinger(961): SurfaceFlinger::createSurface() : layer->clientIndex=0, surfaceHandle->mToken=0x0
04-09 15:21:31.805: E/TiBaseActivity(2796): (main) [3702,1353005] Layout cleanup.
04-09 15:21:33.914: I/ActivityManager(961): Starting activity: Intent { cmp=com.appcelerator.kitchensinknook/org.appcelerator.titanium.TiActivity (has extras) }
04-09 15:21:33.930: D/Window(2796): Loading window with URL: ../examples/table_view_row_append.js
04-09 15:21:33.935: D/Module(2796): Loading module: ../examples/table_view_row_append -> Resources/examples/table_view_row_append.js
04-09 15:21:34.201: D/TiUIView(2796): (main) [2397,1355402] Nativeview is null
04-09 15:21:34.205: I/SurfaceFlinger(961):
04-09 15:21:34.205: I/SurfaceFlinger(961): SurfaceFlinger::createSurface() : layer->mIdentity=160, LayerName= com.appcelerator.kitchensinknook/org.appcelerator.titanium.TiActivity
04-09 15:21:34.205: I/SurfaceFlinger(961): SurfaceFlinger::createSurface() : layer->clientIndex=1, surfaceHandle->mToken=0x1
04-09 15:21:34.248: D/TiUIView(2796): (main) [47,1355449] Nativeview is null
04-09 15:21:34.357: D/dalvikvm(2796): GC_FOR_MALLOC freed 27579 objects / 1404688 bytes in 84ms
04-09 15:21:34.549: I/ActivityManager(961): Displayed activity com.appcelerator.kitchensinknook/org.appcelerator.titanium.TiActivity: 629 ms (total 629 ms)
04-09 15:21:51.506: D/WifiService(961): ACTION_BATTERY_CHANGED pluggedType: 0
04-09 15:21:51.619: D/dalvikvm(1181): GC_FOR_MALLOC freed 8530 objects / 532312 bytes in 154ms
04-09 15:21:51.621: D/DeviceManagerBroadcastReceiver(1181): Updated Battery Level: 97
04-09 15:21:51.621: D/DeviceManagerBroadcastReceiver(1181): Action: android.intent.action.BATTERY_CHANGED
04-09 15:21:51.621: D/DeviceManagerBroadcastReceiver(1181): Set Alarm: false
04-09 15:22:21.471: D/DeviceManagerBroadcastReceiver(1181): Updated Battery Level: 97
04-09 15:22:21.471: D/DeviceManagerBroadcastReceiver(1181): Action: android.intent.action.BATTERY_CHANGED
04-09 15:22:21.471: D/DeviceManagerBroadcastReceiver(1181): Set Alarm: false
04-09 15:22:21.496: D/WifiService(961): ACTION_BATTERY_CHANGED pluggedType: 0
04-09 15:22:51.486: D/DeviceManagerBroadcastReceiver(1181): Updated Battery Level: 97
04-09 15:22:51.486: D/DeviceManagerBroadcastReceiver(1181): Action: android.intent.action.BATTERY_CHANGED
04-09 15:22:51.486: D/DeviceManagerBroadcastReceiver(1181): Set Alarm: false
04-09 15:22:51.506: D/WifiService(961): ACTION_BATTERY_CHANGED pluggedType: 0
04-09 15:23:21.492: D/DeviceManagerBroadcastReceiver(1181): Updated Battery Level: 97
04-09 15:23:21.492: D/DeviceManagerBroadcastReceiver(1181): Action: android.intent.action.BATTERY_CHANGED
04-09 15:23:21.492: D/DeviceManagerBroadcastReceiver(1181): Set Alarm: false
04-09 15:23:21.518: D/WifiService(961): ACTION_BATTERY_CHANGED pluggedType: 0
04-09 15:23:31.357: D/dalvikvm(1188): GC_EXPLICIT freed 7 objects / 280 bytes in 74ms
04-09 15:23:33.282: I/power(961): *** set_screen_state 0
04-09 15:23:33.292: E/SurfaceFlinger(961): About to give-up screen, flinger = 0x12c8d8
04-09 15:23:33.293: E/SurfaceFlinger(961): Waiting on mBarrier...
04-09 15:23:33.293: E/SurfaceFlinger(961): Woke up!
04-09 15:23:33.498: D/dalvikvm(961): GC_FOR_MALLOC freed 11597 objects / 580352 bytes in 157ms
04-09 15:23:33.518: D/WifiService(961): ACTION_SCREEN_OFF
04-09 15:23:33.539: D/WifiService(961): setting ACTION_DEVICE_IDLE timer for 900000ms
04-09 15:23:33.568: D/DeviceManagerBroadcastReceiver(1181): action (android.intent.action.SCREEN_OFF)
04-09 15:23:33.568: D/DeviceManagerService(1181): acquireWakelock(): Already have a partial wake lock object!
04-09 15:23:33.570: D/DeviceManagerService(1181): acquireWakelock(): Acquired partial wake lock!
04-09 15:23:33.570: D/DeviceManagerService(1181): acquireWifiWakelock(): Already have a WIFI wake lock object!
04-09 15:23:33.570: D/WifiService(961): acquireWifiLockLocked: WifiLock{DeviceManagerService type=1 binder=android.os.BinderProxy@4a3342e0}
04-09 15:23:33.576: D/DeviceManagerService(1181): acquireWifiWakelock(): Acquired WIFI wake lock!
04-09 15:23:33.576: D/DeviceManagerBroadcastReceiver(1181): Screen Off Action: battery level: 97
04-09 15:23:33.576: D/DeviceManagerProvider(1181): query(): uri (content://com.bn.provider.devicemanagerprovider/registry?notify=false)
04-09 15:23:33.576: D/DeviceManagerProvider(1181): query(): selection (name = 'com.bn.device.system.serial_number')
04-09 15:23:33.576: D/DeviceManagerProvider(1181): query(): selectionArgs (null)
04-09 15:23:33.576: D/DeviceManagerProvider(1181): query(): Product.BN_FEATURE_ROM_TOKENS_ENABLED (true)
04-09 15:23:33.578: D/DeviceManagerProvider(1181): query(): Table (registry)
04-09 15:23:33.578: D/DeviceManagerProvider(1181): Query from ROM Token!
04-09 15:23:33.578: D/DeviceManagerProvider(1181): query(): selection has com.bn.device.system
04-09 15:23:33.578: D/DeviceManagerProvider(1181): query(): name after(com.bn.device.system.serial_number)
04-09 15:23:33.578: D/DeviceManagerProvider(1181): deviceInfoQuery: uri (content://com.bn.provider.devicemanagerprovider/registry?notify=false)
04-09 15:23:33.578: D/DeviceManagerProvider(1181): deviceInfoQuery: name (com.bn.device.system.serial_number)
04-09 15:23:33.578: D/DeviceManagerProvider(1181): deviceInfoQuery: return true
04-09 15:23:33.578: E/DeviceInfo(1181): Calling deviceinfo.getDeviceId
04-09 15:23:33.578: D/DeviceManagerProvider(1181): queryDeviceInfo: value (2013420028302007)
04-09 15:23:33.578: D/DeviceManagerProvider(1181): queryDeviceInfo: Projection size: 1
04-09 15:23:33.582: D/DeviceManagerProvider(1181): queryDeviceInfo: Return value[0]: 2013420028302007
04-09 15:23:33.600: D/DeviceManagerProvider(1181): query(): uri (content://com.bn.provider.devicemanagerprovider/registry?notify=false)
04-09 15:23:33.600: D/DeviceManagerProvider(1181): query(): selection (name = 'com.bn.device.system.build_tag')
04-09 15:23:33.600: D/DeviceManagerProvider(1181): query(): selectionArgs (null)
04-09 15:23:33.600: D/DeviceManagerProvider(1181): query(): Product.BN_FEATURE_ROM_TOKENS_ENABLED (true)
04-09 15:23:33.600: D/DeviceManagerProvider(1181): query(): Table (registry)
04-09 15:23:33.600: D/DeviceManagerProvider(1181): Query from ROM Token!
04-09 15:23:33.600: D/DeviceManagerProvider(1181): query(): selection has com.bn.device.system
04-09 15:23:33.600: D/DeviceManagerProvider(1181): query(): name after(com.bn.device.system.build_tag)
04-09 15:23:33.603: D/DeviceManagerProvider(1181): deviceInfoQuery: uri (content://com.bn.provider.devicemanagerprovider/registry?notify=false)
04-09 15:23:33.603: D/DeviceManagerProvider(1181): deviceInfoQuery: name (com.bn.device.system.build_tag)
04-09 15:23:33.603: D/DeviceManagerProvider(1181): deviceInfoQuery: return false
04-09 15:23:33.613: D/Utils(1181): getRegistryValue(): Name = com.bn.device.system.build_tag Value: 1.4.2.631.int.enc.rrdp.s55096
04-09 15:23:33.617: D/DeviceManagerProvider(1181): query(): uri (content://com.bn.provider.devicemanagerprovider/registry?notify=false)
04-09 15:23:33.617: D/DeviceManagerProvider(1181): query(): selection (name = 'com.bn.device.system.model')
04-09 15:23:33.617: D/DeviceManagerProvider(1181): query(): selectionArgs (null)
04-09 15:23:33.617: D/DeviceManagerProvider(1181): query(): Product.BN_FEATURE_ROM_TOKENS_ENABLED (true)
04-09 15:23:33.617: D/DeviceManagerProvider(1181): query(): Table (registry)
04-09 15:23:33.617: D/DeviceManagerProvider(1181): Query from ROM Token!
04-09 15:23:33.619: D/DeviceManagerProvider(1181): query(): selection has com.bn.device.system
04-09 15:23:33.619: D/DeviceManagerProvider(1181): query(): name after(com.bn.device.system.model)
04-09 15:23:33.619: D/DeviceManagerProvider(1181): deviceInfoQuery: uri (content://com.bn.provider.devicemanagerprovider/registry?notify=false)
04-09 15:23:33.619: D/DeviceManagerProvider(1181): deviceInfoQuery: name (com.bn.device.system.model)
04-09 15:23:33.619: D/DeviceManagerProvider(1181): deviceInfoQuery: return true
04-09 15:23:33.621: D/DeviceManagerProvider(1181): queryDeviceInfo: value (BNRV200)
04-09 15:23:33.621: D/DeviceManagerProvider(1181): queryDeviceInfo: Projection size: 1
04-09 15:23:33.621: D/DeviceManagerProvider(1181): queryDeviceInfo: Return value[0]: BNRV200
04-09 15:23:33.621: D/Utils(1181): getRegistryValue(): Name = com.bn.device.system.model Value: BNRV200
04-09 15:23:33.623: D/DeviceManagerBroadcastReceiver(1181): Sending Message... ({ what=102 when=0 })
04-09 15:23:33.625: D/DeviceManagerProvider(1181): query(): uri (content://com.bn.provider.devicemanagerprovider/registry?notify=false)
04-09 15:23:33.625: D/DeviceManagerProvider(1181): query(): selection (name = 'com.bn.device.fota.mode')
04-09 15:23:33.625: D/DeviceManagerProvider(1181): query(): selectionArgs (null)
04-09 15:23:33.625: D/DeviceManagerProvider(1181): query(): Product.BN_FEATURE_ROM_TOKENS_ENABLED (true)
04-09 15:23:33.625: D/DeviceManagerProvider(1181): query(): Table (registry)
04-09 15:23:33.625: D/DeviceManagerProvider(1181): Query from ROM Token!
04-09 15:23:33.625: D/DeviceManagerProvider(1181): query(): name after()
04-09 15:23:33.625: D/DeviceManagerProvider(1181): deviceInfoQuery: uri (content://com.bn.provider.devicemanagerprovider/registry?notify=false)
04-09 15:23:33.625: D/DeviceManagerProvider(1181): deviceInfoQuery: return false
04-09 15:23:33.627: D/DeviceManagerBroadcastReceiver(1181): Action: android.intent.action.SCREEN_OFF
04-09 15:23:33.627: D/DeviceManagerBroadcastReceiver(1181): Set Alarm: false
04-09 15:23:33.639: D/Utils(1181): getRegistryValue(): Name = com.bn.device.fota.mode Value: auto
04-09 15:23:33.643: D/Utils(1181): FOTA mode: auto
04-09 15:23:33.643: I/DeviceManagerHandler(1181): HandleMessage(): msg.what (102)
04-09 15:23:33.643: D/DeviceManagerService(1181): acquireWifiWakelock(): Already holding a WIFI wake lock object!
04-09 15:23:33.643: D/DeviceManagerProvider(1181): query(): uri (content://com.bn.provider.devicemanagerprovider/registry?notify=false)
04-09 15:23:33.644: D/DeviceManagerProvider(1181): query(): selection (name = 'com.bn.device.fota.mode')
04-09 15:23:33.644: D/DeviceManagerProvider(1181): query(): selectionArgs (null)
04-09 15:23:33.644: D/DeviceManagerProvider(1181): query(): Product.BN_FEATURE_ROM_TOKENS_ENABLED (true)
04-09 15:23:33.644: D/DeviceManagerProvider(1181): query(): Table (registry)
04-09 15:23:33.644: D/DeviceManagerProvider(1181): Query from ROM Token!
04-09 15:23:33.644: D/DeviceManagerProvider(1181): query(): name after()
04-09 15:23:33.644: D/DeviceManagerProvider(1181): deviceInfoQuery: uri (content://com.bn.provider.devicemanagerprovider/registry?notify=false)
04-09 15:23:33.644: D/DeviceManagerProvider(1181): deviceInfoQuery: return false
04-09 15:23:33.652: D/Utils(1181): getRegistryValue(): Name = com.bn.device.fota.mode Value: auto
04-09 15:23:33.654: D/Utils(1181): FOTA mode: auto
04-09 15:23:33.656: D/DeviceManagerHandler(1181): UMS mounted: false
04-09 15:23:33.656: D/DeviceManagerHandler(1181): Screen On: false
04-09 15:23:33.656: I/DeviceManagerHandler(1181): User is not using the device!
04-09 15:23:33.656: D/DeviceManagerHandler(1181): Battery Level: 97
04-09 15:23:33.656: D/Utils(1181): getTaskStatus() Get status task: 102
04-09 15:23:33.656: D/DeviceManagerProvider(1181): query(): uri (content://com.bn.provider.devicemanagerprovider/tasks?notify=false)
04-09 15:23:33.656: D/DeviceManagerProvider(1181): query(): selection (type = '102')
04-09 15:23:33.658: D/DeviceManagerProvider(1181): query(): selectionArgs (null)
04-09 15:23:33.658: D/DeviceManagerProvider(1181): query(): Product.BN_FEATURE_ROM_TOKENS_ENABLED (true)
04-09 15:23:33.658: D/DeviceManagerProvider(1181): query(): Table (tasks)
04-09 15:23:33.664: D/Utils(1181): getTaskStatus() Task: 102 Status: disabled
04-09 15:23:33.666: D/DeviceManagerHandler(1181): HandleMessage(): Not ready to install!
04-09 15:23:33.666: D/DeviceManagerHandler(1181): HandleMessage(): Release wakelock.
04-09 15:23:33.666: D/DeviceManagerService(1181): releaseWifiWakelock(): Start releasing WIFI wake lock!
04-09 15:23:33.668: D/WifiService(961): releaseWifiLockLocked: WifiLock{DeviceManagerService type=1 binder=android.os.BinderProxy@4a3342e0}
04-09 15:23:33.672: D/DeviceManagerService(1181): releaseWifiWakelock(): Released WIFI wake lock!
04-09 15:23:33.674: D/DeviceManagerService(1181): releaseWakelock(): Released wake lock!
04-09 15:23:38.516: D/AccountManagerService(961): bind attempt failed for Session: expectLaunch false, connected false, stats (0/0/0), lifetime 0.0, getAccountsByTypeAndFeatures, saml
04-09 15:23:38.529: D/StatusBar(961): DISABLE_EXPAND: yes
04-09 15:23:38.529: D/StatusBar(961): DISABLE_NOTIFICATION_ICONS: yes
04-09 15:23:38.609: I/SurfaceFlinger(961):
04-09 15:23:38.609: I/SurfaceFlinger(961): SurfaceFlinger::createSurface() : layer->mIdentity=161, LayerName= Keyguard
04-09 15:23:38.609: I/SurfaceFlinger(961): SurfaceFlinger::createSurface() : layer->clientIndex=0, surfaceHandle->mToken=0x0
04-09 15:23:47.781: D/dalvikvm(1116): GC_EXPLICIT freed 110 objects / 5912 bytes in 78ms
04-09 15:30:34.711: D/Email-MailService(1161): no data in intent to restore
04-09 15:30:34.845: D/Email(1161): *** synchronizeMailboxGeneric ***
04-09 15:30:40.668: D/dalvikvm(1161): GC_EXPLICIT freed 2620 objects / 126448 bytes in 93ms
04-09 15:31:00.086: D/skia(961): purging 209K from font cache [15 entries]
04-09 15:34:00.853: D/dalvikvm(961): GC_FOR_MALLOC freed 10608 objects / 467984 bytes in 260ms
04-09 15:38:33.547: D/WifiService(961): got ACTION_DEVICE_IDLE
04-09 15:39:02.437: D/DeviceManagerBroadcastReceiver(1181): Updated Battery Level: 96
04-09 15:39:02.437: D/DeviceManagerBroadcastReceiver(1181): Action: android.intent.action.BATTERY_CHANGED
04-09 15:39:02.437: D/DeviceManagerBroadcastReceiver(1181): Set Alarm: false
04-09 15:39:02.449: D/WifiService(961): ACTION_BATTERY_CHANGED pluggedType: 0
04-09 15:39:03.549: D/WifiService(961): MESSAGE_STOP_WIFI: Last WifiLock released. Stop Driver
04-09 15:39:03.551: I/wpa_supplicant(1018): CTRL-EVENT-STATE-CHANGE id=1 state=8 BSSID=00:00:00:00:00:00
04-09 15:39:03.553: V/WifiMonitor(961): Event [CTRL-EVENT-STATE-CHANGE id=1 state=8 BSSID=00:00:00:00:00:00]
04-09 15:39:03.555: V/WifiStateTracker(961): Changing supplicant state: COMPLETED ==> DORMANT
04-09 15:39:03.555: D/WifiStateTracker(961): Reset connections and stopping DHCP
04-09 15:39:03.562: D/dhcpcd(2978): received SIGTERM, stopping
04-09 15:39:03.562: D/dhcpcd(2978): deleting route 0.0.0.0/0 via 172.16.0.6
04-09 15:39:03.562: D/dhcpcd(2978): deleting IP address 172.16.2.241/22
04-09 15:39:03.562: D/dhcpcd(2978): executing `/system/etc/dhcpcd/dhcpcd-run-hooks', reason STOP
04-09 15:39:03.566: I/wpa_supplicant(1018): CTRL-EVENT-DISCONNECTED - Disconnect event - remove keys
04-09 15:39:03.568: V/WifiMonitor(961): Event [CTRL-EVENT-DISCONNECTED - Disconnect event - remove keys]
04-09 15:39:03.568: I/wpa_supplicant(1018): CTRL-EVENT-STATE-CHANGE id=-1 state=8 BSSID=00:00:00:00:00:00
04-09 15:39:03.570: V/WifiMonitor(961): Event [CTRL-EVENT-STATE-CHANGE id=-1 state=8 BSSID=00:00:00:00:00:00]
04-09 15:39:03.768: D/WifiStateTracker(961): Disabling interface
04-09 15:39:03.773: D/NetworkStateTracker(961): setDetailed state, old =CONNECTED and new state=IDLE
04-09 15:39:03.805: D/NookWifiManager(1198): Cannot connect to pre-configured networks
04-09 15:39:03.805: D/NookWifiManager(1181): Cannot connect to pre-configured networks
04-09 15:39:03.805: D/DeviceManagerService(1181): Wifi status: FAILURE__FAILED_TO_ASSOCIATE
04-09 15:39:03.807: D/NookWifiManager(1198): Cannot connect to pre-configured networks
04-09 15:39:03.822: E/StatusBarPolicy(961): BN_Notification enabled. Status = 3
04-09 15:39:03.840: I/wpa_supplicant(1018): CTRL-EVENT-DRIVER-STATE STOPPED
04-09 15:39:03.840: V/WifiMonitor(961): Event [CTRL-EVENT-DRIVER-STATE STOPPED]
04-09 15:39:03.842: V/WifiStateTracker(961): New network state is DISCONNECTED
04-09 15:39:03.842: V/WifiStateTracker(961): Changing supplicant state: DORMANT ==> DORMANT
04-09 15:39:03.844: D/ConnectivityService(961): ConnectivityChange for WIFI: DISCONNECTED/IDLE
04-09 15:39:03.846: D/ConnectivityService(961): getMobileDataEnabled returning true
04-09 15:39:03.851: D/DataConnectionTracker(1033): enableApnType(default), isApnTypeActive = false and state = IDLE
04-09 15:39:03.851: D/DataConnectionTracker(1033): type not available
04-09 15:39:03.861: D/Tethering(961): Tethering got CONNECTIVITY_ACTION
04-09 15:39:03.861: D/Tethering(961): MasterInitialState.processMessage what=3
04-09 15:39:03.861: E/HierarchicalStateMachine(961): TetherMaster - unhandledMessage: msg.what=3
04-09 15:39:03.887: E/StatusBarPolicy(961): BN_Notification enabled. Status = 6
04-09 15:39:03.894: D/NookWifiManager(1181): Disconnected
04-09 15:39:03.894: D/DeviceManagerService(1181): Wifi status: SUCCESS__DISCONNECTED
04-09 15:39:03.896: D/NookWifiManager(1198): Disconnected
04-09 15:39:03.898: D/NookWifiManager(1198): Disconnected
04-09 15:39:03.910: V/NV(1116): IDLE
04-09 15:39:08.967: D/dalvikvm(1079): GC_EXPLICIT freed 482 objects / 23104 bytes in 75ms
04-09 15:39:32.439: D/DeviceManagerBroadcastReceiver(1181): Updated Battery Level: 96
04-09 15:39:32.439: D/DeviceManagerBroadcastReceiver(1181): Action: android.intent.action.BATTERY_CHANGED
04-09 15:39:32.439: D/DeviceManagerBroadcastReceiver(1181): Set Alarm: false
04-09 15:39:32.453: D/WifiService(961): MESSAGE_STOP_WIFI: Last WifiLock released. Stop Driver
04-09 15:39:32.467: D/WifiService(961): ACTION_BATTERY_CHANGED pluggedType: 0
04-09 15:40:16.523: D/KeyguardViewMediator(961): wakeWhenReadyLocked(3)
04-09 15:40:16.523: D/KeyguardViewMediator(961): handleWakeWhenReady(3)
04-09 15:40:16.529: D/KeyguardViewMediator(961): pokeWakelock(5000)
04-09 15:40:16.529: I/power(961): *** set_screen_state 1
04-09 15:40:16.646: E/SurfaceFlinger(961): Screen about to return, flinger = 0x12c8d8
04-09 15:40:16.870: D/WifiService(961): ACTION_SCREEN_ON
04-09 15:40:16.941: D/DeviceManagerBroadcastReceiver(1181): action (android.intent.action.SCREEN_ON)
04-09 15:40:16.941: D/DeviceManagerProvider(1181): query(): uri (content://com.bn.provider.devicemanagerprovider/registry?notify=false)
04-09 15:40:16.941: D/DeviceManagerProvider(1181): query(): selection (name = 'com.bn.device.system.serial_number')
04-09 15:40:16.941: D/DeviceManagerProvider(1181): query(): selectionArgs (null)
04-09 15:40:16.941: D/DeviceManagerProvider(1181): query(): Product.BN_FEATURE_ROM_TOKENS_ENABLED (true)
04-09 15:40:16.941: D/DeviceManagerProvider(1181): query(): Table (registry)
04-09 15:40:16.941: D/DeviceManagerProvider(1181): Query from ROM Token!
04-09 15:40:16.941: D/DeviceManagerProvider(1181): query(): selection has com.bn.device.system
04-09 15:40:16.941: D/DeviceManagerProvider(1181): query(): name after(com.bn.device.system.serial_number)
04-09 15:40:16.941: D/DeviceManagerProvider(1181): deviceInfoQuery: uri (content://com.bn.provider.devicemanagerprovider/registry?notify=false)
04-09 15:40:16.941: D/DeviceManagerProvider(1181): deviceInfoQuery: name (com.bn.device.system.serial_number)
04-09 15:40:16.941: D/DeviceManagerProvider(1181): deviceInfoQuery: return true
04-09 15:40:16.941: E/DeviceInfo(1181): Calling deviceinfo.getDeviceId
04-09 15:40:16.941: D/DeviceManagerProvider(1181): queryDeviceInfo: value (2013420028302007)
04-09 15:40:16.945: D/DeviceManagerProvider(1181): queryDeviceInfo: Projection size: 1
04-09 15:40:16.945: D/DeviceManagerProvider(1181): queryDeviceInfo: Return value[0]: 2013420028302007
04-09 15:40:16.947: D/DeviceManagerProvider(1181): query(): uri (content://com.bn.provider.devicemanagerprovider/registry?notify=false)
04-09 15:40:16.947: D/DeviceManagerProvider(1181): query(): selection (name = 'com.bn.device.system.build_tag')
04-09 15:40:16.947: D/DeviceManagerProvider(1181): query(): selectionArgs (null)
04-09 15:40:16.947: D/DeviceManagerProvider(1181): query(): Product.BN_FEATURE_ROM_TOKENS_ENABLED (true)
04-09 15:40:16.947: D/DeviceManagerProvider(1181): query(): Table (registry)
04-09 15:40:16.947: D/DeviceManagerProvider(1181): Query from ROM Token!
04-09 15:40:16.947: D/DeviceManagerProvider(1181): query(): selection has com.bn.device.system
04-09 15:40:16.949: D/DeviceManagerProvider(1181): query(): name after(com.bn.device.system.build_tag)
04-09 15:40:16.949: D/DeviceManagerProvider(1181): deviceInfoQuery: uri (content://com.bn.provider.devicemanagerprovider/registry?notify=false)
04-09 15:40:16.949: D/DeviceManagerProvider(1181): deviceInfoQuery: name (com.bn.device.system.build_tag)
04-09 15:40:16.949: D/DeviceManagerProvider(1181): deviceInfoQuery: return false
04-09 15:40:16.951: D/Utils(1181): getRegistryValue(): Name = com.bn.device.system.build_tag Value: 1.4.2.631.int.enc.rrdp.s55096
04-09 15:40:16.954: D/DeviceManagerProvider(1181): query(): uri (content://com.bn.provider.devicemanagerprovider/registry?notify=false)
04-09 15:40:16.954: D/DeviceManagerProvider(1181): query(): selection (name = 'com.bn.device.system.model')
04-09 15:40:16.954: D/DeviceManagerProvider(1181): query(): selectionArgs (null)
04-09 15:40:16.954: D/DeviceManagerProvider(1181): query(): Product.BN_FEATURE_ROM_TOKENS_ENABLED (true)
04-09 15:40:16.954: D/DeviceManagerProvider(1181): query(): Table (registry)
04-09 15:40:16.954: D/DeviceManagerProvider(1181): Query from ROM Token!
04-09 15:40:16.954: D/DeviceManagerProvider(1181): query(): selection has com.bn.device.system
04-09 15:40:16.962: D/DeviceManagerProvider(1181): query(): name after(com.bn.device.system.model)
04-09 15:40:16.962: D/DeviceManagerProvider(1181): deviceInfoQuery: uri (content://com.bn.provider.devicemanagerprovider/registry?notify=false)
04-09 15:40:16.962: D/DeviceManagerProvider(1181): deviceInfoQuery: name (com.bn.device.system.model)
04-09 15:40:16.962: D/DeviceManagerProvider(1181): deviceInfoQuery: return true
04-09 15:40:16.962: D/DeviceManagerProvider(1181): queryDeviceInfo: value (BNRV200)
04-09 15:40:16.962: D/DeviceManagerProvider(1181): queryDeviceInfo: Projection size: 1
04-09 15:40:16.962: D/DeviceManagerProvider(1181): queryDeviceInfo: Return value[0]: BNRV200
04-09 15:40:16.962: D/Utils(1181): getRegistryValue(): Name = com.bn.device.system.model Value: BNRV200
04-09 15:40:16.968: D/DeviceManagerBroadcastReceiver(1181): Action: android.intent.action.SCREEN_ON
04-09 15:40:16.968: D/DeviceManagerBroadcastReceiver(1181): Set Alarm: false
04-09 15:40:17.359: D/WindowManager(961): interceptKeyTi code=3 down=false repeatCount=0 keyguardOn=true mHomePressed=false
04-09 15:40:17.359: I/WindowManager(961): interceptKeyTi(): KEYCODE_HOME
04-09 15:40:17.359: I/WindowManager(961): interceptKeyTi(): KEYCODE_HOME + the app is keyguard ==> give it the key
04-09 15:40:18.732: D/KeyguardViewMediator(961): pokeWakelock(90000)
04-09 15:40:18.953: I/wpa_supplicant(1018): CTRL-EVENT-DRIVER-STATE STARTED
04-09 15:40:18.953: V/WifiMonitor(961): Event [CTRL-EVENT-DRIVER-STATE STARTED]
04-09 15:40:19.040: D/KeyguardViewMediator(961): pokeWakelock(90000)
04-09 15:40:19.046: V/MediaPlayerService(903): Client(17) constructor
04-09 15:40:19.046: V/MediaPlayerService(903): Create new client(17) from pid 961, url=/system/media/audio/ui/ScreenUnlock.ogg, connId=17
04-09 15:40:19.046: V/MediaPlayerService(903): setDataSource(/system/media/audio/ui/ScreenUnlock.ogg)
04-09 15:40:19.046: V/MediaPlayerService(903): player type = 3
04-09 15:40:19.046: V/MediaPlayerService(903): create VorbisPlayer
04-09 15:40:19.050: V/MediaPlayerService(903): setDataSource
04-09 15:40:19.058: V/MediaPlayerService(903): [17] setLooping(0)
04-09 15:40:19.058: V/MediaPlayerService(903): [17] setAudioStreamType(1)
04-09 15:40:19.058: V/MediaPlayerService(903): [17] prepareAsync
04-09 15:40:19.058: V/MediaPlayerService(903): [17] notify (0x33260, 1, 0, 0)
04-09 15:40:19.060: V/MediaPlayerService(903): [17] setLooping(0)
04-09 15:40:19.060: V/MediaPlayerService(903): [17] setVolume(1.000000, 1.000000)
04-09 15:40:19.060: V/AudioSink(903): setVolume(1.000000, 1.000000)
04-09 15:40:19.060: V/MediaPlayerService(903): [17] start
04-09 15:40:19.062: V/AudioSink(903): open(48000, 2, 1, 4)
04-09 15:40:19.064: V/AudioSink(903): setVolume
04-09 15:40:19.066: V/AudioSink(903): start
04-09 15:40:19.091: D/StatusBar(961): DISABLE_NOTIFICATION_ICONS: no
04-09 15:40:19.158: D/Omap3ALSA(903): open called for devices 00000002 in mode 0...
04-09 15:40:19.331: E/ALSAControl(903): Control 'HandsfreeR Switch' cannot get element info: -2
04-09 15:40:19.331: E/ALSAControl(903): Control 'HandsfreeL Switch' cannot get element info: -2
04-09 15:40:19.331: E/ALSAControl(903): Control 'HandsfreeR Mux' cannot get element info: -2
04-09 15:40:19.331: E/ALSAControl(903): Control 'HandsfreeL Mux' cannot get element info: -2
04-09 15:40:19.331: E/ALSAControl(903): Control 'HeadsetR Mixer AudioR2' cannot get element info: -2
04-09 15:40:19.331: E/ALSAControl(903): Control 'HeadsetL Mixer AudioL2' cannot get element info: -2
04-09 15:40:19.331: I/Omap3ALSA(903): Initialized ALSA PLAYBACK device default
04-09 15:40:19.445: W/InputManagerService(961): Window already focused, ignoring focus gain of: com.android.internal.view.IInputMethodClient$Stub$Proxy@4a2b8d20
04-09 15:40:19.714: I/wpa_supplicant(1018): CTRL-EVENT-SCAN-RESULTS
04-09 15:40:19.714: I/wpa_supplicant(1018): Trying to associate with c0:62:6b:67:1f:e2 (SSID='Appcelerator Guests' freq=2437 MHz)
04-09 15:40:19.714: I/wpa_supplicant(1018): CTRL-EVENT-STATE-CHANGE id=-1 state=3 BSSID=c0:62:6b:67:1f:e2
04-09 15:40:19.724: V/WifiMonitor(961): Event [Trying to associate with c0:62:6b:67:1f:e2 (SSID='Appcelerator Guests' freq=2437 MHz)]
04-09 15:40:19.724: V/WifiMonitor(961): Event [CTRL-EVENT-STATE-CHANGE id=-1 state=3 BSSID=c0:62:6b:67:1f:e2]
04-09 15:40:19.726: V/WifiStateTracker(961): Changing supplicant state: DORMANT ==> ASSOCIATING
04-09 15:40:19.726: D/NetworkStateTracker(961): setDetailed state, old =IDLE and new state=CONNECTING
04-09 15:40:19.726: D/ConnectivityService(961): ConnectivityChange for WIFI: CONNECTING/CONNECTING
04-09 15:40:19.761: I/wpa_supplicant(1018): CTRL-EVENT-STATE-CHANGE id=1 state=4 BSSID=c0:62:6b:67:1f:e2
04-09 15:40:19.761: V/WifiMonitor(961): Event [CTRL-EVENT-STATE-CHANGE id=1 state=4 BSSID=c0:62:6b:67:1f:e2]
04-09 15:40:19.763: V/WifiStateTracker(961): Changing supplicant state: ASSOCIATING ==> ASSOCIATED
04-09 15:40:19.763: D/NetworkStateTracker(961): setDetailed state, old =CONNECTING and new state=CONNECTING
04-09 15:40:19.765: I/wpa_supplicant(1018): Associated with c0:62:6b:67:1f:e2
04-09 15:40:19.765: V/WifiMonitor(961): Event [Associated with c0:62:6b:67:1f:e2]
04-09 15:40:19.775: I/wpa_supplicant(1018): CTRL-EVENT-STATE-CHANGE id=1 state=5 BSSID=00:00:00:00:00:00
04-09 15:40:19.775: V/WifiMonitor(961): Event [CTRL-EVENT-STATE-CHANGE id=1 state=5 BSSID=00:00:00:00:00:00]
04-09 15:40:19.777: V/WifiStateTracker(961): Changing supplicant state: ASSOCIATED ==> FOUR_WAY_HANDSHAKE
04-09 15:40:19.777: D/NetworkStateTracker(961): setDetailed state, old =CONNECTING and new state=AUTHENTICATING
04-09 15:40:19.777: D/ConnectivityService(961): Dropping ConnectivityChange for WIFI: CONNECTING/AUTHENTICATING
04-09 15:40:19.790: I/wpa_supplicant(1018): CTRL-EVENT-STATE-CHANGE id=1 state=5 BSSID=00:00:00:00:00:00
04-09 15:40:19.790: V/WifiMonitor(961): Event [CTRL-EVENT-STATE-CHANGE id=1 state=5 BSSID=00:00:00:00:00:00]
04-09 15:40:19.792: V/WifiStateTracker(961): Changing supplicant state: FOUR_WAY_HANDSHAKE ==> FOUR_WAY_HANDSHAKE
04-09 15:40:19.792: I/wpa_supplicant(1018): CTRL-EVENT-STATE-CHANGE id=1 state=6 BSSID=00:00:00:00:00:00
04-09 15:40:19.792: V/WifiMonitor(961): Event [CTRL-EVENT-STATE-CHANGE id=1 state=6 BSSID=00:00:00:00:00:00]
04-09 15:40:19.794: V/WifiStateTracker(961): Changing supplicant state: FOUR_WAY_HANDSHAKE ==> GROUP_HANDSHAKE
04-09 15:40:19.794: D/NetworkStateTracker(961): setDetailed state, old =AUTHENTICATING and new state=AUTHENTICATING
04-09 15:40:19.796: I/wpa_supplicant(1018): WPA: Key negotiation completed with c0:62:6b:67:1f:e2 [PTK=CCMP GTK=CCMP]
04-09 15:40:19.796: V/WifiMonitor(961): Event [WPA: Key negotiation completed with c0:62:6b:67:1f:e2 [PTK=CCMP GTK=CCMP]]
04-09 15:40:19.827: I/wpa_supplicant(1018): CTRL-EVENT-STATE-CHANGE id=1 state=7 BSSID=00:00:00:00:00:00
04-09 15:40:19.828: V/WifiMonitor(961): Event [CTRL-EVENT-STATE-CHANGE id=1 state=7 BSSID=00:00:00:00:00:00]
04-09 15:40:19.829: V/WifiStateTracker(961): Changing supplicant state: GROUP_HANDSHAKE ==> COMPLETED
04-09 15:40:19.831: I/wpa_supplicant(1018): CTRL-EVENT-CONNECTED - Connection to c0:62:6b:67:1f:e2 completed (reauth) [id=1 id_str=]
04-09 15:40:19.831: V/WifiMonitor(961): Event [CTRL-EVENT-CONNECTED - Connection to c0:62:6b:67:1f:e2 completed (reauth) [id=1 id_str=]]
04-09 15:40:19.831: V/WifiStateTracker(961): New network state is CONNECTED
04-09 15:40:19.837: W/BluetoothHeadset(961): Proxy not attached to service
04-09 15:40:19.837: D/NetworkStateTracker(961): setDetailed state, old =AUTHENTICATING and new state=OBTAINING_IPADDR
04-09 15:40:19.845: D/ConnectivityService(961): Dropping ConnectivityChange for WIFI: CONNECTING/OBTAINING_IPADDR
04-09 15:40:19.863: D/WifiStateTracker(961): DhcpHandler: DHCP request started
04-09 15:40:19.888: D/dhcpcd(4002): dhcpcd 4.0.15 starting
04-09 15:40:19.888: D/dhcpcd(4002): hardware address = 58:67:1a:23:df:48
04-09 15:40:19.888: D/dhcpcd(4002): executing `/system/etc/dhcpcd/dhcpcd-run-hooks', reason PREINIT
04-09 15:40:19.974: D/dhcpcd(4002): host does not support a monotonic clock - timing can skew
04-09 15:40:19.974: D/dhcpcd(4002): broadcasting for a lease of 172.16.2.241
04-09 15:40:19.974: D/dhcpcd(4002): sending DHCP_REQUEST with xid 0x54c7aaf, next in 2.96 seconds
04-09 15:40:19.982: D/dhcpcd(4002): acknowledged 172.16.2.241 from 172.16.0.1
04-09 15:40:19.982: D/dhcpcd(4002): leased 172.16.2.241 for 86400 seconds
04-09 15:40:19.982: D/dhcpcd(4002): adding IP address 172.16.2.241/22
04-09 15:40:19.982: D/dhcpcd(4002): adding route to 0.0.0.0/0 via 172.16.0.6
04-09 15:40:19.984: D/dhcpcd(4002): executing `/system/etc/dhcpcd/dhcpcd-run-hooks', reason BOUND
04-09 15:40:20.197: D/dhcpcd(4002): renew in 43200 seconds
04-09 15:40:20.281: V/WifiStateTracker(961): DhcpHandler: DHCP request succeeded
04-09 15:40:20.283: D/NetworkStateTracker(961): setDetailed state, old =OBTAINING_IPADDR and new state=CONNECTED
04-09 15:40:20.294: V/WifiStateTracker(961): IP configuration: ipaddr 172.16.2.241 gateway 172.16.0.6 netmask 255.255.252.0 dns1 66.28.0.45 dns2 66.28.0.61 DHCP server 172.16.0.1 lease 86400 seconds
04-09 15:40:20.296: D/WifiWatchdogService(961): (android.server.ServerThread) Appcelerator Guests (c0:62:6b:67:1f:e2) does not require the watchdog
04-09 15:40:20.308: V/NV(1116): RUNNING
04-09 15:40:20.343: V/NetworkStateTracker(961): Setting TCP values: [4095,87380,110208,4096,16384,110208] which comes from [net.tcp.buffersize.wifi]
04-09 15:40:20.343: D/ConnectivityService(961): ConnectivityChange for WIFI: CONNECTED/CONNECTED
04-09 15:40:20.353: D/ConnectivityService(961): adding dns 66.28.0.45 for WIFI
04-09 15:40:20.353: D/ConnectivityService(961): adding dns 66.28.0.61 for WIFI
04-09 15:40:20.353: D/ConnectivityService(961): adding dns 8.8.8.8 for WIFI
04-09 15:40:20.355: D/ConnectivityService(961): adding dns 8.8.4.4 for WIFI
04-09 15:40:20.357: D/Tethering(961): Tethering got CONNECTIVITY_ACTION
04-09 15:40:20.357: D/Tethering(961): MasterInitialState.processMessage what=3
04-09 15:40:20.357: E/HierarchicalStateMachine(961): TetherMaster - unhandledMessage: msg.what=3
04-09 15:40:20.365: V/AudioSink(903): stop
04-09 15:40:20.365: V/MediaPlayerService(903): [17] notify (0x33260, 2, 0, 0)
04-09 15:40:20.368: D/DownloadManager(1079): UMSHandler object created in DownloadService
04-09 15:40:20.368: D/UMSHandler(1079): UMSHandler object created
04-09 15:40:20.368: D/VoldCmdListener(899): share status ums
04-09 15:40:20.396: I/BnCloudReqSvc(1198): ---->execute(BnCloudRequest[GPB, HeartBeat, 1, 0, 30, HIGH, 1334011220397])
04-09 15:40:20.398: I/BnCloudReqSvc(1198): Scheduling request(12) for immediate execution
04-09 15:40:20.398: I/BnCloudReqSvc(1198): Monitor high priority threads: counter at 0
04-09 15:40:20.400: I/BnCloudReqSvc(1198): Request[12] execution started.
04-09 15:40:21.810: D/WsprService(1116): WSPr status SUCCEEDED
04-09 15:40:21.845: E/StatusBarPolicy(961): BN_Notification enabled. Status = 2
04-09 15:40:21.849: D/NookWifiManager(1198): Connected
04-09 15:40:21.849: D/NookWifiManager(1181): Connected
04-09 15:40:21.849: D/DeviceManagerService(1181): Wifi status: SUCCESS__CONNECTED
04-09 15:40:21.849: D/DeviceManagerService(1181): WiFi up, notify queue
04-09 15:40:21.853: D/NookWifiManager(1198): Connected
04-09 15:40:21.858: I/BnCloudReqSvc(1198): Request[12] processing completed normally.
04-09 15:40:21.859: V/NV(1116): RESOLVED__SUCCESS__REACHED_INTERNET
04-09 15:40:21.862: E/CloudServiceManager(1196): SyncManager:releaseWifiWakelock called but s_wifiWakelock == null and s_wifiWakelockRefCount = 0 !!!!!!!!!!!!!!!!!
04-09 15:40:21.862: E/CloudServiceManager(1196): SyncManager:releasePartialWakelock called but s_partialWakelock == null and s_pmWakelockRefCount = 0 !!!!!!!!!!!!!!!!!
04-09 15:40:21.863: D/InstoreService(1116): onStartCommand
04-09 15:40:21.909: D/dalvikvm(961): GC_FOR_MALLOC freed 10311 objects / 513208 bytes in 192ms
04-09 15:40:21.950: V/MediaPlayerService(903): disconnect(17) from pid 961
04-09 15:40:21.952: V/MediaPlayerService(903): Client(17) destructor pid = 961
04-09 15:40:21.952: V/AudioSink(903): close
04-09 15:40:21.954: V/MediaPlayerService(903): disconnect(17) from pid 961
04-09 15:40:21.991: D/WindowManager(961): interceptKeyTi code=4 down=true repeatCount=0 keyguardOn=false mHomePressed=false
04-09 15:40:22.007: D/WindowManager(961): interceptKeyTi code=4 down=false repeatCount=0 keyguardOn=false mHomePressed=false
04-09 15:40:22.054: I/SurfaceFlinger(961):
04-09 15:40:22.054: I/SurfaceFlinger(961): SurfaceFlinger::createSurface() : layer->mIdentity=162, LayerName= com.appcelerator.kitchensinknook/org.appcelerator.titanium.TiActivity
04-09 15:40:22.054: I/SurfaceFlinger(961): SurfaceFlinger::createSurface() : layer->clientIndex=0, surfaceHandle->mToken=0x0
04-09 15:40:22.210: D/dalvikvm(1198): GC_FOR_MALLOC freed 4271 objects / 427312 bytes in 110ms
04-09 15:40:22.212: D/NativeCrypto(1198): Freeing OpenSSL session
04-09 15:40:22.257: D/WsprService(1116): Set current time= 09-Apr-2012 15:40:21.000000 TZ=America/Los_Angeles
04-09 15:40:22.265: I/AlarmManagerService(961): Kernel timezone updated to 420 minutes west of GMT
04-09 15:40:22.265: D/SystemClock(1116): Setting time of day to sec=1334011221
04-09 15:40:22.323: E/TiBaseActivity(2796): (main) [1128076,2483525] Layout cleanup.
04-09 15:40:27.405: D/dalvikvm(1116): GC_EXPLICIT freed 701 objects / 222584 bytes in 85ms
04-09 15:40:34.171: D/Email-MailService(1161): no data in intent to restore
04-09 15:40:34.309: D/Email(1161): *** synchronizeMailboxGeneric ***
04-09 15:40:39.331: D/dalvikvm(1161): GC_EXPLICIT freed 4965 objects / 249792 bytes in 102ms
04-09 15:40:39.331: D/NativeCrypto(1161): Freeing OpenSSL session
04-09 15:40:45.925: D/DeviceManagerBroadcastReceiver(1181): Updated Battery Level: 96
04-09 15:40:45.925: D/DeviceManagerBroadcastReceiver(1181): Action: android.intent.action.BATTERY_CHANGED
04-09 15:40:45.925: D/DeviceManagerBroadcastReceiver(1181): Set Alarm: false
04-09 15:40:45.940: D/WifiService(961): ACTION_BATTERY_CHANGED pluggedType: 0
04-09 15:41:15.929: D/DeviceManagerBroadcastReceiver(1181): Updated Battery Level: 96
04-09 15:41:15.929: D/DeviceManagerBroadcastReceiver(1181): Action: android.intent.action.BATTERY_CHANGED
04-09 15:41:15.929: D/DeviceManagerBroadcastReceiver(1181): Set Alarm: false
04-09 15:41:15.954: D/WifiService(961): ACTION_BATTERY_CHANGED pluggedType: 0
04-09 15:41:45.952: D/DeviceManagerBroadcastReceiver(1181): Updated Battery Level: 96
04-09 15:41:45.952: D/DeviceManagerBroadcastReceiver(1181): Action: android.intent.action.BATTERY_CHANGED
04-09 15:41:45.952: D/DeviceManagerBroadcastReceiver(1181): Set Alarm: false
04-09 15:41:45.975: D/WifiService(961): ACTION_BATTERY_CHANGED pluggedType: 0
04-09 15:42:12.231: D/WindowManager(961): interceptKeyTi code=4 down=true repeatCount=0 keyguardOn=false mHomePressed=false
04-09 15:42:12.239: D/WindowManager(961): interceptKeyTi code=4 down=false repeatCount=0 keyguardOn=false mHomePressed=false
04-09 15:42:12.772: W/ActivityManager(961): Activity pause timeout for HistoryRecord{4a280e30 com.appcelerator.kitchensinknook/org.appcelerator.titanium.TiActivity}
04-09 15:42:12.966: I/SurfaceFlinger(961):
04-09 15:42:12.966: I/SurfaceFlinger(961): SurfaceFlinger::createSurface() : layer->mIdentity=163, LayerName= com.appcelerator.kitchensinknook/org.appcelerator.titanium.TiActivity
04-09 15:42:12.966: I/SurfaceFlinger(961): SurfaceFlinger::createSurface() : layer->clientIndex=1, surfaceHandle->mToken=0x1
04-09 15:42:13.229: E/TiBaseActivity(2796): (main) [110906,2594431] Layout cleanup.
04-09 15:42:14.983: D/WindowManager(961): interceptKeyTi code=4 down=true repeatCount=0 keyguardOn=false mHomePressed=false
04-09 15:42:14.991: D/WindowManager(961): interceptKeyTi code=4 down=false repeatCount=0 keyguardOn=false mHomePressed=false
04-09 15:42:15.505: W/ActivityManager(961): Activity pause timeout for HistoryRecord{4a2c76c0 com.appcelerator.kitchensinknook/org.appcelerator.titanium.TiActivity}
04-09 15:42:15.557: I/SurfaceFlinger(961):
04-09 15:42:15.557: I/SurfaceFlinger(961): SurfaceFlinger::createSurface() : layer->mIdentity=164, LayerName= com.appcelerator.kitchensinknook/ti.modules.titanium.ui.TiTabActivity
04-09 15:42:15.557: I/SurfaceFlinger(961): SurfaceFlinger::createSurface() : layer->clientIndex=0, surfaceHandle->mToken=0x0
04-09 15:42:15.829: E/TiBaseActivity(2796): (main) [2599,2597030] Layout cleanup.
04-09 15:42:15.931: D/DeviceManagerBroadcastReceiver(1181): Updated Battery Level: 96
04-09 15:42:15.936: D/DeviceManagerBroadcastReceiver(1181): Action: android.intent.action.BATTERY_CHANGED
04-09 15:42:15.936: D/DeviceManagerBroadcastReceiver(1181): Set Alarm: false
04-09 15:42:15.940: D/WifiService(961): ACTION_BATTERY_CHANGED pluggedType: 0
04-09 15:42:45.977: D/DeviceManagerBroadcastReceiver(1181): Updated Battery Level: 96
04-09 15:42:45.977: D/DeviceManagerBroadcastReceiver(1181): Action: android.intent.action.BATTERY_CHANGED
04-09 15:42:45.977: D/DeviceManagerBroadcastReceiver(1181): Set Alarm: false
04-09 15:42:46.003: D/WifiService(961): ACTION_BATTERY_CHANGED pluggedType: 0
04-09 15:43:15.979: D/DeviceManagerBroadcastReceiver(1181): Updated Battery Level: 96
04-09 15:43:15.979: D/DeviceManagerBroadcastReceiver(1181): Action: android.intent.action.BATTERY_CHANGED
04-09 15:43:15.979: D/DeviceManagerBroadcastReceiver(1181): Set Alarm: false
04-09 15:43:16.007: D/WifiService(961): ACTION_BATTERY_CHANGED pluggedType: 0
04-09 15:43:31.042: I/ActivityManager(961): Starting activity: Intent { cmp=com.appcelerator.kitchensinknook/org.appcelerator.titanium.TiActivity (has extras) }
04-09 15:43:31.126: I/ActivityManager(961): Starting activity: Intent { cmp=com.appcelerator.kitchensinknook/org.appcelerator.titanium.TiActivity (has extras) }
04-09 15:43:31.181: I/ActivityManager(961): Starting activity: Intent { cmp=com.appcelerator.kitchensinknook/org.appcelerator.titanium.TiActivity (has extras) }
