04-09 15:47:37.069: D/DeviceManagerBroadcastReceiver(1181): Set Alarm: false
04-09 15:47:37.081: D/DeviceManagerProvider(1181): query(): selection (name = 'com.bn.device.fota.mode')
04-09 15:47:37.083: D/DeviceManagerProvider(1181): query(): selectionArgs (null)
04-09 15:47:37.083: D/DeviceManagerProvider(1181): query(): Product.BN_FEATURE_ROM_TOKENS_ENABLED (true)
04-09 15:47:37.083: D/DeviceManagerProvider(1181): query(): Table (registry)
04-09 15:47:37.083: D/DeviceManagerProvider(1181): Query from ROM Token!
04-09 15:47:37.083: D/DeviceManagerProvider(1181): query(): name after()
04-09 15:47:37.085: D/DeviceManagerProvider(1181): deviceInfoQuery: uri (content://com.bn.provider.devicemanagerprovider/registry?notify=false)
04-09 15:47:37.087: D/DeviceManagerProvider(1181): deviceInfoQuery: return false
04-09 15:47:37.097: D/Utils(1181): getRegistryValue(): Name = com.bn.device.fota.mode Value: auto
04-09 15:47:37.100: D/Utils(1181): FOTA mode: auto
04-09 15:47:37.100: I/DeviceManagerHandler(1181): HandleMessage(): msg.what (102)
04-09 15:47:37.100: D/DeviceManagerService(1181): acquireWifiWakelock(): Already holding a WIFI wake lock object!
04-09 15:47:37.102: D/DeviceManagerProvider(1181): query(): uri (content://com.bn.provider.devicemanagerprovider/registry?notify=false)
04-09 15:47:37.104: D/DeviceManagerProvider(1181): query(): selection (name = 'com.bn.device.fota.mode')
04-09 15:47:37.104: D/DeviceManagerProvider(1181): query(): selectionArgs (null)
04-09 15:47:37.104: D/DeviceManagerProvider(1181): query(): Product.BN_FEATURE_ROM_TOKENS_ENABLED (true)
04-09 15:47:37.106: D/DeviceManagerProvider(1181): query(): Table (registry)
04-09 15:47:37.108: D/DeviceManagerProvider(1181): Query from ROM Token!
04-09 15:47:37.108: D/DeviceManagerProvider(1181): query(): name after()
04-09 15:47:37.108: D/DeviceManagerProvider(1181): deviceInfoQuery: uri (content://com.bn.provider.devicemanagerprovider/registry?notify=false)
04-09 15:47:37.110: D/DeviceManagerProvider(1181): deviceInfoQuery: return false
04-09 15:47:37.120: D/Utils(1181): getRegistryValue(): Name = com.bn.device.fota.mode Value: auto
04-09 15:47:37.124: D/Utils(1181): FOTA mode: auto
04-09 15:47:37.124: D/DeviceManagerHandler(1181): UMS mounted: false
04-09 15:47:37.126: D/DeviceManagerHandler(1181): Screen On: false
04-09 15:47:37.128: I/DeviceManagerHandler(1181): User is not using the device!
04-09 15:47:37.130: D/DeviceManagerHandler(1181): Battery Level: 100
04-09 15:47:37.130: D/Utils(1181): getTaskStatus() Get status task: 102
04-09 15:47:37.132: D/DeviceManagerProvider(1181): query(): uri (content://com.bn.provider.devicemanagerprovider/tasks?notify=false)
04-09 15:47:37.134: D/DeviceManagerProvider(1181): query(): selection (type = '102')
04-09 15:47:37.134: D/DeviceManagerProvider(1181): query(): selectionArgs (null)
04-09 15:47:37.136: D/DeviceManagerProvider(1181): query(): Product.BN_FEATURE_ROM_TOKENS_ENABLED (true)
04-09 15:47:37.136: D/DeviceManagerProvider(1181): query(): Table (tasks)
04-09 15:47:37.147: D/Utils(1181): getTaskStatus() Task: 102 Status: disabled
04-09 15:47:37.149: D/DeviceManagerHandler(1181): HandleMessage(): Not ready to install!
04-09 15:47:37.149: D/DeviceManagerHandler(1181): HandleMessage(): Release wakelock.
04-09 15:47:37.149: D/DeviceManagerService(1181): releaseWifiWakelock(): Start releasing WIFI wake lock!
04-09 15:47:37.153: D/WifiService(961): releaseWifiLockLocked: WifiLock{DeviceManagerService type=1 binder=android.os.BinderProxy@4a352d98}
04-09 15:47:37.157: D/DeviceManagerService(1181): releaseWifiWakelock(): Released WIFI wake lock!
04-09 15:47:37.161: D/DeviceManagerService(1181): releaseWakelock(): Released wake lock!
04-09 15:47:37.425: W/ActivityManager(961): Activity pause timeout for HistoryRecord{4a183f88 com.appcelerator.kitchensinknook/org.appcelerator.titanium.TiActivity}
04-09 15:47:42.130: D/dalvikvm(961): GC_FOR_MALLOC freed 12027 objects / 587864 bytes in 159ms
04-09 15:47:42.282: D/AccountManagerService(961): bind attempt failed for Session: expectLaunch false, connected false, stats (0/0/0), lifetime 0.001, getAccountsByTypeAndFeatures, saml
04-09 15:47:42.290: D/StatusBar(961): DISABLE_EXPAND: yes
04-09 15:47:42.290: D/StatusBar(961): DISABLE_NOTIFICATION_ICONS: yes
04-09 15:47:42.315: I/SurfaceFlinger(961):
04-09 15:47:42.315: I/SurfaceFlinger(961): SurfaceFlinger::createSurface() : layer->mIdentity=173, LayerName= Keyguard
04-09 15:47:42.315: I/SurfaceFlinger(961): SurfaceFlinger::createSurface() : layer->clientIndex=0, surfaceHandle->mToken=0x0
04-09 15:47:46.085: D/DeviceManagerBroadcastReceiver(1181): Updated Battery Level: 100
04-09 15:47:46.087: D/DeviceManagerBroadcastReceiver(1181): Action: android.intent.action.BATTERY_CHANGED
04-09 15:47:46.087: D/DeviceManagerBroadcastReceiver(1181): Set Alarm: false
04-09 15:47:46.106: D/WifiService(961): ACTION_BATTERY_CHANGED pluggedType: 0
04-09 15:47:51.173: D/dalvikvm(1116): GC_EXPLICIT freed 128 objects / 6024 bytes in 81ms
04-09 15:48:16.112: D/DeviceManagerBroadcastReceiver(1181): Updated Battery Level: 100
04-09 15:48:16.112: D/DeviceManagerBroadcastReceiver(1181): Action: android.intent.action.BATTERY_CHANGED
04-09 15:48:16.112: D/DeviceManagerBroadcastReceiver(1181): Set Alarm: false
04-09 15:48:16.136: D/WifiService(961): ACTION_BATTERY_CHANGED pluggedType: 0
04-09 15:48:38.559: D/KeyguardViewMediator(961): wakeWhenReadyLocked(3)
04-09 15:48:38.559: D/KeyguardViewMediator(961): handleWakeWhenReady(3)
04-09 15:48:38.561: D/KeyguardViewMediator(961): pokeWakelock(5000)
04-09 15:48:38.561: I/power(961): *** set_screen_state 1
04-09 15:48:38.573: E/SurfaceFlinger(961): Screen about to return, flinger = 0x12c8d8
04-09 15:48:38.690: D/WindowManager(961): interceptKeyTi code=3 down=false repeatCount=0 keyguardOn=true mHomePressed=false
04-09 15:48:38.690: I/WindowManager(961): interceptKeyTi(): KEYCODE_HOME
04-09 15:48:38.690: I/WindowManager(961): interceptKeyTi(): KEYCODE_HOME + the app is keyguard ==> give it the key
04-09 15:48:38.706: D/WifiService(961): ACTION_SCREEN_ON
04-09 15:48:38.749: D/DeviceManagerBroadcastReceiver(1181): action (android.intent.action.SCREEN_ON)
04-09 15:48:38.749: D/DeviceManagerProvider(1181): query(): uri (content://com.bn.provider.devicemanagerprovider/registry?notify=false)
04-09 15:48:38.751: D/DeviceManagerProvider(1181): query(): selection (name = 'com.bn.device.system.serial_number')
04-09 15:48:38.751: D/DeviceManagerProvider(1181): query(): selectionArgs (null)
04-09 15:48:38.753: D/DeviceManagerProvider(1181): query(): Product.BN_FEATURE_ROM_TOKENS_ENABLED (true)
04-09 15:48:38.753: D/DeviceManagerProvider(1181): query(): Table (registry)
04-09 15:48:38.753: D/DeviceManagerProvider(1181): Query from ROM Token!
04-09 15:48:38.753: D/DeviceManagerProvider(1181): query(): selection has com.bn.device.system
04-09 15:48:38.753: D/DeviceManagerProvider(1181): query(): name after(com.bn.device.system.serial_number)
04-09 15:48:38.753: D/DeviceManagerProvider(1181): deviceInfoQuery: uri (content://com.bn.provider.devicemanagerprovider/registry?notify=false)
04-09 15:48:38.759: D/DeviceManagerProvider(1181): deviceInfoQuery: name (com.bn.device.system.serial_number)
04-09 15:48:38.759: D/DeviceManagerProvider(1181): deviceInfoQuery: return true
04-09 15:48:38.759: E/DeviceInfo(1181): Calling deviceinfo.getDeviceId
04-09 15:48:38.761: D/DeviceManagerProvider(1181): queryDeviceInfo: value (2013420028302007)
04-09 15:48:38.761: D/DeviceManagerProvider(1181): queryDeviceInfo: Projection size: 1
04-09 15:48:38.761: D/DeviceManagerProvider(1181): queryDeviceInfo: Return value[0]: 2013420028302007
04-09 15:48:38.778: D/DeviceManagerProvider(1181): query(): uri (content://com.bn.provider.devicemanagerprovider/registry?notify=false)
04-09 15:48:38.778: D/DeviceManagerProvider(1181): query(): selection (name = 'com.bn.device.system.build_tag')
04-09 15:48:38.782: D/DeviceManagerProvider(1181): query(): selectionArgs (null)
04-09 15:48:38.782: D/DeviceManagerProvider(1181): query(): Product.BN_FEATURE_ROM_TOKENS_ENABLED (true)
04-09 15:48:38.782: D/DeviceManagerProvider(1181): query(): Table (registry)
04-09 15:48:38.784: D/DeviceManagerProvider(1181): Query from ROM Token!
04-09 15:48:38.784: D/DeviceManagerProvider(1181): query(): selection has com.bn.device.system
04-09 15:48:38.786: D/DeviceManagerProvider(1181): query(): name after(com.bn.device.system.build_tag)
04-09 15:48:38.786: D/DeviceManagerProvider(1181): deviceInfoQuery: uri (content://com.bn.provider.devicemanagerprovider/registry?notify=false)
04-09 15:48:38.788: D/DeviceManagerProvider(1181): deviceInfoQuery: name (com.bn.device.system.build_tag)
04-09 15:48:38.788: D/DeviceManagerProvider(1181): deviceInfoQuery: return false
04-09 15:48:38.802: D/Utils(1181): getRegistryValue(): Name = com.bn.device.system.build_tag Value: 1.4.2.631.int.enc.rrdp.s55096
04-09 15:48:38.807: D/DeviceManagerProvider(1181): query(): uri (content://com.bn.provider.devicemanagerprovider/registry?notify=false)
04-09 15:48:38.807: D/DeviceManagerProvider(1181): query(): selection (name = 'com.bn.device.system.model')
04-09 15:48:38.807: D/DeviceManagerProvider(1181): query(): selectionArgs (null)
04-09 15:48:38.807: D/DeviceManagerProvider(1181): query(): Product.BN_FEATURE_ROM_TOKENS_ENABLED (true)
04-09 15:48:38.807: D/DeviceManagerProvider(1181): query(): Table (registry)
04-09 15:48:38.809: D/DeviceManagerProvider(1181): Query from ROM Token!
04-09 15:48:38.809: D/DeviceManagerProvider(1181): query(): selection has com.bn.device.system
04-09 15:48:38.811: D/DeviceManagerProvider(1181): query(): name after(com.bn.device.system.model)
04-09 15:48:38.811: D/DeviceManagerProvider(1181): deviceInfoQuery: uri (content://com.bn.provider.devicemanagerprovider/registry?notify=false)
04-09 15:48:38.815: D/DeviceManagerProvider(1181): deviceInfoQuery: name (com.bn.device.system.model)
04-09 15:48:38.815: D/DeviceManagerProvider(1181): deviceInfoQuery: return true
04-09 15:48:38.821: D/DeviceManagerProvider(1181): queryDeviceInfo: value (BNRV200)
04-09 15:48:38.821: D/DeviceManagerProvider(1181): queryDeviceInfo: Projection size: 1
04-09 15:48:38.821: D/DeviceManagerProvider(1181): queryDeviceInfo: Return value[0]: BNRV200
04-09 15:48:38.821: D/Utils(1181): getRegistryValue(): Name = com.bn.device.system.model Value: BNRV200
04-09 15:48:38.829: D/DeviceManagerBroadcastReceiver(1181): Action: android.intent.action.SCREEN_ON
04-09 15:48:38.829: D/DeviceManagerBroadcastReceiver(1181): Set Alarm: false
04-09 15:48:40.155: D/KeyguardViewMediator(961): pokeWakelock(90000)
04-09 15:48:40.356: D/KeyguardViewMediator(961): pokeWakelock(90000)
04-09 15:48:40.368: V/MediaPlayerService(903): Client(18) constructor
04-09 15:48:40.368: V/MediaPlayerService(903): Create new client(18) from pid 961, url=/system/media/audio/ui/ScreenUnlock.ogg, connId=18
04-09 15:48:40.368: V/MediaPlayerService(903): setDataSource(/system/media/audio/ui/ScreenUnlock.ogg)
04-09 15:48:40.368: V/MediaPlayerService(903): player type = 3
04-09 15:48:40.368: V/MediaPlayerService(903): create VorbisPlayer
04-09 15:48:40.376: V/MediaPlayerService(903): setDataSource
04-09 15:48:40.401: D/StatusBar(961): DISABLE_NOTIFICATION_ICONS: no
04-09 15:48:40.425: V/MediaPlayerService(903): [18] setLooping(0)
04-09 15:48:40.425: V/MediaPlayerService(903): [18] setAudioStreamType(1)
04-09 15:48:40.427: V/MediaPlayerService(903): [18] prepareAsync
04-09 15:48:40.427: V/MediaPlayerService(903): [18] notify (0x32888, 1, 0, 0)
04-09 15:48:40.429: V/MediaPlayerService(903): [18] setLooping(0)
04-09 15:48:40.431: V/MediaPlayerService(903): [18] setVolume(1.000000, 1.000000)
04-09 15:48:40.431: V/AudioSink(903): setVolume(1.000000, 1.000000)
04-09 15:48:40.431: V/MediaPlayerService(903): [18] start
04-09 15:48:40.434: V/AudioSink(903): open(48000, 2, 1, 4)
04-09 15:48:40.436: V/AudioSink(903): setVolume
04-09 15:48:40.436: V/AudioSink(903): start
04-09 15:48:40.530: D/Omap3ALSA(903): open called for devices 00000002 in mode 0...
04-09 15:48:40.692: E/ALSAControl(903): Control 'HandsfreeR Switch' cannot get element info: -2
04-09 15:48:40.692: E/ALSAControl(903): Control 'HandsfreeL Switch' cannot get element info: -2
04-09 15:48:40.692: E/ALSAControl(903): Control 'HandsfreeR Mux' cannot get element info: -2
04-09 15:48:40.692: E/ALSAControl(903): Control 'HandsfreeL Mux' cannot get element info: -2
04-09 15:48:40.692: E/ALSAControl(903): Control 'HeadsetR Mixer AudioR2' cannot get element info: -2
04-09 15:48:40.692: E/ALSAControl(903): Control 'HeadsetL Mixer AudioL2' cannot get element info: -2
04-09 15:48:40.692: I/Omap3ALSA(903): Initialized ALSA PLAYBACK device default
04-09 15:48:41.725: V/AudioSink(903): stop
04-09 15:48:41.727: V/MediaPlayerService(903): [18] notify (0x32888, 2, 0, 0)
04-09 15:48:46.114: D/DeviceManagerBroadcastReceiver(1181): Updated Battery Level: 100
04-09 15:48:46.114: D/DeviceManagerBroadcastReceiver(1181): Action: android.intent.action.BATTERY_CHANGED
04-09 15:48:46.114: D/DeviceManagerBroadcastReceiver(1181): Set Alarm: false
04-09 15:48:46.143: D/WifiService(961): ACTION_BATTERY_CHANGED pluggedType: 0
04-09 15:48:48.638: W/ActivityManager(961): Activity idle timeout for HistoryRecord{4a183f88 com.appcelerator.kitchensinknook/org.appcelerator.titanium.TiActivity}
04-09 15:49:16.134: D/DeviceManagerBroadcastReceiver(1181): Updated Battery Level: 100
04-09 15:49:16.134: D/DeviceManagerBroadcastReceiver(1181): Action: android.intent.action.BATTERY_CHANGED
04-09 15:49:16.134: D/DeviceManagerBroadcastReceiver(1181): Set Alarm: false
04-09 15:49:16.163: D/WifiService(961): ACTION_BATTERY_CHANGED pluggedType: 0
04-09 15:49:46.138: D/DeviceManagerBroadcastReceiver(1181): Updated Battery Level: 100
04-09 15:49:46.138: D/DeviceManagerBroadcastReceiver(1181): Action: android.intent.action.BATTERY_CHANGED
04-09 15:49:46.138: D/DeviceManagerBroadcastReceiver(1181): Set Alarm: false
04-09 15:49:46.167: D/WifiService(961): ACTION_BATTERY_CHANGED pluggedType: 0
04-09 15:50:06.020: W/WindowManager(961): No window to dispatch pointer action 0
04-09 15:50:06.085: W/WindowManager(961): No window to dispatch pointer action 1
04-09 15:50:07.993: W/WindowManager(961): No window to dispatch pointer action 0
04-09 15:50:08.237: W/WindowManager(961): No window to dispatch pointer action 1
04-09 15:50:16.155: D/DeviceManagerBroadcastReceiver(1181): Updated Battery Level: 100
04-09 15:50:16.155: D/DeviceManagerBroadcastReceiver(1181): Action: android.intent.action.BATTERY_CHANGED
04-09 15:50:16.155: D/DeviceManagerBroadcastReceiver(1181): Set Alarm: false
04-09 15:50:16.184: D/WifiService(961): ACTION_BATTERY_CHANGED pluggedType: 0
04-09 15:50:34.194: D/Email-MailService(1161): no data in intent to restore
04-09 15:50:34.337: D/Email(1161): *** synchronizeMailboxGeneric ***
04-09 15:50:36.649: V/MediaPlayerService(903): disconnect(18) from pid 961
04-09 15:50:36.651: V/MediaPlayerService(903): Client(18) destructor pid = 961
04-09 15:50:36.651: V/AudioSink(903): close
04-09 15:50:36.651: V/MediaPlayerService(903): disconnect(18) from pid 961
04-09 15:50:36.653: D/dalvikvm(961): GC_FOR_MALLOC freed 11047 objects / 554312 bytes in 166ms
04-09 15:50:39.360: D/dalvikvm(1161): GC_EXPLICIT freed 4876 objects / 371208 bytes in 105ms
04-09 15:50:46.161: D/DeviceManagerBroadcastReceiver(1181): Updated Battery Level: 100
04-09 15:50:46.161: D/DeviceManagerBroadcastReceiver(1181): Action: android.intent.action.BATTERY_CHANGED
04-09 15:50:46.161: D/DeviceManagerBroadcastReceiver(1181): Set Alarm: false
04-09 15:50:46.188: D/WifiService(961): ACTION_BATTERY_CHANGED pluggedType: 0
04-09 15:51:16.177: D/DeviceManagerBroadcastReceiver(1181): Updated Battery Level: 100
04-09 15:51:16.179: D/DeviceManagerBroadcastReceiver(1181): Action: android.intent.action.BATTERY_CHANGED
04-09 15:51:16.179: D/DeviceManagerBroadcastReceiver(1181): Set Alarm: false
04-09 15:51:16.206: D/WifiService(961): ACTION_BATTERY_CHANGED pluggedType: 0
04-09 15:51:46.181: D/DeviceManagerBroadcastReceiver(1181): Updated Battery Level: 100
04-09 15:51:46.181: D/DeviceManagerBroadcastReceiver(1181): Action: android.intent.action.BATTERY_CHANGED
04-09 15:51:46.181: D/DeviceManagerBroadcastReceiver(1181): Set Alarm: false
04-09 15:51:46.208: D/WifiService(961): ACTION_BATTERY_CHANGED pluggedType: 0
04-09 15:52:01.235: W/WindowManager(961): No window to dispatch pointer action 0
04-09 15:52:01.382: W/WindowManager(961): No window to dispatch pointer action 1
04-09 15:52:01.958: W/WindowManager(961): No window to dispatch pointer action 0
04-09 15:52:02.038: W/WindowManager(961): No window to dispatch pointer action 1
04-09 15:52:02.169: W/WindowManager(961): No window to dispatch pointer action 0
04-09 15:52:02.249: W/WindowManager(961): No window to dispatch pointer action 1
04-09 15:52:02.347: W/WindowManager(961): No window to dispatch pointer action 0
04-09 15:52:02.425: W/WindowManager(961): No window to dispatch pointer action 1
04-09 15:52:02.520: W/WindowManager(961): No window to dispatch pointer action 0
04-09 15:52:02.600: W/WindowManager(961): No window to dispatch pointer action 1
04-09 15:52:05.446: W/WindowManager(961): No window to dispatch pointer action 0
04-09 15:52:05.540: W/WindowManager(961): No window to dispatch pointer action 1
04-09 15:52:05.671: W/WindowManager(961): No window to dispatch pointer action 0
04-09 15:52:05.737: W/WindowManager(961): No window to dispatch pointer action 1
04-09 15:52:05.845: W/WindowManager(961): No window to dispatch pointer action 0
04-09 15:52:05.911: W/WindowManager(961): No window to dispatch pointer action 1
04-09 15:52:06.018: W/WindowManager(961): No window to dispatch pointer action 0
04-09 15:52:06.071: W/WindowManager(961): No window to dispatch pointer action 1
04-09 15:52:06.179: W/WindowManager(961): No window to dispatch pointer action 0
04-09 15:52:06.245: W/WindowManager(961): No window to dispatch pointer action 1