?:??: W/?(?): --------- beginning of /dev/log/system
04-09 13:04:23.579: I/StorageNotification(961): Media {/mnt/media} state changed from {mounted} -> {unmounted}
04-09 13:04:23.583: D/VoldCmdListener(899): volume shared /mnt/media ums
04-09 13:04:23.594: I/StorageNotification(961): Media {/mnt/media} state changed from {unmounted} -> {shared}
04-09 13:04:24.569: I/ActivityManager(961): Starting activity: Intent { flg=0x10000000 cmp=android/com.android.server.status.UmsServerActivity }
04-09 13:04:25.573: I/ActivityManager(961): Starting activity: Intent { flg=0x10000000 cmp=android/com.android.server.status.UmsServerActivity }
04-09 13:04:26.575: I/ActivityManager(961): Starting activity: Intent { flg=0x10000000 cmp=android/com.android.server.status.UmsServerActivity }
04-09 13:04:27.579: I/ActivityManager(961): Starting activity: Intent { flg=0x10000000 cmp=android/com.android.server.status.UmsServerActivity }
04-09 13:04:28.583: I/ActivityManager(961): Starting activity: Intent { flg=0x10000000 cmp=android/com.android.server.status.UmsServerActivity }
04-09 13:04:29.587: I/ActivityManager(961): Starting activity: Intent { flg=0x10000000 cmp=android/com.android.server.status.UmsServerActivity }
04-09 13:04:30.591: I/ActivityManager(961): Starting activity: Intent { flg=0x10000000 cmp=android/com.android.server.status.UmsServerActivity }
04-09 13:04:31.594: I/ActivityManager(961): Starting activity: Intent { flg=0x10000000 cmp=android/com.android.server.status.UmsServerActivity }
04-09 13:04:32.598: I/ActivityManager(961): Starting activity: Intent { flg=0x10000000 cmp=android/com.android.server.status.UmsServerActivity }
04-09 13:04:32.965: I/MountService(961): onUmsDisconnected(): UMS mount state [UMS_STATE_SHARED]
04-09 13:04:32.965: I/MountService(961): onUmsDisconnected(): => all is OK; Ending UMS
04-09 13:04:33.016: W/MountService(961): Unsharing [/mnt/media] after cable disconnect
04-09 13:04:33.024: D/VoldCmdListener(899): volume unshare /mnt/media ums
04-09 13:04:33.053: W/Vold(899): Ignoring unknown switch 'usb_configuration'
04-09 13:04:33.081: D/Vold(899): Volume  state changing 7 (Shared-Unmounted) -> 1 (Idle-Unmounted)
04-09 13:04:33.169: D/WifiService(961): ACTION_BATTERY_CHANGED pluggedType: 0
04-09 13:04:33.176: I/StorageNotification(961): Media {/mnt/media} state changed from {shared} -> {unmounted}
04-09 13:04:33.208: D/VoldCmdListener(899): volume mount /mnt/media
04-09 13:04:33.208: I/Vold(899): /dev/block/vold/179:8 being considered for volume 
04-09 13:04:33.208: D/Vold(899): Volume  state changing 1 (Idle-Unmounted) -> 3 (Checking)
04-09 13:04:33.768: I/Vold(899): Filesystem check completed OK
04-09 13:04:33.774: I/Vold(899): Device /dev/block/vold/179:8, target /mnt/media mounted @ /mnt/secure/staging
04-09 13:04:33.774: D/Vold(899): Volume  state changing 3 (Checking) -> 4 (Mounted)
04-09 13:04:33.794: I/MountService(961): media [/mnt/media] successfully mounted on UMS enabled-disconnect
04-09 13:04:33.794: D/VoldCmdListener(899): volume shared /mnt/media ums
04-09 13:04:33.799: I/StorageNotification(961): Media {/mnt/media} state changed from {unmounted} -> {checking}
04-09 13:04:33.801: I/StorageNotification(961): Media {/mnt/media} state changed from {checking} -> {mounted}
04-09 13:04:34.014: W/InputManagerService(961): Window already focused, ignoring focus gain of: com.android.internal.view.IInputMethodClient$Stub$Proxy@4a29ebe0
04-09 13:04:34.065: D/VoldCmdListener(899): volume shared /mnt/media ums
04-09 13:04:37.561: D/WifiService(961): ACTION_BATTERY_CHANGED pluggedType: 0
04-09 13:04:42.383: D/WifiService(961): ACTION_BATTERY_CHANGED pluggedType: 1
04-09 13:05:07.569: D/WifiService(961): ACTION_BATTERY_CHANGED pluggedType: 1
04-09 13:05:37.774: D/WifiService(961): ACTION_BATTERY_CHANGED pluggedType: 1
04-09 13:06:07.588: D/WifiService(961): ACTION_BATTERY_CHANGED pluggedType: 1
04-09 13:06:37.596: D/WifiService(961): ACTION_BATTERY_CHANGED pluggedType: 1
04-09 13:06:42.346: D/WifiService(961): ACTION_SCREEN_OFF
04-09 13:06:42.379: D/WifiService(961): acquireWifiLockLocked: WifiLock{DeviceManagerService type=1 binder=android.os.BinderProxy@4a1a2e00}
04-09 13:06:42.473: D/WifiService(961): releaseWifiLockLocked: WifiLock{DeviceManagerService type=1 binder=android.os.BinderProxy@4a1a2e00}
04-09 13:07:07.616: D/WifiService(961): ACTION_BATTERY_CHANGED pluggedType: 1
04-09 13:07:37.631: D/WifiService(961): ACTION_BATTERY_CHANGED pluggedType: 1
04-09 13:08:07.651: D/WifiService(961): ACTION_BATTERY_CHANGED pluggedType: 1
04-09 13:08:37.657: D/WifiService(961): ACTION_BATTERY_CHANGED pluggedType: 1
04-09 13:09:07.676: D/WifiService(961): ACTION_BATTERY_CHANGED pluggedType: 1
04-09 13:10:07.700: D/WifiService(961): ACTION_BATTERY_CHANGED pluggedType: 1
04-09 13:10:37.870: D/WifiService(961): ACTION_BATTERY_CHANGED pluggedType: 1
04-09 13:11:07.725: D/WifiService(961): ACTION_BATTERY_CHANGED pluggedType: 1
04-09 13:11:37.747: D/WifiService(961): ACTION_BATTERY_CHANGED pluggedType: 1
04-09 13:12:07.751: D/WifiService(961): ACTION_BATTERY_CHANGED pluggedType: 1
04-09 13:12:37.768: D/WifiService(961): ACTION_BATTERY_CHANGED pluggedType: 1
04-09 13:13:07.788: D/WifiService(961): ACTION_BATTERY_CHANGED pluggedType: 1
04-09 13:13:37.794: D/WifiService(961): ACTION_BATTERY_CHANGED pluggedType: 1
04-09 13:14:07.811: D/WifiService(961): ACTION_BATTERY_CHANGED pluggedType: 1
04-09 13:14:37.821: D/WifiService(961): ACTION_BATTERY_CHANGED pluggedType: 1
04-09 13:15:07.837: D/WifiService(961): ACTION_BATTERY_CHANGED pluggedType: 1
04-09 13:15:37.838: D/WifiService(961): ACTION_BATTERY_CHANGED pluggedType: 1
04-09 13:16:07.856: D/WifiService(961): ACTION_BATTERY_CHANGED pluggedType: 1
04-09 13:16:38.044: D/WifiService(961): ACTION_BATTERY_CHANGED pluggedType: 1
04-09 13:17:07.881: D/WifiService(961): ACTION_BATTERY_CHANGED pluggedType: 1
04-09 13:17:37.901: D/WifiService(961): ACTION_BATTERY_CHANGED pluggedType: 1
04-09 13:18:07.922: D/WifiService(961): ACTION_BATTERY_CHANGED pluggedType: 1
04-09 13:18:37.928: D/WifiService(961): ACTION_BATTERY_CHANGED pluggedType: 1
04-09 13:19:07.942: D/WifiService(961): ACTION_BATTERY_CHANGED pluggedType: 1
04-09 13:19:37.948: D/WifiService(961): ACTION_BATTERY_CHANGED pluggedType: 1
04-09 13:20:07.967: D/WifiService(961): ACTION_BATTERY_CHANGED pluggedType: 1
04-09 13:20:37.971: D/WifiService(961): ACTION_BATTERY_CHANGED pluggedType: 1
04-09 13:21:07.987: D/WifiService(961): ACTION_BATTERY_CHANGED pluggedType: 1
04-09 13:21:38.008: D/WifiService(961): ACTION_BATTERY_CHANGED pluggedType: 1
04-09 13:22:08.169: D/WifiService(961): ACTION_BATTERY_CHANGED pluggedType: 1
04-09 13:23:08.051: D/WifiService(961): ACTION_BATTERY_CHANGED pluggedType: 1
04-09 13:23:38.053: D/WifiService(961): ACTION_BATTERY_CHANGED pluggedType: 1
04-09 13:24:08.071: D/WifiService(961): ACTION_BATTERY_CHANGED pluggedType: 1
04-09 13:24:38.079: D/WifiService(961): ACTION_BATTERY_CHANGED pluggedType: 1
04-09 13:25:08.092: D/WifiService(961): ACTION_BATTERY_CHANGED pluggedType: 1
04-09 13:25:38.102: D/WifiService(961): ACTION_BATTERY_CHANGED pluggedType: 1
04-09 13:26:08.116: D/WifiService(961): ACTION_BATTERY_CHANGED pluggedType: 1
04-09 13:26:38.139: D/WifiService(961): ACTION_BATTERY_CHANGED pluggedType: 1
04-09 13:27:08.143: D/WifiService(961): ACTION_BATTERY_CHANGED pluggedType: 1
04-09 13:28:08.165: D/WifiService(961): ACTION_BATTERY_CHANGED pluggedType: 1
04-09 13:28:38.184: D/WifiService(961): ACTION_BATTERY_CHANGED pluggedType: 1
04-09 13:29:08.186: D/WifiService(961): ACTION_BATTERY_CHANGED pluggedType: 1
04-09 13:29:38.208: D/WifiService(961): ACTION_BATTERY_CHANGED pluggedType: 1
04-09 13:30:08.227: D/WifiService(961): ACTION_BATTERY_CHANGED pluggedType: 1
04-09 13:30:18.139: D/WifiService(961): ACTION_SCREEN_ON
04-09 13:30:21.075: D/StatusBar(961): DISABLE_NOTIFICATION_ICONS: no
04-09 13:30:21.434: W/InputManagerService(961): Window already focused, ignoring focus gain of: com.android.internal.view.IInputMethodClient$Stub$Proxy@4a0e6280
04-09 13:30:38.243: D/WifiService(961): ACTION_BATTERY_CHANGED pluggedType: 1
04-09 13:30:40.168: I/ActivityManager(961): Starting activity: Intent { cmp=com.appcelerator.kitchensinknook/org.appcelerator.titanium.TiActivity (has extras) }
04-09 13:30:49.444: I/ActivityManager(961): Starting activity: Intent { cmp=com.appcelerator.kitchensinknook/org.appcelerator.titanium.TiActivity (has extras) }
04-09 13:30:54.409: I/ActivityManager(961): Starting activity: Intent { cmp=com.appcelerator.kitchensinknook/org.appcelerator.titanium.TiActivity (has extras) }
04-09 13:31:03.085: D/ConnectivityService(961): ConnectivityChange for WIFI: CONNECTING/OBTAINING_IPADDR
04-09 13:31:03.085: D/ConnectivityService(961): Dropping ConnectivityChange for WIFI: CONNECTING/OBTAINING_IPADDR
04-09 13:31:03.102: E/StatusBarPolicy(961): BN_Notification enabled. Status = 3
04-09 13:31:03.141: E/StatusBarPolicy(961): BN_Notification enabled. Status = 6
04-09 13:31:04.635: D/WifiWatchdogService(961): (android.server.ServerThread) Appcelerator Guests (c0:62:6b:66:cd:d2) does not require the watchdog
04-09 13:31:04.731: D/ConnectivityService(961): ConnectivityChange for WIFI: CONNECTED/CONNECTED
04-09 13:31:04.754: D/ConnectivityService(961): adding dns 66.28.0.45 for WIFI
04-09 13:31:04.754: D/ConnectivityService(961): adding dns 66.28.0.61 for WIFI
04-09 13:31:04.756: D/ConnectivityService(961): adding dns 8.8.8.8 for WIFI
04-09 13:31:04.756: D/ConnectivityService(961): adding dns 8.8.4.4 for WIFI
04-09 13:31:04.795: D/VoldCmdListener(899): share status ums
04-09 13:31:06.147: E/StatusBarPolicy(961): BN_Notification enabled. Status = 2
04-09 13:31:06.352: I/ActivityManager(961): Starting activity: Intent { cmp=com.appcelerator.kitchensinknook/org.appcelerator.titanium.TiActivity (has extras) }
04-09 13:31:08.023: D/WifiService(961): ACTION_BATTERY_CHANGED pluggedType: 1
04-09 13:31:14.199: D/WifiService(961): ACTION_BATTERY_CHANGED pluggedType: 0
04-09 13:31:24.790: I/ActivityManager(961): Starting activity: Intent { cmp=com.appcelerator.kitchensinknook/org.appcelerator.titanium.TiTranslucentActivity (has extras) }
04-09 13:31:38.044: D/WifiService(961): ACTION_BATTERY_CHANGED pluggedType: 0
04-09 13:31:43.921: I/ActivityManager(961): Starting activity: Intent { cmp=com.appcelerator.kitchensinknook/org.appcelerator.titanium.TiActivity (has extras) }
04-09 13:31:55.956: I/ActivityManager(961): Starting activity: Intent { cmp=com.appcelerator.kitchensinknook/org.appcelerator.titanium.TiActivity (has extras) }
04-09 13:32:04.579: I/ActivityManager(961): Starting activity: Intent { cmp=com.appcelerator.kitchensinknook/org.appcelerator.titanium.TiActivity (has extras) }
04-09 13:32:08.056: D/WifiService(961): ACTION_BATTERY_CHANGED pluggedType: 0
04-09 13:32:09.687: I/ActivityManager(961): Starting activity: Intent { cmp=com.appcelerator.kitchensinknook/org.appcelerator.titanium.TiActivity (has extras) }
04-09 13:32:19.562: I/ActivityManager(961): Starting activity: Intent { cmp=com.appcelerator.kitchensinknook/org.appcelerator.titanium.TiActivity (has extras) }
04-09 13:32:23.251: I/ActivityManager(961): Starting activity: Intent { cmp=com.appcelerator.kitchensinknook/org.appcelerator.titanium.TiActivity (has extras) }
04-09 13:32:36.630: I/ActivityManager(961): Starting activity: Intent { cmp=com.appcelerator.kitchensinknook/org.appcelerator.titanium.TiActivity (has extras) }
04-09 13:32:38.054: D/WifiService(961): ACTION_BATTERY_CHANGED pluggedType: 0
04-09 13:32:49.667: I/ActivityManager(961): Starting activity: Intent { cmp=com.appcelerator.kitchensinknook/org.appcelerator.titanium.TiActivity (has extras) }
04-09 13:32:53.136: I/ActivityManager(961): Starting activity: Intent { cmp=com.appcelerator.kitchensinknook/org.appcelerator.titanium.TiActivity (has extras) }
04-09 13:33:03.628: W/InputManagerService(961): Window already focused, ignoring focus gain of: com.android.internal.view.IInputMethodClient$Stub$Proxy@4a1fc348
04-09 13:33:08.072: D/WifiService(961): ACTION_BATTERY_CHANGED pluggedType: 0
04-09 13:33:09.027: I/ActivityManager(961): Starting activity: Intent { cmp=com.appcelerator.kitchensinknook/org.appcelerator.titanium.TiActivity (has extras) }
04-09 13:33:38.255: D/WifiService(961): ACTION_BATTERY_CHANGED pluggedType: 0
04-09 13:34:08.105: D/WifiService(961): ACTION_BATTERY_CHANGED pluggedType: 0
04-09 13:34:16.753: I/ActivityManager(961): Starting activity: Intent { cmp=com.appcelerator.kitchensinknook/org.appcelerator.titanium.TiActivity (has extras) }
04-09 13:34:20.466: W/InputManagerService(961): Window already focused, ignoring focus gain of: com.android.internal.view.IInputMethodClient$Stub$Proxy@4a17db08
04-09 13:34:26.790: I/ActivityManager(961): Starting activity: Intent { cmp=com.appcelerator.kitchensinknook/org.appcelerator.titanium.TiActivity (has extras) }
04-09 13:34:34.732: I/ActivityManager(961): Starting activity: Intent { cmp=com.appcelerator.kitchensinknook/org.appcelerator.titanium.TiActivity (has extras) }
04-09 13:34:38.085: D/WifiService(961): ACTION_BATTERY_CHANGED pluggedType: 0
04-09 13:34:56.181: I/ActivityManager(961): Starting activity: Intent { cmp=com.appcelerator.kitchensinknook/org.appcelerator.titanium.TiActivity (has extras) }
04-09 13:35:08.132: D/WifiService(961): ACTION_BATTERY_CHANGED pluggedType: 0
04-09 13:35:38.138: D/WifiService(961): ACTION_BATTERY_CHANGED pluggedType: 0
04-09 13:36:08.157: D/WifiService(961): ACTION_BATTERY_CHANGED pluggedType: 0
04-09 13:36:38.161: D/WifiService(961): ACTION_BATTERY_CHANGED pluggedType: 0
04-09 13:36:56.025: D/WifiService(961): ACTION_SCREEN_OFF
04-09 13:36:56.042: D/WifiService(961): setting ACTION_DEVICE_IDLE timer for 900000ms
04-09 13:36:56.230: D/WifiService(961): acquireWifiLockLocked: WifiLock{DeviceManagerService type=1 binder=android.os.BinderProxy@4a2f9cb8}
04-09 13:36:56.351: D/WifiService(961): releaseWifiLockLocked: WifiLock{DeviceManagerService type=1 binder=android.os.BinderProxy@4a2f9cb8}
04-09 13:37:01.183: D/StatusBar(961): DISABLE_EXPAND: yes
04-09 13:37:01.183: D/StatusBar(961): DISABLE_NOTIFICATION_ICONS: yes
04-09 13:51:56.049: D/WifiService(961): got ACTION_DEVICE_IDLE
04-09 13:52:24.444: D/WifiService(961): ACTION_BATTERY_CHANGED pluggedType: 0
04-09 13:52:26.069: D/WifiService(961): MESSAGE_STOP_WIFI: Last WifiLock released. Stop Driver
04-09 13:52:26.350: E/StatusBarPolicy(961): BN_Notification enabled. Status = 3
04-09 13:52:26.374: D/ConnectivityService(961): ConnectivityChange for WIFI: DISCONNECTED/IDLE
04-09 13:52:26.381: D/ConnectivityService(961): getMobileDataEnabled returning true
04-09 13:52:26.434: E/StatusBarPolicy(961): BN_Notification enabled. Status = 6
04-09 13:52:54.446: D/WifiService(961): MESSAGE_STOP_WIFI: Last WifiLock released. Stop Driver
04-09 14:39:44.580: D/WifiService(961): ACTION_SCREEN_ON
04-09 14:39:46.824: D/ConnectivityService(961): ConnectivityChange for WIFI: CONNECTING/CONNECTING
04-09 14:39:46.872: D/ConnectivityService(961): Dropping ConnectivityChange for WIFI: CONNECTING/AUTHENTICATING
04-09 14:39:46.941: D/ConnectivityService(961): Dropping ConnectivityChange for WIFI: CONNECTING/OBTAINING_IPADDR
04-09 14:39:47.374: D/WifiWatchdogService(961): (android.server.ServerThread) Appcelerator Guests (c0:62:6b:67:1f:e2) does not require the watchdog
04-09 14:39:47.466: D/ConnectivityService(961): ConnectivityChange for WIFI: CONNECTED/CONNECTED
04-09 14:39:47.714: D/ConnectivityService(961): adding dns 66.28.0.45 for WIFI
04-09 14:39:47.716: D/ConnectivityService(961): adding dns 66.28.0.61 for WIFI
04-09 14:39:47.716: D/ConnectivityService(961): adding dns 8.8.8.8 for WIFI
04-09 14:39:47.716: D/ConnectivityService(961): adding dns 8.8.4.4 for WIFI
04-09 14:39:47.755: D/VoldCmdListener(899): share status ums
04-09 14:39:48.009: D/StatusBar(961): DISABLE_NOTIFICATION_ICONS: no
04-09 14:39:48.261: W/InputManagerService(961): Window already focused, ignoring focus gain of: com.android.internal.view.IInputMethodClient$Stub$Proxy@4a207058
04-09 14:39:49.597: E/StatusBarPolicy(961): BN_Notification enabled. Status = 2
04-09 14:40:03.022: I/ActivityManager(961): Starting activity: Intent { cmp=com.appcelerator.kitchensinknook/org.appcelerator.titanium.TiActivity (has extras) }
04-09 14:40:12.723: I/ActivityManager(961): Starting activity: Intent { cmp=com.appcelerator.kitchensinknook/org.appcelerator.titanium.TiActivity (has extras) }
04-09 14:40:14.113: D/WifiService(961): ACTION_BATTERY_CHANGED pluggedType: 0
04-09 14:40:44.133: D/WifiService(961): ACTION_BATTERY_CHANGED pluggedType: 0
04-09 14:41:14.154: D/WifiService(961): ACTION_BATTERY_CHANGED pluggedType: 0
04-09 14:41:44.158: D/WifiService(961): ACTION_BATTERY_CHANGED pluggedType: 0
04-09 14:42:12.607: D/WifiService(961): ACTION_SCREEN_OFF
04-09 14:42:12.625: D/WifiService(961): setting ACTION_DEVICE_IDLE timer for 900000ms
04-09 14:42:12.650: D/WifiService(961): acquireWifiLockLocked: WifiLock{DeviceManagerService type=1 binder=android.os.BinderProxy@4a247440}
04-09 14:42:12.738: D/WifiService(961): releaseWifiLockLocked: WifiLock{DeviceManagerService type=1 binder=android.os.BinderProxy@4a247440}
04-09 14:42:14.170: D/WifiService(961): ACTION_BATTERY_CHANGED pluggedType: 0
04-09 14:42:17.898: D/StatusBar(961): DISABLE_EXPAND: yes
04-09 14:42:17.898: D/StatusBar(961): DISABLE_NOTIFICATION_ICONS: yes
04-09 14:44:16.728: D/WifiService(961): ACTION_SCREEN_ON
04-09 14:44:18.298: D/StatusBar(961): DISABLE_NOTIFICATION_ICONS: no
04-09 14:44:18.656: W/InputManagerService(961): Window already focused, ignoring focus gain of: com.android.internal.view.IInputMethodClient$Stub$Proxy@4a23eef0
04-09 14:44:24.609: I/ActivityManager(961): Starting activity: Intent { cmp=com.appcelerator.kitchensinknook/org.appcelerator.titanium.TiActivity (has extras) }
04-09 14:44:32.279: I/ActivityManager(961): Starting activity: Intent { cmp=com.appcelerator.kitchensinknook/org.appcelerator.titanium.TiActivity (has extras) }
04-09 14:44:35.834: I/ActivityManager(961): Starting activity: Intent { cmp=com.appcelerator.kitchensinknook/org.appcelerator.titanium.TiActivity (has extras) }
04-09 14:44:46.453: D/WifiService(961): ACTION_BATTERY_CHANGED pluggedType: 0
04-09 14:45:16.457: D/WifiService(961): ACTION_BATTERY_CHANGED pluggedType: 0
04-09 14:45:35.295: I/ActivityManager(961): Starting activity: Intent { cmp=com.appcelerator.kitchensinknook/org.appcelerator.titanium.TiActivity (has extras) }
04-09 14:45:38.666: I/ActivityManager(961): Starting activity: Intent { cmp=com.appcelerator.kitchensinknook/org.appcelerator.titanium.TiActivity (has extras) }
04-09 14:45:46.480: D/WifiService(961): ACTION_BATTERY_CHANGED pluggedType: 0
04-09 14:45:53.343: I/ActivityManager(961): Starting activity: Intent { cmp=com.appcelerator.kitchensinknook/org.appcelerator.titanium.TiActivity (has extras) }
04-09 14:46:05.427: I/ActivityManager(961): Starting activity: Intent { cmp=com.appcelerator.kitchensinknook/org.appcelerator.titanium.TiActivity (has extras) }
04-09 14:46:16.488: D/WifiService(961): ACTION_BATTERY_CHANGED pluggedType: 0
04-09 14:46:46.509: D/WifiService(961): ACTION_BATTERY_CHANGED pluggedType: 0
04-09 14:47:16.513: D/WifiService(961): ACTION_BATTERY_CHANGED pluggedType: 0
04-09 14:47:46.533: D/WifiService(961): ACTION_BATTERY_CHANGED pluggedType: 0
04-09 14:48:16.537: D/WifiService(961): ACTION_BATTERY_CHANGED pluggedType: 0
04-09 14:48:25.713: D/WifiService(961): ACTION_SCREEN_OFF
04-09 14:48:25.728: D/WifiService(961): setting ACTION_DEVICE_IDLE timer for 900000ms
04-09 14:48:25.754: D/WifiService(961): acquireWifiLockLocked: WifiLock{DeviceManagerService type=1 binder=android.os.BinderProxy@4a20dba0}
04-09 14:48:25.832: D/WifiService(961): releaseWifiLockLocked: WifiLock{DeviceManagerService type=1 binder=android.os.BinderProxy@4a20dba0}
04-09 14:48:30.838: D/StatusBar(961): DISABLE_EXPAND: yes
04-09 14:48:30.838: D/StatusBar(961): DISABLE_NOTIFICATION_ICONS: yes
04-09 14:50:48.006: D/WifiService(961): ACTION_SCREEN_ON
04-09 14:50:50.395: D/StatusBar(961): DISABLE_NOTIFICATION_ICONS: no
04-09 14:50:50.780: W/InputManagerService(961): Window already focused, ignoring focus gain of: com.android.internal.view.IInputMethodClient$Stub$Proxy@4a275860
04-09 14:51:17.455: D/WifiService(961): ACTION_BATTERY_CHANGED pluggedType: 0
04-09 14:51:38.108: I/MountService(961): onUmsConnected(): UMS mount state [UMS_STATE_MOUNTED]
04-09 14:51:38.108: I/MountService(961): onUmsConnected(): => all is OK; Starting UMS
04-09 14:51:38.125: W/Vold(899): Ignoring unknown switch 'usb_configuration'
04-09 14:51:38.160: D/VoldCmdListener(899): volume shared /mnt/media ums
04-09 14:51:38.168: I/ActivityManager(961): Starting activity: Intent { flg=0x10000000 cmp=android/com.android.server.status.UmsServerActivity }
04-09 14:51:38.203: D/VoldCmdListener(899): storage users /mnt/media
04-09 14:51:38.709: D/VoldCmdListener(899): storage users /mnt/media
04-09 14:51:38.809: D/WifiService(961): ACTION_BATTERY_CHANGED pluggedType: 0
04-09 14:51:38.973: D/VoldCmdListener(899): share status ums
04-09 14:51:38.985: D/VoldCmdListener(899): volume unmount /mnt/media force
04-09 14:51:38.985: D/Vold(899): Volume  state changing 4 (Mounted) -> 5 (Unmounting)
04-09 14:51:39.213: I/ActivityManager(961): Starting activity: Intent { flg=0x10000000 cmp=android/com.android.server.status.UmsServerActivity }
04-09 14:51:39.989: I/Vold(899): /mnt/secure/staging/.android_secure sucessfully unmounted
04-09 14:51:39.989: I/Vold(899): /mnt/secure/asec sucessfully unmounted
04-09 14:51:40.000: I/Vold(899): /mnt/secure/staging sucessfully unmounted
04-09 14:51:40.000: I/Vold(899): /mnt/media unmounted sucessfully
04-09 14:51:40.000: D/Vold(899): Volume  state changing 5 (Unmounting) -> 1 (Idle-Unmounted)
04-09 14:51:40.014: I/StorageNotification(961): Media {/mnt/media} state changed from {mounted} -> {unmounted}
04-09 14:51:40.035: D/VoldCmdListener(899): volume shared /mnt/media ums
04-09 14:51:40.053: D/VoldCmdListener(899): volume share /mnt/media ums
04-09 14:51:40.053: D/Vold(899): Volume  state changing 1 (Idle-Unmounted) -> 7 (Shared-Unmounted)
04-09 14:51:40.071: W/MountService(961): Duplicate state transition (unmounted -> unmounted)
04-09 14:51:40.153: I/StorageNotification(961): Media {/mnt/media} state changed from {unmounted} -> {shared}
04-09 14:51:40.215: I/ActivityManager(961): Starting activity: Intent { flg=0x10000000 cmp=android/com.android.server.status.UmsServerActivity }
04-09 14:51:41.217: I/ActivityManager(961): Starting activity: Intent { flg=0x10000000 cmp=android/com.android.server.status.UmsServerActivity }
04-09 14:51:42.221: I/ActivityManager(961): Starting activity: Intent { flg=0x10000000 cmp=android/com.android.server.status.UmsServerActivity }
04-09 14:51:43.225: I/ActivityManager(961): Starting activity: Intent { flg=0x10000000 cmp=android/com.android.server.status.UmsServerActivity }
04-09 14:51:44.227: I/ActivityManager(961): Starting activity: Intent { flg=0x10000000 cmp=android/com.android.server.status.UmsServerActivity }
04-09 14:51:45.231: I/ActivityManager(961): Starting activity: Intent { flg=0x10000000 cmp=android/com.android.server.status.UmsServerActivity }
04-09 14:51:46.233: I/ActivityManager(961): Starting activity: Intent { flg=0x10000000 cmp=android/com.android.server.status.UmsServerActivity }
04-09 14:51:47.237: I/ActivityManager(961): Starting activity: Intent { flg=0x10000000 cmp=android/com.android.server.status.UmsServerActivity }
04-09 14:51:47.459: D/WifiService(961): ACTION_BATTERY_CHANGED pluggedType: 0
04-09 14:51:48.241: I/ActivityManager(961): Starting activity: Intent { flg=0x10000000 cmp=android/com.android.server.status.UmsServerActivity }
04-09 14:51:49.246: I/ActivityManager(961): Starting activity: Intent { flg=0x10000000 cmp=android/com.android.server.status.UmsServerActivity }
04-09 14:51:50.250: I/ActivityManager(961): Starting activity: Intent { flg=0x10000000 cmp=android/com.android.server.status.UmsServerActivity }
04-09 14:51:51.254: I/ActivityManager(961): Starting activity: Intent { flg=0x10000000 cmp=android/com.android.server.status.UmsServerActivity }
04-09 14:51:52.259: I/ActivityManager(961): Starting activity: Intent { flg=0x10000000 cmp=android/com.android.server.status.UmsServerActivity }
04-09 14:51:53.264: I/ActivityManager(961): Starting activity: Intent { flg=0x10000000 cmp=android/com.android.server.status.UmsServerActivity }
04-09 14:51:54.270: I/ActivityManager(961): Starting activity: Intent { flg=0x10000000 cmp=android/com.android.server.status.UmsServerActivity }
04-09 14:51:55.272: I/ActivityManager(961): Starting activity: Intent { flg=0x10000000 cmp=android/com.android.server.status.UmsServerActivity }
04-09 14:51:56.278: I/ActivityManager(961): Starting activity: Intent { flg=0x10000000 cmp=android/com.android.server.status.UmsServerActivity }
04-09 14:51:57.283: I/ActivityManager(961): Starting activity: Intent { flg=0x10000000 cmp=android/com.android.server.status.UmsServerActivity }
04-09 14:51:58.286: I/ActivityManager(961): Starting activity: Intent { flg=0x10000000 cmp=android/com.android.server.status.UmsServerActivity }
04-09 14:51:59.290: I/ActivityManager(961): Starting activity: Intent { flg=0x10000000 cmp=android/com.android.server.status.UmsServerActivity }
04-09 14:52:00.297: I/ActivityManager(961): Starting activity: Intent { flg=0x10000000 cmp=android/com.android.server.status.UmsServerActivity }
04-09 14:52:00.783: I/MountService(961): onUmsDisconnected(): UMS mount state [UMS_STATE_SHARED]
04-09 14:52:00.783: I/MountService(961): onUmsDisconnected(): => all is OK; Ending UMS
04-09 14:52:00.828: W/MountService(961): Unsharing [/mnt/media] after cable disconnect
04-09 14:52:00.832: D/VoldCmdListener(899): volume unshare /mnt/media ums
04-09 14:52:00.840: W/Vold(899): Ignoring unknown switch 'usb_configuration'
04-09 14:52:00.846: D/Vold(899): Volume  state changing 7 (Shared-Unmounted) -> 1 (Idle-Unmounted)
04-09 14:52:00.889: I/StorageNotification(961): Media {/mnt/media} state changed from {shared} -> {unmounted}
04-09 14:52:00.901: D/VoldCmdListener(899): volume mount /mnt/media
04-09 14:52:00.903: I/Vold(899): /dev/block/vold/179:8 being considered for volume 
04-09 14:52:00.903: D/Vold(899): Volume  state changing 1 (Idle-Unmounted) -> 3 (Checking)
04-09 14:52:02.330: I/MountService(961): onUmsConnected(): UMS mount state [UMS_STATE_MOUNTING]
04-09 14:52:02.330: W/MountService(961): onUmsConnected(): => It seems there was a quick UMS disconnect -> connect
04-09 14:52:02.330: W/MountService(961): onUmsConnected(): => do nothing now; take action when mounted
04-09 14:52:02.332: W/Vold(899): Ignoring unknown switch 'usb_configuration'
04-09 14:52:04.217: I/Vold(899): Filesystem check completed OK
04-09 14:52:04.225: I/Vold(899): Device /dev/block/vold/179:8, target /mnt/media mounted @ /mnt/secure/staging
04-09 14:52:04.227: D/Vold(899): Volume  state changing 3 (Checking) -> 4 (Mounted)
04-09 14:52:04.239: W/MountService(961): onVolumeMounted(): => Seems like a long mount
04-09 14:52:04.239: W/MountService(961): onVolumeMounted(): => Starting UMS
04-09 14:52:04.276: I/MountService(961): media [/mnt/media] successfully mounted on UMS enabled-disconnect
04-09 14:52:04.278: D/VoldCmdListener(899): volume shared /mnt/media ums
04-09 14:52:04.291: I/StorageNotification(961): Media {/mnt/media} state changed from {unmounted} -> {checking}
04-09 14:52:04.295: I/StorageNotification(961): Media {/mnt/media} state changed from {checking} -> {mounted}
04-09 14:52:04.319: D/VoldCmdListener(899): volume shared /mnt/media ums
04-09 14:52:04.555: I/ActivityManager(961): Starting activity: Intent { flg=0x10000000 cmp=android/com.android.server.status.UmsServerActivity }
04-09 14:52:04.573: D/VoldCmdListener(899): storage users /mnt/media
04-09 14:52:04.813: D/VoldCmdListener(899): volume shared /mnt/media ums
04-09 14:52:04.828: D/VoldCmdListener(899): storage users /mnt/media
04-09 14:52:05.026: D/VoldCmdListener(899): share status ums
04-09 14:52:05.041: D/VoldCmdListener(899): volume unmount /mnt/media force
04-09 14:52:05.041: D/Vold(899): Volume  state changing 4 (Mounted) -> 5 (Unmounting)
04-09 14:52:05.569: I/ActivityManager(961): Starting activity: Intent { flg=0x10000000 cmp=android/com.android.server.status.UmsServerActivity }
04-09 14:52:06.051: I/Vold(899): /mnt/secure/staging/.android_secure sucessfully unmounted
04-09 14:52:06.051: I/Vold(899): /mnt/secure/asec sucessfully unmounted
04-09 14:52:06.065: I/Vold(899): /mnt/secure/staging sucessfully unmounted
04-09 14:52:06.065: I/Vold(899): /mnt/media unmounted sucessfully
04-09 14:52:06.065: D/Vold(899): Volume  state changing 5 (Unmounting) -> 1 (Idle-Unmounted)
04-09 14:52:06.080: I/StorageNotification(961): Media {/mnt/media} state changed from {mounted} -> {unmounted}
04-09 14:52:06.100: D/VoldCmdListener(899): volume share /mnt/media ums
04-09 14:52:06.102: D/Vold(899): Volume  state changing 1 (Idle-Unmounted) -> 7 (Shared-Unmounted)
04-09 14:52:06.108: W/MountService(961): Duplicate state transition (unmounted -> unmounted)
04-09 14:52:06.156: D/VoldCmdListener(899): volume shared /mnt/media ums
04-09 14:52:06.160: I/StorageNotification(961): Media {/mnt/media} state changed from {unmounted} -> {shared}
04-09 14:52:06.571: I/ActivityManager(961): Starting activity: Intent { flg=0x10000000 cmp=android/com.android.server.status.UmsServerActivity }
04-09 14:52:07.586: I/ActivityManager(961): Starting activity: Intent { flg=0x10000000 cmp=android/com.android.server.status.UmsServerActivity }
04-09 14:52:08.604: I/ActivityManager(961): Starting activity: Intent { flg=0x10000000 cmp=android/com.android.server.status.UmsServerActivity }
04-09 14:52:09.608: I/ActivityManager(961): Starting activity: Intent { flg=0x10000000 cmp=android/com.android.server.status.UmsServerActivity }
04-09 14:52:10.629: I/ActivityManager(961): Starting activity: Intent { flg=0x10000000 cmp=android/com.android.server.status.UmsServerActivity }
04-09 14:52:11.635: I/ActivityManager(961): Starting activity: Intent { flg=0x10000000 cmp=android/com.android.server.status.UmsServerActivity }
04-09 14:52:12.641: I/ActivityManager(961): Starting activity: Intent { flg=0x10000000 cmp=android/com.android.server.status.UmsServerActivity }
04-09 14:52:13.644: I/ActivityManager(961): Starting activity: Intent { flg=0x10000000 cmp=android/com.android.server.status.UmsServerActivity }
04-09 14:52:14.647: I/ActivityManager(961): Starting activity: Intent { flg=0x10000000 cmp=android/com.android.server.status.UmsServerActivity }
04-09 14:52:15.651: I/ActivityManager(961): Starting activity: Intent { flg=0x10000000 cmp=android/com.android.server.status.UmsServerActivity }
04-09 14:52:15.990: I/MountService(961): onUmsDisconnected(): UMS mount state [UMS_STATE_SHARED]
04-09 14:52:15.990: I/MountService(961): onUmsDisconnected(): => all is OK; Ending UMS
04-09 14:52:16.051: W/MountService(961): Unsharing [/mnt/media] after cable disconnect
04-09 14:52:16.053: D/VoldCmdListener(899): volume unshare /mnt/media ums
04-09 14:52:16.053: D/Vold(899): Volume  state changing 7 (Shared-Unmounted) -> 1 (Idle-Unmounted)
04-09 14:52:16.090: I/StorageNotification(961): Media {/mnt/media} state changed from {shared} -> {unmounted}
04-09 14:52:16.096: D/VoldCmdListener(899): volume mount /mnt/media
04-09 14:52:16.096: I/Vold(899): /dev/block/vold/179:8 being considered for volume 
04-09 14:52:16.096: D/Vold(899): Volume  state changing 1 (Idle-Unmounted) -> 3 (Checking)
04-09 14:52:16.688: I/Vold(899): Filesystem check completed OK
04-09 14:52:16.694: I/Vold(899): Device /dev/block/vold/179:8, target /mnt/media mounted @ /mnt/secure/staging
04-09 14:52:16.694: D/Vold(899): Volume  state changing 3 (Checking) -> 4 (Mounted)
04-09 14:52:16.713: I/MountService(961): media [/mnt/media] successfully mounted on UMS enabled-disconnect
04-09 14:52:16.715: D/VoldCmdListener(899): volume shared /mnt/media ums
04-09 14:52:16.719: I/StorageNotification(961): Media {/mnt/media} state changed from {unmounted} -> {checking}
04-09 14:52:16.721: I/StorageNotification(961): Media {/mnt/media} state changed from {checking} -> {mounted}
04-09 14:52:16.842: W/InputManagerService(961): Window already focused, ignoring focus gain of: com.android.internal.view.IInputMethodClient$Stub$Proxy@4a290588
04-09 14:52:16.883: D/VoldCmdListener(899): volume shared /mnt/media ums
04-09 14:52:17.440: D/WifiService(961): ACTION_BATTERY_CHANGED pluggedType: 0
04-09 14:52:47.498: D/WifiService(961): ACTION_BATTERY_CHANGED pluggedType: 0
04-09 14:53:47.531: D/WifiService(961): ACTION_BATTERY_CHANGED pluggedType: 0
04-09 14:54:07.840: D/WifiService(961): ACTION_SCREEN_OFF
04-09 14:54:07.858: D/WifiService(961): setting ACTION_DEVICE_IDLE timer for 900000ms
04-09 14:54:07.883: D/WifiService(961): acquireWifiLockLocked: WifiLock{DeviceManagerService type=1 binder=android.os.BinderProxy@4a22f4a0}
04-09 14:54:08.190: D/WifiService(961): releaseWifiLockLocked: WifiLock{DeviceManagerService type=1 binder=android.os.BinderProxy@4a22f4a0}
04-09 14:54:12.412: D/StatusBar(961): DISABLE_EXPAND: yes
04-09 14:54:12.412: D/StatusBar(961): DISABLE_NOTIFICATION_ICONS: yes
04-09 14:54:13.199: I/ActivityManager(961): Start proc com.android.defcontainer for service com.android.defcontainer/.DefaultContainerService: pid=2695 uid=10017 gids={1015, 2001}
04-09 14:54:16.447: I/ActivityManager(961): Force stopping package com.appcelerator.kitchensinknook uid=10026
04-09 14:54:16.451: I/ActivityManager(961): Force finishing activity HistoryRecord{4a303ab8 com.appcelerator.kitchensinknook/org.appcelerator.titanium.TiActivity}
04-09 14:54:16.453: I/ActivityManager(961): Force finishing activity HistoryRecord{4a28e8f8 com.appcelerator.kitchensinknook/org.appcelerator.titanium.TiActivity}
04-09 14:54:16.453: I/ActivityManager(961): Force finishing activity HistoryRecord{4a1e4998 com.appcelerator.kitchensinknook/org.appcelerator.titanium.TiActivity}
04-09 14:54:16.453: I/ActivityManager(961): Force finishing activity HistoryRecord{4a28baa0 com.appcelerator.kitchensinknook/ti.modules.titanium.ui.TiTabActivity}
04-09 14:54:16.453: I/ActivityManager(961): Force finishing activity HistoryRecord{4a2148f0 com.appcelerator.kitchensinknook/.KitchensinkNookActivity}
04-09 14:54:16.645: I/WindowManager(961): WIN DEATH: Window{4a262458 com.appcelerator.kitchensinknook/com.appcelerator.kitchensinknook.KitchensinkNookActivity paused=true}
04-09 14:54:16.649: I/WindowManager(961): WIN DEATH: Window{4a270f38 com.appcelerator.kitchensinknook/ti.modules.titanium.ui.TiTabActivity paused=true}
04-09 14:54:16.649: I/WindowManager(961): WIN DEATH: Window{4a305788 com.appcelerator.kitchensinknook/org.appcelerator.titanium.TiActivity paused=true}
04-09 14:54:16.656: I/WindowManager(961): WIN DEATH: Window{4a26cd68 com.appcelerator.kitchensinknook/org.appcelerator.titanium.TiActivity paused=true}
04-09 14:54:16.658: I/WindowManager(961): WIN DEATH: Window{4a2bd9c8 com.appcelerator.kitchensinknook/org.appcelerator.titanium.TiActivity paused=true}
04-09 14:54:16.830: I/PackageManager(961): Package com.appcelerator.kitchensinknook codePath changed from /data/app/com.appcelerator.kitchensinknook-1.apk to /data/app/com.appcelerator.kitchensinknook-2.apk; Retaining data and using new
04-09 14:54:16.949: I/UsageStats(961): Something wrong here, didn't expect com.bn.nook.library to be paused
04-09 14:54:17.508: D/WifiService(961): ACTION_BATTERY_CHANGED pluggedType: 0
04-09 14:54:20.715: I/ActivityManager(961): Force stopping package com.appcelerator.kitchensinknook uid=10026
04-09 14:54:20.737: W/PackageManager(961): Code path for pkg : com.appcelerator.kitchensinknook changing from /data/app/com.appcelerator.kitchensinknook-1.apk to /data/app/com.appcelerator.kitchensinknook-2.apk
04-09 14:54:20.748: W/PackageManager(961): Resource path for pkg : com.appcelerator.kitchensinknook changing from /data/app/com.appcelerator.kitchensinknook-1.apk to /data/app/com.appcelerator.kitchensinknook-2.apk
04-09 14:54:21.457: I/ActivityManager(961): Force stopping package com.appcelerator.kitchensinknook uid=10026
04-09 14:54:21.862: I/ActivityManager(961): Start proc com.svox.pico for broadcast com.svox.pico/.VoiceDataInstallerReceiver: pid=2705 uid=10006 gids={}
04-09 14:54:21.867: W/RecognitionManagerService(961): no available voice recognition services found
04-09 14:54:22.047: I/ActivityManager(961): Start proc com.android.quicksearchbox for broadcast com.android.quicksearchbox/.CorporaUpdateReceiver: pid=2711 uid=10004 gids={3003}
04-09 14:54:25.045: I/UsageStats(961): Unexpected resume of com.bn.nook.library while already resumed in com.bn.nook.library
04-09 14:54:25.240: W/InputManagerService(961): Got RemoteException sending 'screen on/off' notification to pid 1350 uid 10026
04-09 14:54:25.244: D/WifiService(961): ACTION_SCREEN_ON
04-09 14:54:27.240: D/StatusBar(961): DISABLE_NOTIFICATION_ICONS: no
04-09 14:54:27.668: W/InputManagerService(961): Got RemoteException sending setActive(false) notification to pid 1350 uid 10026
04-09 14:54:29.555: I/ActivityManager(961): Starting activity: Intent { cmp=com.bn.nook.applauncher/.jump.JumpActivity }
04-09 14:54:29.928: W/InputManagerService(961): Starting input on non-focused client com.android.internal.view.IInputMethodClient$Stub$Proxy@4a2484d8 (uid=10003 pid=1333)
04-09 14:54:31.403: I/ActivityManager(961): Starting activity: Intent { act=android.intent.action.MAIN cat=[android.intent.category.LAUNCHER] flg=0x10200000 cmp=com.appcelerator.kitchensinknook/.KitchensinkNookActivity }
04-09 14:54:31.514: I/ActivityManager(961): Start proc com.appcelerator.kitchensinknook for activity com.appcelerator.kitchensinknook/.KitchensinkNookActivity: pid=2723 uid=10026 gids={1015, 3003}
04-09 14:54:33.719: I/ActivityManager(961): Starting activity: Intent { cmp=com.appcelerator.kitchensinknook/ti.modules.titanium.ui.TiTabActivity (has extras) }
04-09 14:54:34.908: W/InputManagerService(961): Starting input on non-focused client com.android.internal.view.IInputMethodClient$Stub$Proxy@4a1f8688 (uid=10024 pid=1240)
04-09 14:54:38.656: I/ActivityManager(961): Starting activity: Intent { cmp=com.appcelerator.kitchensinknook/org.appcelerator.titanium.TiActivity (has extras) }
04-09 14:54:41.455: I/ActivityManager(961): Starting activity: Intent { cmp=com.appcelerator.kitchensinknook/org.appcelerator.titanium.TiActivity (has extras) }
04-09 14:54:47.574: D/WifiService(961): ACTION_BATTERY_CHANGED pluggedType: 0
04-09 14:54:50.576: I/ActivityManager(961): Starting activity: Intent { cmp=com.appcelerator.kitchensinknook/org.appcelerator.titanium.TiActivity (has extras) }
04-09 14:54:52.908: I/ActivityManager(961): Starting activity: Intent { cmp=com.appcelerator.kitchensinknook/org.appcelerator.titanium.TiActivity (has extras) }
04-09 14:54:55.438: I/ActivityManager(961): Starting activity: Intent { cmp=com.appcelerator.kitchensinknook/org.appcelerator.titanium.TiActivity (has extras) }
04-09 14:55:17.537: D/WifiService(961): ACTION_BATTERY_CHANGED pluggedType: 0
04-09 14:55:47.606: D/WifiService(961): ACTION_BATTERY_CHANGED pluggedType: 0
04-09 14:56:17.789: D/WifiService(961): ACTION_BATTERY_CHANGED pluggedType: 0
04-09 14:56:30.346: I/ActivityManager(961): Force stopping package com.appcelerator.kitchensinknook uid=10026
04-09 14:56:30.352: I/ActivityManager(961): Force finishing activity HistoryRecord{4a22f380 com.appcelerator.kitchensinknook/org.appcelerator.titanium.TiActivity}
04-09 14:56:30.352: I/ActivityManager(961): Force finishing activity HistoryRecord{4a2223a8 com.appcelerator.kitchensinknook/org.appcelerator.titanium.TiActivity}
04-09 14:56:30.364: I/ActivityManager(961): Force finishing activity HistoryRecord{4a1f16f0 com.appcelerator.kitchensinknook/ti.modules.titanium.ui.TiTabActivity}
04-09 14:56:30.364: I/ActivityManager(961): Force finishing activity HistoryRecord{4a17f5f8 com.appcelerator.kitchensinknook/.KitchensinkNookActivity}
04-09 14:56:30.416: I/WindowManager(961): WIN DEATH: Window{4a2644a8 com.appcelerator.kitchensinknook/com.appcelerator.kitchensinknook.KitchensinkNookActivity paused=true}
04-09 14:56:30.418: I/WindowManager(961): WIN DEATH: Window{4a28d758 com.appcelerator.kitchensinknook/org.appcelerator.titanium.TiActivity paused=true}
04-09 14:56:30.420: I/WindowManager(961): WIN DEATH: Window{4a276220 com.appcelerator.kitchensinknook/ti.modules.titanium.ui.TiTabActivity paused=true}
04-09 14:56:30.422: I/WindowManager(961): WIN DEATH: Window{4a2f7688 com.appcelerator.kitchensinknook/org.appcelerator.titanium.TiActivity paused=false}
04-09 14:56:30.424: I/WindowManager(961): WIN DEATH: Window{4a2bd9c8 com.appcelerator.kitchensinknook/org.appcelerator.titanium.TiActivity paused=true}
04-09 14:56:30.555: I/UsageStats(961): Unexpected resume of com.bn.nook.library while already resumed in com.appcelerator.kitchensinknook
04-09 14:56:30.754: I/PackageManager(961): Package com.appcelerator.kitchensinknook codePath changed from /data/app/com.appcelerator.kitchensinknook-2.apk to /data/app/com.appcelerator.kitchensinknook-1.apk; Retaining data and using new
04-09 14:56:30.780: W/InputManagerService(961): Got RemoteException sending setActive(false) notification to pid 2723 uid 10026
04-09 14:56:36.715: I/ActivityManager(961): Force stopping package com.appcelerator.kitchensinknook uid=10026
04-09 14:56:36.719: W/PackageManager(961): Code path for pkg : com.appcelerator.kitchensinknook changing from /data/app/com.appcelerator.kitchensinknook-2.apk to /data/app/com.appcelerator.kitchensinknook-1.apk
04-09 14:56:36.721: W/PackageManager(961): Resource path for pkg : com.appcelerator.kitchensinknook changing from /data/app/com.appcelerator.kitchensinknook-2.apk to /data/app/com.appcelerator.kitchensinknook-1.apk
04-09 14:56:36.957: I/ActivityManager(961): Force stopping package com.appcelerator.kitchensinknook uid=10026
04-09 14:56:37.274: W/RecognitionManagerService(961): no available voice recognition services found
04-09 14:56:38.826: I/ActivityManager(961): Starting activity: Intent { cmp=com.bn.nook.applauncher/.jump.JumpActivity }
04-09 14:56:39.110: W/InputManagerService(961): Starting input on non-focused client com.android.internal.view.IInputMethodClient$Stub$Proxy@4a2484d8 (uid=10003 pid=1333)
04-09 14:56:41.951: I/ActivityManager(961): Starting activity: Intent { act=android.intent.action.MAIN cat=[android.intent.category.LAUNCHER] flg=0x10200000 cmp=com.appcelerator.kitchensinknook/.KitchensinkNookActivity }
04-09 14:56:42.031: I/ActivityManager(961): Start proc com.appcelerator.kitchensinknook for activity com.appcelerator.kitchensinknook/.KitchensinkNookActivity: pid=2761 uid=10026 gids={1015, 3003}
04-09 14:56:44.196: I/ActivityManager(961): Starting activity: Intent { cmp=com.appcelerator.kitchensinknook/ti.modules.titanium.ui.TiTabActivity (has extras) }
04-09 14:56:45.170: W/InputManagerService(961): Starting input on non-focused client com.android.internal.view.IInputMethodClient$Stub$Proxy@4a1f8688 (uid=10024 pid=1240)
04-09 14:56:47.588: I/ActivityManager(961): Starting activity: Intent { cmp=com.appcelerator.kitchensinknook/org.appcelerator.titanium.TiActivity (has extras) }
04-09 14:56:47.682: D/WifiService(961): ACTION_BATTERY_CHANGED pluggedType: 0
04-09 14:56:50.658: I/ActivityManager(961): Starting activity: Intent { cmp=com.appcelerator.kitchensinknook/org.appcelerator.titanium.TiActivity (has extras) }
04-09 14:56:52.951: I/ActivityManager(961): Starting activity: Intent { cmp=com.appcelerator.kitchensinknook/org.appcelerator.titanium.TiActivity (has extras) }
04-09 14:57:17.631: D/WifiService(961): ACTION_BATTERY_CHANGED pluggedType: 0
04-09 14:57:47.660: D/WifiService(961): ACTION_BATTERY_CHANGED pluggedType: 0
04-09 14:58:15.625: I/ActivityManager(961): Force stopping package com.appcelerator.kitchensinknook uid=10026
04-09 14:58:15.633: I/ActivityManager(961): Force finishing activity HistoryRecord{4a238088 com.appcelerator.kitchensinknook/org.appcelerator.titanium.TiActivity}
04-09 14:58:15.641: I/ActivityManager(961): Force finishing activity HistoryRecord{4a22f380 com.appcelerator.kitchensinknook/org.appcelerator.titanium.TiActivity}
04-09 14:58:15.643: I/ActivityManager(961): Force finishing activity HistoryRecord{4a2223a8 com.appcelerator.kitchensinknook/ti.modules.titanium.ui.TiTabActivity}
04-09 14:58:15.645: I/ActivityManager(961): Force finishing activity HistoryRecord{4a199780 com.appcelerator.kitchensinknook/.KitchensinkNookActivity}
04-09 14:58:15.688: I/WindowManager(961): WIN DEATH: Window{4a2bd9c8 com.appcelerator.kitchensinknook/com.appcelerator.kitchensinknook.KitchensinkNookActivity paused=true}
04-09 14:58:15.690: I/WindowManager(961): WIN DEATH: Window{4a1e3418 com.appcelerator.kitchensinknook/ti.modules.titanium.ui.TiTabActivity paused=true}
04-09 14:58:15.690: I/WindowManager(961): WIN DEATH: Window{4a1f4978 com.appcelerator.kitchensinknook/org.appcelerator.titanium.TiActivity paused=true}
04-09 14:58:15.692: I/WindowManager(961): WIN DEATH: Window{4a21f9c0 com.appcelerator.kitchensinknook/org.appcelerator.titanium.TiActivity paused=false}
04-09 14:58:15.694: I/WindowManager(961): WIN DEATH: Window{4a1f8b18 com.appcelerator.kitchensinknook/org.appcelerator.titanium.TiActivity paused=true}
04-09 14:58:15.699: I/UsageStats(961): Unexpected resume of com.bn.nook.library while already resumed in com.appcelerator.kitchensinknook
04-09 14:58:15.799: W/InputManagerService(961): Got RemoteException sending setActive(false) notification to pid 2761 uid 10026
04-09 14:58:16.123: I/PackageManager(961): Package com.appcelerator.kitchensinknook codePath changed from /data/app/com.appcelerator.kitchensinknook-1.apk to /data/app/com.appcelerator.kitchensinknook-2.apk; Retaining data and using new
04-09 14:58:17.600: D/WifiService(961): ACTION_BATTERY_CHANGED pluggedType: 0
04-09 14:58:22.020: I/ActivityManager(961): Force stopping package com.appcelerator.kitchensinknook uid=10026
04-09 14:58:22.024: W/PackageManager(961): Code path for pkg : com.appcelerator.kitchensinknook changing from /data/app/com.appcelerator.kitchensinknook-1.apk to /data/app/com.appcelerator.kitchensinknook-2.apk
04-09 14:58:22.026: W/PackageManager(961): Resource path for pkg : com.appcelerator.kitchensinknook changing from /data/app/com.appcelerator.kitchensinknook-1.apk to /data/app/com.appcelerator.kitchensinknook-2.apk
04-09 14:58:22.455: I/ActivityManager(961): Force stopping package com.appcelerator.kitchensinknook uid=10026
04-09 14:58:22.608: W/RecognitionManagerService(961): no available voice recognition services found
04-09 14:58:38.096: I/ActivityManager(961): Starting activity: Intent { cmp=com.bn.nook.applauncher/.jump.JumpActivity }
04-09 14:58:38.485: W/InputManagerService(961): Starting input on non-focused client com.android.internal.view.IInputMethodClient$Stub$Proxy@4a2484d8 (uid=10003 pid=1333)
04-09 14:58:39.832: I/ActivityManager(961): Starting activity: Intent { act=android.intent.action.MAIN cat=[android.intent.category.LAUNCHER] flg=0x10200000 cmp=com.appcelerator.kitchensinknook/.KitchensinkNookActivity }
04-09 14:58:39.873: I/ActivityManager(961): Start proc com.appcelerator.kitchensinknook for activity com.appcelerator.kitchensinknook/.KitchensinkNookActivity: pid=2796 uid=10026 gids={1015, 3003}
04-09 14:58:41.887: W/Vold(899): Ignoring unknown switch 'usb_configuration'
04-09 14:58:41.975: D/WifiService(961): ACTION_BATTERY_CHANGED pluggedType: 0
04-09 14:58:42.061: I/ActivityManager(961): Starting activity: Intent { cmp=com.appcelerator.kitchensinknook/ti.modules.titanium.ui.TiTabActivity (has extras) }
04-09 14:58:42.955: W/InputManagerService(961): Starting input on non-focused client com.android.internal.view.IInputMethodClient$Stub$Proxy@4a1f8688 (uid=10024 pid=1240)
04-09 14:58:47.653: D/WifiService(961): ACTION_BATTERY_CHANGED pluggedType: 0
04-09 14:58:48.086: I/ActivityManager(961): Starting activity: Intent { cmp=com.appcelerator.kitchensinknook/org.appcelerator.titanium.TiActivity (has extras) }
04-09 14:58:55.151: I/ActivityManager(961): Starting activity: Intent { cmp=com.bn.nook.applauncher/.jump.JumpActivity }
04-09 14:58:55.576: W/InputManagerService(961): Starting input on non-focused client com.android.internal.view.IInputMethodClient$Stub$Proxy@4a2484d8 (uid=10003 pid=1333)
04-09 14:58:56.949: I/ActivityManager(961): Starting activity: Intent { act=android.intent.action.MAIN cat=[android.intent.category.LAUNCHER] flg=0x10200000 cmp=com.appcelerator.kitchensinknook/.KitchensinkNookActivity }
04-09 14:58:58.504: I/ActivityManager(961): Starting activity: Intent { cmp=com.appcelerator.kitchensinknook/ti.modules.titanium.ui.TiTabActivity (has extras) }
04-09 14:58:59.914: W/InputManagerService(961): Starting input on non-focused client com.android.internal.view.IInputMethodClient$Stub$Proxy@4a1f8688 (uid=10024 pid=1240)
04-09 14:59:01.270: I/ActivityManager(961): Starting activity: Intent { cmp=com.appcelerator.kitchensinknook/org.appcelerator.titanium.TiActivity (has extras) }
04-09 14:59:03.563: I/ActivityManager(961): Starting activity: Intent { cmp=com.appcelerator.kitchensinknook/org.appcelerator.titanium.TiActivity (has extras) }
04-09 14:59:05.883: I/ActivityManager(961): Starting activity: Intent { cmp=com.appcelerator.kitchensinknook/org.appcelerator.titanium.TiActivity (has extras) }
04-09 14:59:17.664: D/WifiService(961): ACTION_BATTERY_CHANGED pluggedType: 0
04-09 14:59:32.434: I/ActivityManager(961): Starting activity: Intent { cmp=com.appcelerator.kitchensinknook/org.appcelerator.titanium.TiActivity (has extras) }
04-09 14:59:37.147: I/WindowManager(961): Setting rotation to 3, animFlags=0
04-09 14:59:37.149: I/ActivityManager(961): Config changed: { scale=1.0 imsi=0/0 loc=en_US touch=3 keys=1/1/2 nav=1/1 orien=2(-1) layout=35 uiMode=0 seq=2}
04-09 14:59:39.145: I/WindowManager(961): Setting rotation to 0, animFlags=0
