04-09 15:43:31.235: I/ActivityManager(961): Starting activity: Intent { cmp=com.appcelerator.kitchensinknook/org.appcelerator.titanium.TiActivity (has extras) }
04-09 15:43:31.239: D/Window(2796): Loading window with URL: ../examples/custom_events.js
04-09 15:43:31.245: D/Module(2796): Loading module: ../examples/custom_events -> Resources/examples/custom_events.js
04-09 15:43:31.628: W/ActivityManager(961): Activity pause timeout for HistoryRecord{4a2c4a70 com.appcelerator.kitchensinknook/org.appcelerator.titanium.TiActivity}
04-09 15:43:31.770: D/TiUIView(2796): (main) [75942,2672972] Nativeview is null
04-09 15:43:31.774: D/Window(2796): Loading window with URL: ../examples/custom_events.js
04-09 15:43:31.780: D/Module(2796): Loading module: ../examples/custom_events -> Resources/examples/custom_events.js
04-09 15:43:32.042: I/SurfaceFlinger(961):
04-09 15:43:32.042: I/SurfaceFlinger(961): SurfaceFlinger::createSurface() : layer->mIdentity=165, LayerName= com.appcelerator.kitchensinknook/org.appcelerator.titanium.TiActivity
04-09 15:43:32.042: I/SurfaceFlinger(961): SurfaceFlinger::createSurface() : layer->clientIndex=1, surfaceHandle->mToken=0x1
04-09 15:43:32.087: D/TiUIView(2796): (main) [316,2673288] Nativeview is null
04-09 15:43:32.097: I/SurfaceFlinger(961):
04-09 15:43:32.097: I/SurfaceFlinger(961): SurfaceFlinger::createSurface() : layer->mIdentity=166, LayerName= com.appcelerator.kitchensinknook/org.appcelerator.titanium.TiActivity
04-09 15:43:32.097: I/SurfaceFlinger(961): SurfaceFlinger::createSurface() : layer->clientIndex=2, surfaceHandle->mToken=0x2
04-09 15:43:32.102: D/TiUIView(2796): (main) [15,2673303] Nativeview is null
04-09 15:43:32.141: D/TiUIView(2796): (main) [38,2673341] Nativeview is null
04-09 15:43:32.181: I/ActivityManager(961): Displayed activity com.appcelerator.kitchensinknook/org.appcelerator.titanium.TiActivity: 1124 ms (total 1124 ms)
04-09 15:43:32.358: I/ActivityManager(961): Displayed activity com.appcelerator.kitchensinknook/org.appcelerator.titanium.TiActivity: 730 ms (total 730 ms)
04-09 15:43:46.003: D/DeviceManagerBroadcastReceiver(1181): Updated Battery Level: 96
04-09 15:43:46.003: D/DeviceManagerBroadcastReceiver(1181): Action: android.intent.action.BATTERY_CHANGED
04-09 15:43:46.005: D/DeviceManagerBroadcastReceiver(1181): Set Alarm: false
04-09 15:43:46.030: D/WifiService(961): ACTION_BATTERY_CHANGED pluggedType: 0
04-09 15:44:14.991: D/WindowManager(961): interceptKeyTi code=4 down=true repeatCount=0 keyguardOn=false mHomePressed=false
04-09 15:44:15.001: D/WindowManager(961): interceptKeyTi code=4 down=false repeatCount=0 keyguardOn=false mHomePressed=false
04-09 15:44:15.653: D/Window(2796): Loading window with URL: ../examples/custom_events.js
04-09 15:44:15.659: D/Module(2796): Loading module: ../examples/custom_events -> Resources/examples/custom_events.js
04-09 15:44:15.989: D/DeviceManagerBroadcastReceiver(1181): Updated Battery Level: 95
04-09 15:44:15.989: D/DeviceManagerBroadcastReceiver(1181): Action: android.intent.action.BATTERY_CHANGED
04-09 15:44:15.989: D/DeviceManagerBroadcastReceiver(1181): Set Alarm: false
04-09 15:44:15.997: D/WifiService(961): ACTION_BATTERY_CHANGED pluggedType: 0
04-09 15:44:16.028: D/TiUIView(2796): (main) [43888,2717229] Nativeview is null
04-09 15:44:16.034: I/SurfaceFlinger(961):
04-09 15:44:16.034: I/SurfaceFlinger(961): SurfaceFlinger::createSurface() : layer->mIdentity=167, LayerName= com.appcelerator.kitchensinknook/org.appcelerator.titanium.TiActivity
04-09 15:44:16.034: I/SurfaceFlinger(961): SurfaceFlinger::createSurface() : layer->clientIndex=0, surfaceHandle->mToken=0x0
04-09 15:44:16.054: D/TiUIView(2796): (main) [25,2717254] Nativeview is null
04-09 15:44:16.265: I/ActivityManager(961): Displayed activity com.appcelerator.kitchensinknook/org.appcelerator.titanium.TiActivity: 1239 ms (total 1239 ms)
04-09 15:44:16.274: E/TiBaseActivity(2796): (main) [220,2717474] Layout cleanup.
04-09 15:44:17.165: D/WindowManager(961): interceptKeyTi code=4 down=true repeatCount=0 keyguardOn=false mHomePressed=false
04-09 15:44:17.173: D/WindowManager(961): interceptKeyTi code=4 down=false repeatCount=0 keyguardOn=false mHomePressed=false
04-09 15:44:17.686: W/ActivityManager(961): Activity pause timeout for HistoryRecord{4a28fd40 com.appcelerator.kitchensinknook/org.appcelerator.titanium.TiActivity}
04-09 15:44:17.860: D/Window(2796): Loading window with URL: ../examples/custom_events.js
04-09 15:44:17.866: D/Module(2796): Loading module: ../examples/custom_events -> Resources/examples/custom_events.js
04-09 15:44:18.247: D/TiUIView(2796): (main) [1973,2719447] Nativeview is null
04-09 15:44:18.255: I/SurfaceFlinger(961):
04-09 15:44:18.255: I/SurfaceFlinger(961): SurfaceFlinger::createSurface() : layer->mIdentity=168, LayerName= com.appcelerator.kitchensinknook/org.appcelerator.titanium.TiActivity
04-09 15:44:18.255: I/SurfaceFlinger(961): SurfaceFlinger::createSurface() : layer->clientIndex=1, surfaceHandle->mToken=0x1
04-09 15:44:18.290: D/TiUIView(2796): (main) [44,2719491] Nativeview is null
04-09 15:44:18.503: I/ActivityManager(961): Displayed activity com.appcelerator.kitchensinknook/org.appcelerator.titanium.TiActivity: 815 ms (total 815 ms)
04-09 15:44:18.516: E/TiBaseActivity(2796): (main) [226,2719717] Layout cleanup.
04-09 15:44:19.358: D/WindowManager(961): interceptKeyTi code=4 down=true repeatCount=0 keyguardOn=false mHomePressed=false
04-09 15:44:19.366: D/WindowManager(961): interceptKeyTi code=4 down=false repeatCount=0 keyguardOn=false mHomePressed=false
04-09 15:44:19.878: W/ActivityManager(961): Activity pause timeout for HistoryRecord{4a320918 com.appcelerator.kitchensinknook/org.appcelerator.titanium.TiActivity}
04-09 15:44:20.114: I/SurfaceFlinger(961):
04-09 15:44:20.114: I/SurfaceFlinger(961): SurfaceFlinger::createSurface() : layer->mIdentity=169, LayerName= com.appcelerator.kitchensinknook/org.appcelerator.titanium.TiActivity
04-09 15:44:20.114: I/SurfaceFlinger(961): SurfaceFlinger::createSurface() : layer->clientIndex=0, surfaceHandle->mToken=0x0
04-09 15:44:20.337: E/TiBaseActivity(2796): (main) [1820,2721537] Layout cleanup.
04-09 15:44:21.198: D/WindowManager(961): interceptKeyTi code=4 down=true repeatCount=0 keyguardOn=false mHomePressed=false
04-09 15:44:21.206: D/WindowManager(961): interceptKeyTi code=4 down=false repeatCount=0 keyguardOn=false mHomePressed=false
04-09 15:44:21.577: D/dalvikvm(961): GC_FOR_MALLOC freed 11062 objects / 551120 bytes in 316ms
04-09 15:44:21.722: W/ActivityManager(961): Activity pause timeout for HistoryRecord{4a2c4a70 com.appcelerator.kitchensinknook/org.appcelerator.titanium.TiActivity}
04-09 15:44:21.981: I/SurfaceFlinger(961):
04-09 15:44:21.981: I/SurfaceFlinger(961): SurfaceFlinger::createSurface() : layer->mIdentity=170, LayerName= com.appcelerator.kitchensinknook/ti.modules.titanium.ui.TiTabActivity
04-09 15:44:21.981: I/SurfaceFlinger(961): SurfaceFlinger::createSurface() : layer->clientIndex=1, surfaceHandle->mToken=0x1
04-09 15:44:22.247: E/TiBaseActivity(2796): (main) [1912,2723449] Layout cleanup.
04-09 15:44:24.712: D/dalvikvm(2796): GC_EXTERNAL_ALLOC freed 19515 objects / 1109472 bytes in 263ms
04-09 15:44:24.813: D/dalvikvm(2796): GC_EXTERNAL_ALLOC freed 1837 objects / 99512 bytes in 81ms
04-09 15:44:24.903: D/dalvikvm(2796): GC_EXTERNAL_ALLOC freed 789 objects / 60680 bytes in 71ms
04-09 15:44:25.005: D/dalvikvm(2796): GC_EXTERNAL_ALLOC freed 11 objects / 416 bytes in 72ms
04-09 15:44:25.081: D/dalvikvm(2796): GC_EXTERNAL_ALLOC freed 9 objects / 296 bytes in 65ms
04-09 15:44:46.015: D/DeviceManagerBroadcastReceiver(1181): Updated Battery Level: 95
04-09 15:44:46.015: D/DeviceManagerBroadcastReceiver(1181): Action: android.intent.action.BATTERY_CHANGED
04-09 15:44:46.015: D/DeviceManagerBroadcastReceiver(1181): Set Alarm: false
04-09 15:44:46.046: D/WifiService(961): ACTION_BATTERY_CHANGED pluggedType: 0
04-09 15:44:51.677: I/ActivityManager(961): Starting activity: Intent { cmp=com.appcelerator.kitchensinknook/org.appcelerator.titanium.TiActivity (has extras) }
04-09 15:44:52.187: W/ActivityManager(961): Activity pause timeout for HistoryRecord{4a335cd8 com.appcelerator.kitchensinknook/ti.modules.titanium.ui.TiTabActivity}
04-09 15:45:01.685: W/ActivityManager(961): Launch timeout has expired, giving up wake lock!
04-09 15:45:02.201: W/ActivityManager(961): Activity idle timeout for HistoryRecord{4a183f88 com.appcelerator.kitchensinknook/org.appcelerator.titanium.TiActivity}
04-09 15:45:16.036: D/DeviceManagerBroadcastReceiver(1181): Updated Battery Level: 95
04-09 15:45:16.036: D/DeviceManagerBroadcastReceiver(1181): Action: android.intent.action.BATTERY_CHANGED
04-09 15:45:16.036: D/DeviceManagerBroadcastReceiver(1181): Set Alarm: false
04-09 15:45:16.059: D/WifiService(961): ACTION_BATTERY_CHANGED pluggedType: 0
04-09 15:45:29.636: W/WindowManager(961): No window to dispatch pointer action 0
04-09 15:45:31.540: W/WindowManager(961): No window to dispatch pointer action 1
04-09 15:45:36.038: I/MountService(961): onUmsConnected(): UMS mount state [UMS_STATE_MOUNTED]
04-09 15:45:36.038: I/MountService(961): onUmsConnected(): => all is OK; Starting UMS
04-09 15:45:36.044: D/DeviceManagerBroadcastReceiver(1181): action (android.intent.action.UMS_CONNECTED)
04-09 15:45:36.044: D/DeviceManagerBroadcastReceiver(1181): UMS Mounted: true
04-09 15:45:36.044: D/DeviceManagerBroadcastReceiver(1181): Action: android.intent.action.UMS_CONNECTED
04-09 15:45:36.044: D/DeviceManagerBroadcastReceiver(1181): Set Alarm: false
04-09 15:45:36.048: W/Vold(899): Ignoring unknown switch 'usb_configuration'
04-09 15:45:36.059: D/VoldCmdListener(899): volume shared /mnt/media ums
04-09 15:45:36.067: I/ActivityManager(961): Starting activity: Intent { flg=0x10000000 cmp=android/com.android.server.status.UmsServerActivity }
04-09 15:45:36.079: I/WindowManager(961): Handling UMS state change (isEnabled[true]): while UI isenabled
04-09 15:45:36.079: I/WindowManager(961): disabling input events
04-09 15:45:36.081: I/StatusBar(961): Received UMS state changed notification: UMS connected[true]
04-09 15:45:36.083: D/VoldCmdListener(899): storage users /mnt/media
04-09 15:45:36.391: I/PackageManager(961): Updating external media status from unmounted to unmounted
04-09 15:45:36.579: W/ActivityManager(961): Activity pause timeout for HistoryRecord{4a183f88 com.appcelerator.kitchensinknook/org.appcelerator.titanium.TiActivity}
04-09 15:45:36.655: I/SurfaceFlinger(961):
04-09 15:45:36.655: I/SurfaceFlinger(961): SurfaceFlinger::createSurface() : layer->mIdentity=171, LayerName= android/com.android.server.status.UmsServerActivity
04-09 15:45:36.655: I/SurfaceFlinger(961): SurfaceFlinger::createSurface() : layer->clientIndex=0, surfaceHandle->mToken=0x0
04-09 15:45:36.669: D/VoldCmdListener(899): share status ums
04-09 15:45:36.673: I/SurfaceFlinger(961):
04-09 15:45:36.673: I/SurfaceFlinger(961): SurfaceFlinger::createSurface() : layer->mIdentity=172, LayerName= android/com.android.server.status.UmsServerActivity
04-09 15:45:36.673: I/SurfaceFlinger(961): SurfaceFlinger::createSurface() : layer->clientIndex=3, surfaceHandle->mToken=0x3
04-09 15:45:36.772: D/dalvikvm(961): GC_FOR_MALLOC freed 8671 objects / 436600 bytes in 87ms
04-09 15:45:36.774: D/VoldCmdListener(899): storage users /mnt/media
04-09 15:45:36.790: D/DeviceManagerBroadcastReceiver(1181): Updated Battery Level: 95
04-09 15:45:36.790: D/DeviceManagerBroadcastReceiver(1181): Action: android.intent.action.BATTERY_CHANGED
04-09 15:45:36.790: D/DeviceManagerBroadcastReceiver(1181): Set Alarm: false
04-09 15:45:36.891: D/WifiService(961): ACTION_BATTERY_CHANGED pluggedType: 0
04-09 15:45:37.018: I/ActivityManager(961): Displayed activity android/com.android.server.status.UmsServerActivity: 440 ms (total 44831 ms)
04-09 15:45:37.071: I/PackageManager(961): Updating external media status from unmounted to unmounted
04-09 15:45:37.073: D/VoldCmdListener(899): volume unmount /mnt/media force
04-09 15:45:37.073: D/Vold(899): Volume  state changing 4 (Mounted) -> 5 (Unmounting)
04-09 15:45:37.081: I/ActivityManager(961): Starting activity: Intent { flg=0x10000000 cmp=android/com.android.server.status.UmsServerActivity }
04-09 15:45:38.077: I/Vold(899): /mnt/secure/staging/.android_secure sucessfully unmounted
04-09 15:45:38.077: I/Vold(899): /mnt/secure/asec sucessfully unmounted
04-09 15:45:38.085: I/ActivityManager(961): Starting activity: Intent { flg=0x10000000 cmp=android/com.android.server.status.UmsServerActivity }
04-09 15:45:38.095: I/Vold(899): /mnt/secure/staging sucessfully unmounted
04-09 15:45:38.095: I/Vold(899): /mnt/media unmounted sucessfully
04-09 15:45:38.095: D/Vold(899): Volume  state changing 5 (Unmounting) -> 1 (Idle-Unmounted)
04-09 15:45:38.106: I/StorageNotification(961): Media {/mnt/media} state changed from {mounted} -> {unmounted}
04-09 15:45:38.136: D/VoldCmdListener(899): volume share /mnt/media ums
04-09 15:45:38.136: D/Vold(899): Volume  state changing 1 (Idle-Unmounted) -> 7 (Shared-Unmounted)
04-09 15:45:38.149: W/MountService(961): Duplicate state transition (unmounted -> unmounted)
04-09 15:45:38.184: D/VoldCmdListener(899): volume shared /mnt/media ums
04-09 15:45:38.190: I/StorageNotification(961): Media {/mnt/media} state changed from {unmounted} -> {shared}
04-09 15:45:39.089: I/ActivityManager(961): Starting activity: Intent { flg=0x10000000 cmp=android/com.android.server.status.UmsServerActivity }
04-09 15:45:40.093: I/ActivityManager(961): Starting activity: Intent { flg=0x10000000 cmp=android/com.android.server.status.UmsServerActivity }
04-09 15:45:41.097: I/ActivityManager(961): Starting activity: Intent { flg=0x10000000 cmp=android/com.android.server.status.UmsServerActivity }
04-09 15:45:42.101: I/ActivityManager(961): Starting activity: Intent { flg=0x10000000 cmp=android/com.android.server.status.UmsServerActivity }
04-09 15:45:43.102: I/ActivityManager(961): Starting activity: Intent { flg=0x10000000 cmp=android/com.android.server.status.UmsServerActivity }
04-09 15:45:43.272: D/dalvikvm(1035): GC_EXPLICIT freed 830 objects / 42520 bytes in 90ms
04-09 15:45:44.106: I/ActivityManager(961): Starting activity: Intent { flg=0x10000000 cmp=android/com.android.server.status.UmsServerActivity }
04-09 15:45:45.110: I/ActivityManager(961): Starting activity: Intent { flg=0x10000000 cmp=android/com.android.server.status.UmsServerActivity }
04-09 15:45:46.044: D/DeviceManagerBroadcastReceiver(1181): Updated Battery Level: 95
04-09 15:45:46.044: D/DeviceManagerBroadcastReceiver(1181): Action: android.intent.action.BATTERY_CHANGED
04-09 15:45:46.044: D/DeviceManagerBroadcastReceiver(1181): Set Alarm: false
04-09 15:45:46.073: D/WifiService(961): ACTION_BATTERY_CHANGED pluggedType: 0
04-09 15:45:46.114: I/ActivityManager(961): Starting activity: Intent { flg=0x10000000 cmp=android/com.android.server.status.UmsServerActivity }
04-09 15:45:46.438: D/dalvikvm(1222): Debugger has detached; object registry had 1 entries
04-09 15:45:46.440: D/dalvikvm(1035): Debugger has detached; object registry had 1 entries
04-09 15:45:46.440: D/dalvikvm(1161): Debugger has detached; object registry had 1 entries
04-09 15:45:46.446: D/dalvikvm(1062): Debugger has detached; object registry had 1 entries
04-09 15:45:46.448: D/dalvikvm(1089): Debugger has detached; object registry had 1 entries
04-09 15:45:46.448: D/dalvikvm(1333): Debugger has detached; object registry had 1 entries
04-09 15:45:47.119: I/ActivityManager(961): Starting activity: Intent { flg=0x10000000 cmp=android/com.android.server.status.UmsServerActivity }
04-09 15:45:48.122: I/ActivityManager(961): Starting activity: Intent { flg=0x10000000 cmp=android/com.android.server.status.UmsServerActivity }
04-09 15:45:49.128: I/ActivityManager(961): Starting activity: Intent { flg=0x10000000 cmp=android/com.android.server.status.UmsServerActivity }
04-09 15:45:50.132: I/ActivityManager(961): Starting activity: Intent { flg=0x10000000 cmp=android/com.android.server.status.UmsServerActivity }
04-09 15:45:51.138: I/ActivityManager(961): Starting activity: Intent { flg=0x10000000 cmp=android/com.android.server.status.UmsServerActivity }
04-09 15:45:52.142: I/ActivityManager(961): Starting activity: Intent { flg=0x10000000 cmp=android/com.android.server.status.UmsServerActivity }
04-09 15:45:53.146: I/ActivityManager(961): Starting activity: Intent { flg=0x10000000 cmp=android/com.android.server.status.UmsServerActivity }
04-09 15:45:54.148: I/ActivityManager(961): Starting activity: Intent { flg=0x10000000 cmp=android/com.android.server.status.UmsServerActivity }
04-09 15:45:55.153: I/ActivityManager(961): Starting activity: Intent { flg=0x10000000 cmp=android/com.android.server.status.UmsServerActivity }
04-09 15:45:56.159: I/ActivityManager(961): Starting activity: Intent { flg=0x10000000 cmp=android/com.android.server.status.UmsServerActivity }
04-09 15:45:57.163: I/ActivityManager(961): Starting activity: Intent { flg=0x10000000 cmp=android/com.android.server.status.UmsServerActivity }
04-09 15:45:58.167: I/ActivityManager(961): Starting activity: Intent { flg=0x10000000 cmp=android/com.android.server.status.UmsServerActivity }
04-09 15:45:59.173: I/ActivityManager(961): Starting activity: Intent { flg=0x10000000 cmp=android/com.android.server.status.UmsServerActivity }
04-09 15:46:00.177: I/ActivityManager(961): Starting activity: Intent { flg=0x10000000 cmp=android/com.android.server.status.UmsServerActivity }
04-09 15:46:01.182: I/ActivityManager(961): Starting activity: Intent { flg=0x10000000 cmp=android/com.android.server.status.UmsServerActivity }
04-09 15:46:02.184: I/ActivityManager(961): Starting activity: Intent { flg=0x10000000 cmp=android/com.android.server.status.UmsServerActivity }
04-09 15:46:02.665: I/MountService(961): onUmsDisconnected(): UMS mount state [UMS_STATE_SHARED]
04-09 15:46:02.665: I/MountService(961): onUmsDisconnected(): => all is OK; Ending UMS
04-09 15:46:02.677: D/DeviceManagerBroadcastReceiver(1181): action (android.intent.action.UMS_DISCONNECTED)
04-09 15:46:02.677: D/DeviceManagerBroadcastReceiver(1181): UMS Mounted: false
04-09 15:46:02.677: D/DeviceManagerBroadcastReceiver(1181): Action: android.intent.action.UMS_DISCONNECTED
04-09 15:46:02.677: D/DeviceManagerBroadcastReceiver(1181): Set Alarm: false
04-09 15:46:02.702: D/UmsServerActivity(961): Handling UMS disconnected
04-09 15:46:02.710: W/MountService(961): Unsharing [/mnt/media] after cable disconnect
04-09 15:46:02.712: D/VoldCmdListener(899): volume unshare /mnt/media ums
04-09 15:46:02.712: D/Vold(899): Volume  state changing 7 (Shared-Unmounted) -> 1 (Idle-Unmounted)
04-09 15:46:02.716: I/StatusBar(961): Received UMS state changed notification: UMS connected[false]
04-09 15:46:02.733: D/UMSHandler(1079): GOT UMS dis-connected
04-09 15:46:02.733: D/UMSHandler(1079): GOT UMS dis-connected
04-09 15:46:02.733: D/UMSHandler(1079): GOT UMS dis-connected
04-09 15:46:02.733: D/UMSHandler(1079): GOT UMS dis-connected
04-09 15:46:02.733: D/UMSHandler(1079): GOT UMS dis-connected
04-09 15:46:02.733: D/UMSHandler(1079): GOT UMS dis-connected
04-09 15:46:02.733: D/UMSHandler(1079): GOT UMS dis-connected
04-09 15:46:02.743: I/StorageNotification(961): Media {/mnt/media} state changed from {shared} -> {unmounted}
04-09 15:46:02.759: D/VoldCmdListener(899): volume mount /mnt/media
04-09 15:46:02.761: I/Vold(899): /dev/block/vold/179:8 being considered for volume 
04-09 15:46:02.761: D/Vold(899): Volume  state changing 1 (Idle-Unmounted) -> 3 (Checking)
04-09 15:46:02.804: I//system/bin/fsck_msdos(899): ** /dev/block/vold/179:8
04-09 15:46:02.813: I//system/bin/fsck_msdos(899): ** Phase 1 - Read and Compare FATs
04-09 15:46:02.813: I//system/bin/fsck_msdos(899): Attempting to allocate 1026 KB for FAT
04-09 15:46:03.009: I//system/bin/fsck_msdos(899): Attempting to allocate 1026 KB for FAT
04-09 15:46:03.241: I//system/bin/fsck_msdos(899): ** Phase 2 - Check Cluster Chains
04-09 15:46:03.292: I//system/bin/fsck_msdos(899): ** Phase 3 - Checking Directories
04-09 15:46:03.313: I//system/bin/fsck_msdos(899): ** Phase 4 - Checking for Lost Files
04-09 15:46:03.331: I//system/bin/fsck_msdos(899): 205 files, 1045708 free (261427 clusters)
04-09 15:46:03.337: I/logwrapper(899): /system/bin/fsck_msdos terminated by exit(0)
04-09 15:46:03.337: I/Vold(899): Filesystem check completed OK
04-09 15:46:03.341: I/Vold(899): Device /dev/block/vold/179:8, target /mnt/media mounted @ /mnt/secure/staging
04-09 15:46:03.343: D/Vold(899): Volume  state changing 3 (Checking) -> 4 (Mounted)
04-09 15:46:03.350: D/DeviceManagerBroadcastReceiver(1181): action (android.intent.action.MEDIA_MOUNTED)
04-09 15:46:03.350: D/DeviceManagerBroadcastReceiver(1181): Media Dir: /mnt/media
04-09 15:46:03.350: D/DeviceManagerBroadcastReceiver(1181): Internal Storage: /mnt/media
04-09 15:46:03.350: D/DeviceManagerProvider(1181): query(): uri (content://com.bn.provider.devicemanagerprovider/registry?notify=false)
04-09 15:46:03.350: D/DeviceManagerProvider(1181): query(): selection (name = 'com.bn.device.system.build_tag')
04-09 15:46:03.350: D/DeviceManagerProvider(1181): query(): selectionArgs (null)
04-09 15:46:03.350: D/DeviceManagerProvider(1181): query(): Product.BN_FEATURE_ROM_TOKENS_ENABLED (true)
04-09 15:46:03.350: D/DeviceManagerProvider(1181): query(): Table (registry)
04-09 15:46:03.350: D/DeviceManagerProvider(1181): Query from ROM Token!
04-09 15:46:03.350: D/DeviceManagerProvider(1181): query(): selection has com.bn.device.system
04-09 15:46:03.350: D/DeviceManagerProvider(1181): query(): name after(com.bn.device.system.build_tag)
04-09 15:46:03.350: D/DeviceManagerProvider(1181): deviceInfoQuery: uri (content://com.bn.provider.devicemanagerprovider/registry?notify=false)
04-09 15:46:03.350: D/DeviceManagerProvider(1181): deviceInfoQuery: name (com.bn.device.system.build_tag)
04-09 15:46:03.350: D/DeviceManagerProvider(1181): deviceInfoQuery: return false
04-09 15:46:03.358: D/Utils(1181): getRegistryValue(): Name = com.bn.device.system.build_tag Value: 1.4.2.631.int.enc.rrdp.s55096
04-09 15:46:03.360: I/MountService(961): media [/mnt/media] successfully mounted on UMS enabled-disconnect
04-09 15:46:03.362: D/VoldCmdListener(899): volume shared /mnt/media ums
04-09 15:46:03.364: I/BuildInfo(1181): Parse build tag: 1.4.2.631.int.enc.rrdp.s55096
04-09 15:46:03.364: I/BuildInfo(1181): Version String: s55096 Start Index: 1
04-09 15:46:03.364: I/BuildInfo(1181): Version: 55096
04-09 15:46:03.364: D/Utils(1181): Scan path: /mnt/media
04-09 15:46:03.364: D/Utils(1181): Exist? true
04-09 15:46:03.366: I/StorageNotification(961): Media {/mnt/media} state changed from {unmounted} -> {checking}
04-09 15:46:03.368: D/UmsServerActivity(961): Handling [mounted] for [/mnt/media]
04-09 15:46:03.368: I/StorageNotification(961): Media {/mnt/media} state changed from {checking} -> {mounted}
04-09 15:46:03.382: D/MediaScannerReceiver(1079): getStoragePath(/mnt/media)=STORAGE_INTERNAL
04-09 15:46:03.407: D/ProvisionCommandFilter(1181): File name: /mnt/media/.fseventsd
04-09 15:46:03.407: D/ProvisionCommandFilter(1181): File name: /mnt/media/._provision.cmd
04-09 15:46:03.407: D/ProvisionCommandFilter(1181): File name: /mnt/media/provision.cmd
04-09 15:46:03.407: D/ProvisionCommandFilter(1181): File name: /mnt/media/.devicesalt
04-09 15:46:03.407: D/ProvisionCommandFilter(1181): File name: /mnt/media/.Spotlight-V100
04-09 15:46:03.407: D/ProvisionCommandFilter(1181): File name: /mnt/media/.Trashes
04-09 15:46:03.411: D/ProvisionCommandFilter(1181): File name: /mnt/media/._.Trashes
04-09 15:46:03.411: D/ProvisionCommandFilter(1181): File name: /mnt/media/.docThumbs
04-09 15:46:03.411: D/ProvisionCommandFilter(1181): File name: /mnt/media/.adobe-digital-editions
04-09 15:46:03.413: D/ProvisionCommandFilter(1181): File name: /mnt/media/My Files
04-09 15:46:03.413: D/ProvisionCommandFilter(1181): File name: /mnt/media/B&N Downloads
04-09 15:46:03.413: D/ProvisionCommandFilter(1181): File name: /mnt/media/.android_secure
04-09 15:46:03.415: D/ProvisionCommandFilter(1181): File name: /mnt/media/LOST.DIR
04-09 15:46:03.415: D/Utils(1181): Found provision command file! /mnt/media/provision.cmd
04-09 15:46:03.415: D/DeviceManagerService(1181): Looks like there is a provision command file!
04-09 15:46:03.419: D/UmsServerActivity(961): broadcasting ACTION_UMS_DIALOG_DISMISSED
04-09 15:46:03.444: I/WindowManager(961): Handling com.BN.intent.action.ACTION_UMS_DIALOG_DISMISSED
04-09 15:46:03.446: I/WindowManager(961): Handling ACTION_UMS_DIALOG_DISMISSED
04-09 15:46:03.446: I/WindowManager(961): Handling UMS state change (isEnabled[false]): while UI isdisabled
04-09 15:46:03.446: I/WindowManager(961): enabling input events
04-09 15:46:03.452: I/global(1079): Default buffer size used in BufferedInputStream constructor. It would be better to be explicit if an 8k buffer is required.
04-09 15:46:03.462: D/DeviceManagerProvider(1181): query(): uri (content://com.bn.provider.devicemanagerprovider/registry?notify=false)
04-09 15:46:03.462: D/DeviceManagerProvider(1181): query(): selection (name = 'com.bn.device.system.private_key_hash')
04-09 15:46:03.462: D/DeviceManagerProvider(1181): query(): selectionArgs (null)
04-09 15:46:03.462: D/DeviceManagerProvider(1181): query(): Product.BN_FEATURE_ROM_TOKENS_ENABLED (true)
04-09 15:46:03.462: D/DeviceManagerProvider(1181): query(): Table (registry)
04-09 15:46:03.462: D/DeviceManagerProvider(1181): Query from ROM Token!
04-09 15:46:03.462: D/DeviceManagerProvider(1181): query(): selection has com.bn.device.system
04-09 15:46:03.462: D/DeviceManagerProvider(1181): query(): name after(com.bn.device.system.private_key_hash)
04-09 15:46:03.462: D/DeviceManagerProvider(1181): deviceInfoQuery: uri (content://com.bn.provider.devicemanagerprovider/registry?notify=false)
04-09 15:46:03.462: D/DeviceManagerProvider(1181): deviceInfoQuery: name (com.bn.device.system.private_key_hash)
04-09 15:46:03.462: D/DeviceManagerProvider(1181): deviceInfoQuery: return true
04-09 15:46:03.462: D/DeviceManagerProvider(1181): queryDeviceInfo: value (cHDkFUhM/Cp6pS+yuQqhsBahRk8=)
04-09 15:46:03.464: D/DeviceManagerProvider(1181): queryDeviceInfo: Projection size: 1
04-09 15:46:03.464: D/DeviceManagerProvider(1181): queryDeviceInfo: Return value[0]: cHDkFUhM/Cp6pS+yuQqhsBahRk8=
04-09 15:46:03.464: D/Utils(1181): getRegistryValue(): Name = com.bn.device.system.private_key_hash Value: cHDkFUhM/Cp6pS+yuQqhsBahRk8=
04-09 15:46:03.464: D/DeviceManagerService(1181): Private key hash: cHDkFUhM/Cp6pS+yuQqhsBahRk8=
04-09 15:46:03.466: D/Provision(1181): Name: cmd_2 Value: log-enable-1339547885000-dm
04-09 15:46:03.466: D/Provision(1181): Command: Name: log Value: enable ExpiredTime: 1339547885000 Optional Value: dm
04-09 15:46:03.466: D/Provision(1181): Name: cmd_1 Value: adb-enable-1339547885000
04-09 15:46:03.466: D/Provision(1181): Command: Name: adb Value: enable ExpiredTime: 1339547885000
04-09 15:46:03.466: D/Provision(1181): Name: device_id Value: 2013420028302007
04-09 15:46:03.468: D/DeviceManagerProvider(1181): query(): uri (content://com.bn.provider.devicemanagerprovider/registry?notify=false)
04-09 15:46:03.468: D/DeviceManagerProvider(1181): query(): selection (name = 'com.bn.device.system.serial_number')
04-09 15:46:03.468: D/DeviceManagerProvider(1181): query(): selectionArgs (null)
04-09 15:46:03.468: D/DeviceManagerProvider(1181): query(): Product.BN_FEATURE_ROM_TOKENS_ENABLED (true)
04-09 15:46:03.468: D/DeviceManagerProvider(1181): query(): Table (registry)
04-09 15:46:03.468: D/DeviceManagerProvider(1181): Query from ROM Token!
04-09 15:46:03.468: D/DeviceManagerProvider(1181): query(): selection has com.bn.device.system
04-09 15:46:03.468: D/DeviceManagerProvider(1181): query(): name after(com.bn.device.system.serial_number)
04-09 15:46:03.468: D/DeviceManagerProvider(1181): deviceInfoQuery: uri (content://com.bn.provider.devicemanagerprovider/registry?notify=false)
04-09 15:46:03.468: D/DeviceManagerProvider(1181): deviceInfoQuery: name (com.bn.device.system.serial_number)
04-09 15:46:03.468: D/DeviceManagerProvider(1181): deviceInfoQuery: return true
04-09 15:46:03.468: E/DeviceInfo(1181): Calling deviceinfo.getDeviceId
04-09 15:46:03.468: D/DeviceManagerProvider(1181): queryDeviceInfo: value (2013420028302007)
04-09 15:46:03.468: D/DeviceManagerProvider(1181): queryDeviceInfo: Projection size: 1
04-09 15:46:03.468: D/DeviceManagerProvider(1181): queryDeviceInfo: Return value[0]: 2013420028302007
04-09 15:46:03.470: D/DeviceManagerService(1181): Target device ID: 2013420028302007
04-09 15:46:03.470: D/DeviceManagerService(1181): Device ID: 2013420028302007
04-09 15:46:03.485: D/VoldCmdListener(899): volume shared /mnt/media ums
04-09 15:46:03.491: D/DeviceManagerService(1181): Expired date: Tue Jun 12 17:38:05 PDT 2012
04-09 15:46:03.495: D/DeviceManagerService(1181): Now: Mon Apr 09 15:46:03 PDT 2012
04-09 15:46:03.495: D/DeviceManagerService(1181): Enable log for DM
04-09 15:46:03.501: D/DeviceManagerService(1181): Expired date: Tue Jun 12 17:38:05 PDT 2012
04-09 15:46:03.501: D/DeviceManagerService(1181): Now: Mon Apr 09 15:46:03 PDT 2012
04-09 15:46:03.501: D/DeviceManagerService(1181): Enable adb for 3rd developer
04-09 15:46:03.511: D/Utils(1181): Sideload update path: /mnt/media
04-09 15:46:03.514: D/Utils(1181): Exist? true
04-09 15:46:03.514: D/DeviceManagerProvider(1181): query(): uri (content://com.bn.provider.devicemanagerprovider/registry?notify=false)
04-09 15:46:03.514: D/DeviceManagerProvider(1181): query(): selection (name = 'com.bn.device.system.model')
04-09 15:46:03.514: D/DeviceManagerProvider(1181): query(): selectionArgs (null)
04-09 15:46:03.514: D/DeviceManagerProvider(1181): query(): Product.BN_FEATURE_ROM_TOKENS_ENABLED (true)
04-09 15:46:03.514: D/DeviceManagerProvider(1181): query(): Table (registry)
04-09 15:46:03.514: D/DeviceManagerProvider(1181): Query from ROM Token!
04-09 15:46:03.514: D/DeviceManagerProvider(1181): query(): selection has com.bn.device.system
04-09 15:46:03.514: D/DeviceManagerProvider(1181): query(): name after(com.bn.device.system.model)
04-09 15:46:03.514: D/DeviceManagerProvider(1181): deviceInfoQuery: uri (content://com.bn.provider.devicemanagerprovider/registry?notify=false)
04-09 15:46:03.514: D/DeviceManagerProvider(1181): deviceInfoQuery: name (com.bn.device.system.model)
04-09 15:46:03.516: D/DeviceManagerProvider(1181): deviceInfoQuery: return true
04-09 15:46:03.516: D/DeviceManagerProvider(1181): queryDeviceInfo: value (BNRV200)
04-09 15:46:03.516: D/DeviceManagerProvider(1181): queryDeviceInfo: Projection size: 1
04-09 15:46:03.516: D/DeviceManagerProvider(1181): queryDeviceInfo: Return value[0]: BNRV200
04-09 15:46:03.516: D/Utils(1181): getRegistryValue(): Name = com.bn.device.system.model Value: BNRV200
04-09 15:46:03.516: D/SoftwareUpdatePackageFilter(1181): Device Model: bnrv200
04-09 15:46:03.530: D/SoftwareUpdatePackageFilter(1181): File name: /mnt/media/.fseventsd
04-09 15:46:03.530: D/SoftwareUpdatePackageFilter(1181): File name: /mnt/media/._provision.cmd
04-09 15:46:03.530: D/SoftwareUpdatePackageFilter(1181): File name: /mnt/media/provision.cmd
04-09 15:46:03.532: D/SoftwareUpdatePackageFilter(1181): File name: /mnt/media/.devicesalt
04-09 15:46:03.532: D/SoftwareUpdatePackageFilter(1181): File name: /mnt/media/.Spotlight-V100
04-09 15:46:03.532: D/SoftwareUpdatePackageFilter(1181): File name: /mnt/media/.Trashes
04-09 15:46:03.532: D/SoftwareUpdatePackageFilter(1181): File name: /mnt/media/._.Trashes
04-09 15:46:03.532: D/SoftwareUpdatePackageFilter(1181): File name: /mnt/media/.docThumbs
04-09 15:46:03.532: D/SoftwareUpdatePackageFilter(1181): File name: /mnt/media/.adobe-digital-editions
04-09 15:46:03.532: D/SoftwareUpdatePackageFilter(1181): File name: /mnt/media/My Files
04-09 15:46:03.532: D/SoftwareUpdatePackageFilter(1181): File name: /mnt/media/B&N Downloads
04-09 15:46:03.534: D/SoftwareUpdatePackageFilter(1181): File name: /mnt/media/.android_secure
04-09 15:46:03.534: D/SoftwareUpdatePackageFilter(1181): File name: /mnt/media/LOST.DIR
04-09 15:46:03.534: D/Utils(1181): No update found!
04-09 15:46:03.534: D/DeviceManagerBroadcastReceiver(1181): There is no sideload software update package. Not going to do anything!
04-09 15:46:03.534: D/DeviceManagerBroadcastReceiver(1181): Action: android.intent.action.MEDIA_MOUNTED
04-09 15:46:03.534: D/DeviceManagerBroadcastReceiver(1181): Set Alarm: false
04-09 15:46:03.600: D/MediaScannerService(1079): start scanning volume internal
04-09 15:46:03.620: V/MediaPlayerService(903): Create new media retriever from pid 1079
04-09 15:46:03.737: D/(1079): found .nomedia, skipping directory
04-09 15:46:03.739: D/(1079): found .nomedia, skipping directory
04-09 15:46:03.743: D/DeviceManagerBroadcastReceiver(1181): action (com.bn.devicemanager.ACTION_DEVICE_USAGE)
04-09 15:46:03.743: D/DeviceManagerBroadcastReceiver(1181): Received intent ACTION_DEVICE_USAGE
04-09 15:46:03.743: D/DeviceManagerBroadcastReceiver(1181): Sending Message... ({ what=7 when=0 obj=Bundle[mParcelledData.dataSize=332] })
04-09 15:46:03.743: D/DeviceManagerBroadcastReceiver(1181): Action: com.bn.devicemanager.ACTION_DEVICE_USAGE
04-09 15:46:03.743: D/DeviceManagerBroadcastReceiver(1181): Set Alarm: false
04-09 15:46:03.745: D/DeviceManagerProvider(1181): query(): uri (content://com.bn.provider.devicemanagerprovider/registry?notify=false)
04-09 15:46:03.745: D/DeviceManagerProvider(1181): query(): selection (name = 'com.bn.device.fota.mode')
04-09 15:46:03.745: D/DeviceManagerProvider(1181): query(): selectionArgs (null)
04-09 15:46:03.745: D/DeviceManagerProvider(1181): query(): Product.BN_FEATURE_ROM_TOKENS_ENABLED (true)
04-09 15:46:03.745: D/DeviceManagerProvider(1181): query(): Table (registry)
04-09 15:46:03.745: D/DeviceManagerProvider(1181): Query from ROM Token!
04-09 15:46:03.745: D/DeviceManagerProvider(1181): query(): name after()
04-09 15:46:03.745: D/DeviceManagerProvider(1181): deviceInfoQuery: uri (content://com.bn.provider.devicemanagerprovider/registry?notify=false)
04-09 15:46:03.745: D/DeviceManagerProvider(1181): deviceInfoQuery: return false
04-09 15:46:03.755: D/MediaScanner(1079): storage:/system/media,total:450560,free:167936,audio:57,video:1,images:15,docs:2
04-09 15:46:03.755: D/(1079): found .nomedia, skipping directory
04-09 15:46:03.759: D/Utils(1181): getRegistryValue(): Name = com.bn.device.fota.mode Value: auto
04-09 15:46:03.761: D/Utils(1181): FOTA mode: auto
04-09 15:46:03.761: I/DeviceManagerHandler(1181): HandleMessage(): msg.what (7)
04-09 15:46:03.772: D/DeviceManagerProvider(1181): query(): uri (content://com.bn.provider.devicemanagerprovider/registry?notify=false)
04-09 15:46:03.772: D/DeviceManagerProvider(1181): query(): selection (name = 'com.bn.device.system.build_tag')
04-09 15:46:03.772: D/DeviceManagerProvider(1181): query(): selectionArgs (null)
04-09 15:46:03.772: D/DeviceManagerProvider(1181): query(): Product.BN_FEATURE_ROM_TOKENS_ENABLED (true)
04-09 15:46:03.772: D/DeviceManagerProvider(1181): query(): Table (registry)
04-09 15:46:03.772: D/DeviceManagerProvider(1181): Query from ROM Token!
04-09 15:46:03.772: D/DeviceManagerProvider(1181): query(): selection has com.bn.device.system
04-09 15:46:03.772: D/DeviceManagerProvider(1181): query(): name after(com.bn.device.system.build_tag)
04-09 15:46:03.772: D/DeviceManagerProvider(1181): deviceInfoQuery: uri (content://com.bn.provider.devicemanagerprovider/registry?notify=false)
04-09 15:46:03.772: D/DeviceManagerProvider(1181): deviceInfoQuery: name (com.bn.device.system.build_tag)
04-09 15:46:03.772: D/DeviceManagerProvider(1181): deviceInfoQuery: return false
04-09 15:46:03.778: D/Utils(1181): getRegistryValue(): Name = com.bn.device.system.build_tag Value: 1.4.2.631.int.enc.rrdp.s55096
04-09 15:46:03.790: D/DeviceManagerProvider(1181): query(): uri (content://com.bn.provider.devicemanagerprovider/registry?notify=false)
04-09 15:46:03.790: D/DeviceManagerProvider(1181): query(): selection (name = 'com.bn.device.system.model')
04-09 15:46:03.790: D/DeviceManagerProvider(1181): query(): selectionArgs (null)
04-09 15:46:03.790: D/DeviceManagerProvider(1181): query(): Product.BN_FEATURE_ROM_TOKENS_ENABLED (true)
04-09 15:46:03.790: D/DeviceManagerProvider(1181): query(): Table (registry)
04-09 15:46:03.790: D/DeviceManagerProvider(1181): Query from ROM Token!
04-09 15:46:03.790: D/DeviceManagerProvider(1181): query(): selection has com.bn.device.system
04-09 15:46:03.790: D/DeviceManagerProvider(1181): query(): name after(com.bn.device.system.model)
04-09 15:46:03.790: D/DeviceManagerProvider(1181): deviceInfoQuery: uri (content://com.bn.provider.devicemanagerprovider/registry?notify=false)
04-09 15:46:03.790: D/DeviceManagerProvider(1181): deviceInfoQuery: name (com.bn.device.system.model)
04-09 15:46:03.790: D/DeviceManagerProvider(1181): deviceInfoQuery: return true
04-09 15:46:03.792: D/DeviceManagerProvider(1181): queryDeviceInfo: value (BNRV200)
04-09 15:46:03.792: D/DeviceManagerProvider(1181): queryDeviceInfo: Projection size: 1
04-09 15:46:03.792: D/DeviceManagerProvider(1181): queryDeviceInfo: Return value[0]: BNRV200
04-09 15:46:03.792: D/Utils(1181): getRegistryValue(): Name = com.bn.device.system.model Value: BNRV200
04-09 15:46:03.927: D/DeviceManagerBroadcastReceiver(1181): action (com.bn.devicemanager.ACTION_DEVICE_USAGE)
04-09 15:46:03.927: D/DeviceManagerBroadcastReceiver(1181): Received intent ACTION_DEVICE_USAGE
04-09 15:46:03.927: D/DeviceManagerBroadcastReceiver(1181): Sending Message... ({ what=7 when=0 obj=Bundle[mParcelledData.dataSize=324] })
04-09 15:46:03.929: D/DeviceManagerBroadcastReceiver(1181): Action: com.bn.devicemanager.ACTION_DEVICE_USAGE
04-09 15:46:03.929: D/DeviceManagerBroadcastReceiver(1181): Set Alarm: false
04-09 15:46:03.929: D/DeviceManagerProvider(1181): query(): uri (content://com.bn.provider.devicemanagerprovider/registry?notify=false)
04-09 15:46:03.929: D/DeviceManagerProvider(1181): query(): selection (name = 'com.bn.device.fota.mode')
04-09 15:46:03.929: D/DeviceManagerProvider(1181): query(): selectionArgs (null)
04-09 15:46:03.929: D/DeviceManagerProvider(1181): query(): Product.BN_FEATURE_ROM_TOKENS_ENABLED (true)
04-09 15:46:03.929: D/DeviceManagerProvider(1181): query(): Table (registry)
04-09 15:46:03.929: D/DeviceManagerProvider(1181): Query from ROM Token!
04-09 15:46:03.929: D/DeviceManagerProvider(1181): query(): name after()
04-09 15:46:03.929: D/DeviceManagerProvider(1181): deviceInfoQuery: uri (content://com.bn.provider.devicemanagerprovider/registry?notify=false)
04-09 15:46:03.929: D/DeviceManagerProvider(1181): deviceInfoQuery: return false
04-09 15:46:03.931: D/MediaScanner(1079): storage:/mnt/media,total:1048576,free:1044480,audio:0,video:0,images:0,docs:0
04-09 15:46:03.938: D/Utils(1181): getRegistryValue(): Name = com.bn.device.fota.mode Value: auto
04-09 15:46:03.944: D/MediaScannerService(1079): done scanning volume internal
04-09 15:46:03.946: D/Utils(1181): FOTA mode: auto
04-09 15:46:03.946: I/DeviceManagerHandler(1181): HandleMessage(): msg.what (7)
04-09 15:46:03.952: D/DeviceManagerProvider(1181): query(): uri (content://com.bn.provider.devicemanagerprovider/registry?notify=false)
04-09 15:46:03.952: D/DeviceManagerProvider(1181): query(): selection (name = 'com.bn.device.system.build_tag')
04-09 15:46:03.952: D/DeviceManagerProvider(1181): query(): selectionArgs (null)
04-09 15:46:03.952: D/DeviceManagerProvider(1181): query(): Product.BN_FEATURE_ROM_TOKENS_ENABLED (true)
04-09 15:46:03.952: D/DeviceManagerProvider(1181): query(): Table (registry)
04-09 15:46:03.952: D/DeviceManagerProvider(1181): Query from ROM Token!
04-09 15:46:03.952: D/DeviceManagerProvider(1181): query(): selection has com.bn.device.system
04-09 15:46:03.952: D/DeviceManagerProvider(1181): query(): name after(com.bn.device.system.build_tag)
04-09 15:46:03.952: D/DeviceManagerProvider(1181): deviceInfoQuery: uri (content://com.bn.provider.devicemanagerprovider/registry?notify=false)
04-09 15:46:03.952: D/DeviceManagerProvider(1181): deviceInfoQuery: name (com.bn.device.system.build_tag)
04-09 15:46:03.952: D/DeviceManagerProvider(1181): deviceInfoQuery: return false
04-09 15:46:03.954: D/Utils(1181): getRegistryValue(): Name = com.bn.device.system.build_tag Value: 1.4.2.631.int.enc.rrdp.s55096
04-09 15:46:03.956: D/DeviceManagerProvider(1181): query(): uri (content://com.bn.provider.devicemanagerprovider/registry?notify=false)
04-09 15:46:03.956: D/DeviceManagerProvider(1181): query(): selection (name = 'com.bn.device.system.model')
04-09 15:46:03.956: D/DeviceManagerProvider(1181): query(): selectionArgs (null)
04-09 15:46:03.956: D/DeviceManagerProvider(1181): query(): Product.BN_FEATURE_ROM_TOKENS_ENABLED (true)
04-09 15:46:03.956: D/DeviceManagerProvider(1181): query(): Table (registry)
04-09 15:46:03.956: D/DeviceManagerProvider(1181): Query from ROM Token!
04-09 15:46:03.956: D/DeviceManagerProvider(1181): query(): selection has com.bn.device.system
04-09 15:46:03.956: D/DeviceManagerProvider(1181): query(): name after(com.bn.device.system.model)
04-09 15:46:03.956: D/DeviceManagerProvider(1181): deviceInfoQuery: uri (content://com.bn.provider.devicemanagerprovider/registry?notify=false)
04-09 15:46:03.956: D/DeviceManagerProvider(1181): deviceInfoQuery: name (com.bn.device.system.model)
04-09 15:46:03.956: D/DeviceManagerProvider(1181): deviceInfoQuery: return true
04-09 15:46:03.956: D/DeviceManagerProvider(1181): queryDeviceInfo: value (BNRV200)
04-09 15:46:03.956: D/DeviceManagerProvider(1181): queryDeviceInfo: Projection size: 1
04-09 15:46:03.956: D/DeviceManagerProvider(1181): queryDeviceInfo: Return value[0]: BNRV200
04-09 15:46:03.956: D/Utils(1181): getRegistryValue(): Name = com.bn.device.system.model Value: BNRV200
04-09 15:46:13.424: W/ActivityManager(961): Launch timeout has expired, giving up wake lock!
04-09 15:46:13.456: W/ActivityManager(961): Activity idle timeout for HistoryRecord{4a183f88 com.appcelerator.kitchensinknook/org.appcelerator.titanium.TiActivity}
04-09 15:46:16.061: D/DeviceManagerBroadcastReceiver(1181): Updated Battery Level: 100
04-09 15:46:16.061: D/DeviceManagerBroadcastReceiver(1181): Action: android.intent.action.BATTERY_CHANGED
04-09 15:46:16.061: D/DeviceManagerBroadcastReceiver(1181): Set Alarm: false
04-09 15:46:16.091: D/WifiService(961): ACTION_BATTERY_CHANGED pluggedType: 0
04-09 15:46:25.509: D/dalvikvm(1079): GC_EXPLICIT freed 2575 objects / 141704 bytes in 90ms
04-09 15:46:42.798: I/wpa_supplicant(1018): CTRL-EVENT-STATE-CHANGE id=1 state=6 BSSID=00:00:00:00:00:00
04-09 15:46:42.800: V/WifiMonitor(961): Event [CTRL-EVENT-STATE-CHANGE id=1 state=6 BSSID=00:00:00:00:00:00]
04-09 15:46:42.804: V/WifiStateTracker(961): Changing supplicant state: COMPLETED ==> GROUP_HANDSHAKE
04-09 15:46:42.806: I/wpa_supplicant(1018): WPA: Group rekeying completed with c0:62:6b:67:1f:e2 [GTK=CCMP]
04-09 15:46:42.806: I/wpa_supplicant(1018): CTRL-EVENT-STATE-CHANGE id=1 state=7 BSSID=00:00:00:00:00:00
04-09 15:46:42.807: V/WifiMonitor(961): Event [WPA: Group rekeying completed with c0:62:6b:67:1f:e2 [GTK=CCMP]]
04-09 15:46:42.807: V/WifiMonitor(961): Event [CTRL-EVENT-STATE-CHANGE id=1 state=7 BSSID=00:00:00:00:00:00]
04-09 15:46:42.815: V/WifiStateTracker(961): Changing supplicant state: GROUP_HANDSHAKE ==> COMPLETED
04-09 15:46:46.067: D/DeviceManagerBroadcastReceiver(1181): Updated Battery Level: 100
04-09 15:46:46.067: D/DeviceManagerBroadcastReceiver(1181): Action: android.intent.action.BATTERY_CHANGED
04-09 15:46:46.067: D/DeviceManagerBroadcastReceiver(1181): Set Alarm: false
04-09 15:46:46.085: D/WifiService(961): ACTION_BATTERY_CHANGED pluggedType: 0
04-09 15:47:16.091: D/DeviceManagerBroadcastReceiver(1181): Updated Battery Level: 100
04-09 15:47:16.091: D/DeviceManagerBroadcastReceiver(1181): Action: android.intent.action.BATTERY_CHANGED
04-09 15:47:16.091: D/DeviceManagerBroadcastReceiver(1181): Set Alarm: false
04-09 15:47:16.120: D/WifiService(961): ACTION_BATTERY_CHANGED pluggedType: 0
04-09 15:47:34.973: D/dalvikvm(1188): GC_EXPLICIT freed 7 objects / 280 bytes in 75ms
04-09 15:47:36.890: I/power(961): *** set_screen_state 0
04-09 15:47:36.901: E/SurfaceFlinger(961): About to give-up screen, flinger = 0x12c8d8
04-09 15:47:36.901: E/SurfaceFlinger(961): Waiting on mBarrier...
04-09 15:47:36.901: E/SurfaceFlinger(961): Woke up!
04-09 15:47:36.944: D/WifiService(961): ACTION_SCREEN_OFF
04-09 15:47:36.968: D/WifiService(961): setting ACTION_DEVICE_IDLE timer for 900000ms
04-09 15:47:36.995: D/DeviceManagerBroadcastReceiver(1181): action (android.intent.action.SCREEN_OFF)
04-09 15:47:36.995: D/DeviceManagerService(1181): acquireWakelock(): Already have a partial wake lock object!
04-09 15:47:36.999: D/DeviceManagerService(1181): acquireWakelock(): Acquired partial wake lock!
04-09 15:47:36.999: D/DeviceManagerService(1181): acquireWifiWakelock(): Already have a WIFI wake lock object!
04-09 15:47:37.003: D/WifiService(961): acquireWifiLockLocked: WifiLock{DeviceManagerService type=1 binder=android.os.BinderProxy@4a352d98}
04-09 15:47:37.007: D/DeviceManagerService(1181): acquireWifiWakelock(): Acquired WIFI wake lock!
04-09 15:47:37.007: D/DeviceManagerBroadcastReceiver(1181): Screen Off Action: battery level: 100
04-09 15:47:37.009: D/DeviceManagerProvider(1181): query(): uri (content://com.bn.provider.devicemanagerprovider/registry?notify=false)
04-09 15:47:37.009: D/DeviceManagerProvider(1181): query(): selection (name = 'com.bn.device.system.serial_number')
04-09 15:47:37.009: D/DeviceManagerProvider(1181): query(): selectionArgs (null)
04-09 15:47:37.009: D/DeviceManagerProvider(1181): query(): Product.BN_FEATURE_ROM_TOKENS_ENABLED (true)
04-09 15:47:37.009: D/DeviceManagerProvider(1181): query(): Table (registry)
04-09 15:47:37.009: D/DeviceManagerProvider(1181): Query from ROM Token!
04-09 15:47:37.009: D/DeviceManagerProvider(1181): query(): selection has com.bn.device.system
04-09 15:47:37.009: D/DeviceManagerProvider(1181): query(): name after(com.bn.device.system.serial_number)
04-09 15:47:37.009: D/DeviceManagerProvider(1181): deviceInfoQuery: uri (content://com.bn.provider.devicemanagerprovider/registry?notify=false)
04-09 15:47:37.009: D/DeviceManagerProvider(1181): deviceInfoQuery: name (com.bn.device.system.serial_number)
04-09 15:47:37.009: D/DeviceManagerProvider(1181): deviceInfoQuery: return true
04-09 15:47:37.009: E/DeviceInfo(1181): Calling deviceinfo.getDeviceId
04-09 15:47:37.015: D/DeviceManagerProvider(1181): queryDeviceInfo: value (2013420028302007)
04-09 15:47:37.016: D/DeviceManagerProvider(1181): queryDeviceInfo: Projection size: 1
04-09 15:47:37.016: D/DeviceManagerProvider(1181): queryDeviceInfo: Return value[0]: 2013420028302007
04-09 15:47:37.026: D/DeviceManagerProvider(1181): query(): uri (content://com.bn.provider.devicemanagerprovider/registry?notify=false)
04-09 15:47:37.028: D/DeviceManagerProvider(1181): query(): selection (name = 'com.bn.device.system.build_tag')
04-09 15:47:37.028: D/DeviceManagerProvider(1181): query(): selectionArgs (null)
04-09 15:47:37.028: D/DeviceManagerProvider(1181): query(): Product.BN_FEATURE_ROM_TOKENS_ENABLED (true)
04-09 15:47:37.028: D/DeviceManagerProvider(1181): query(): Table (registry)
04-09 15:47:37.030: D/DeviceManagerProvider(1181): Query from ROM Token!
04-09 15:47:37.030: D/DeviceManagerProvider(1181): query(): selection has com.bn.device.system
04-09 15:47:37.032: D/DeviceManagerProvider(1181): query(): name after(com.bn.device.system.build_tag)
04-09 15:47:37.034: D/DeviceManagerProvider(1181): deviceInfoQuery: uri (content://com.bn.provider.devicemanagerprovider/registry?notify=false)
04-09 15:47:37.034: D/DeviceManagerProvider(1181): deviceInfoQuery: name (com.bn.device.system.build_tag)
04-09 15:47:37.034: D/DeviceManagerProvider(1181): deviceInfoQuery: return false
04-09 15:47:37.044: D/Utils(1181): getRegistryValue(): Name = com.bn.device.system.build_tag Value: 1.4.2.631.int.enc.rrdp.s55096
04-09 15:47:37.050: D/DeviceManagerProvider(1181): query(): uri (content://com.bn.provider.devicemanagerprovider/registry?notify=false)
04-09 15:47:37.050: D/DeviceManagerProvider(1181): query(): selection (name = 'com.bn.device.system.model')
04-09 15:47:37.050: D/DeviceManagerProvider(1181): query(): selectionArgs (null)
04-09 15:47:37.052: D/DeviceManagerProvider(1181): query(): Product.BN_FEATURE_ROM_TOKENS_ENABLED (true)
04-09 15:47:37.052: D/DeviceManagerProvider(1181): query(): Table (registry)
04-09 15:47:37.054: D/DeviceManagerProvider(1181): Query from ROM Token!
04-09 15:47:37.054: D/DeviceManagerProvider(1181): query(): selection has com.bn.device.system
04-09 15:47:37.054: D/DeviceManagerProvider(1181): query(): name after(com.bn.device.system.model)
04-09 15:47:37.056: D/DeviceManagerProvider(1181): deviceInfoQuery: uri (content://com.bn.provider.devicemanagerprovider/registry?notify=false)
04-09 15:47:37.057: D/DeviceManagerProvider(1181): deviceInfoQuery: name (com.bn.device.system.model)
04-09 15:47:37.057: D/DeviceManagerProvider(1181): deviceInfoQuery: return true
04-09 15:47:37.059: D/DeviceManagerProvider(1181): queryDeviceInfo: value (BNRV200)
04-09 15:47:37.061: D/DeviceManagerProvider(1181): queryDeviceInfo: Projection size: 1
04-09 15:47:37.061: D/DeviceManagerProvider(1181): queryDeviceInfo: Return value[0]: BNRV200
04-09 15:47:37.061: D/Utils(1181): getRegistryValue(): Name = com.bn.device.system.model Value: BNRV200
04-09 15:47:37.067: D/DeviceManagerBroadcastReceiver(1181): Sending Message... ({ what=102 when=0 })
04-09 15:47:37.067: D/DeviceManagerProvider(1181): query(): uri (content://com.bn.provider.devicemanagerprovider/registry?notify=false)
04-09 15:47:37.069: D/DeviceManagerBroadcastReceiver(1181): Action: android.intent.action.SCREEN_OFF
